{"id":998,"date":"2021-07-13T11:42:09","date_gmt":"2021-07-13T11:42:09","guid":{"rendered":"https:\/\/ecologa-europe.com\/industries\/?page_id=998"},"modified":"2021-08-04T11:23:27","modified_gmt":"2021-08-04T11:23:27","slug":"europaeische-union","status":"publish","type":"page","link":"https:\/\/ecologa-europe.com\/industries\/europaeische-union\/","title":{"rendered":"Europ\u00e4ische Union"},"content":{"rendered":"\t\t<div data-elementor-type=\"wp-page\" data-elementor-id=\"998\" class=\"elementor elementor-998\" data-elementor-post-type=\"page\">\n\t\t\t\t\t\t<section class=\"elementor-section elementor-top-section elementor-element elementor-element-a919c85 elementor-section-height-min-height elementor-section-boxed elementor-section-height-default elementor-section-items-middle\" data-id=\"a919c85\" data-element_type=\"section\" data-settings=\"{&quot;jet_parallax_layout_list&quot;:[{&quot;jet_parallax_layout_image&quot;:{&quot;url&quot;:&quot;&quot;,&quot;id&quot;:&quot;&quot;,&quot;size&quot;:&quot;&quot;},&quot;_id&quot;:&quot;5eb3b9b&quot;,&quot;jet_parallax_layout_image_tablet&quot;:{&quot;url&quot;:&quot;&quot;,&quot;id&quot;:&quot;&quot;,&quot;size&quot;:&quot;&quot;},&quot;jet_parallax_layout_image_mobile&quot;:{&quot;url&quot;:&quot;&quot;,&quot;id&quot;:&quot;&quot;,&quot;size&quot;:&quot;&quot;},&quot;jet_parallax_layout_speed&quot;:{&quot;unit&quot;:&quot;%&quot;,&quot;size&quot;:50,&quot;sizes&quot;:[]},&quot;jet_parallax_layout_type&quot;:&quot;scroll&quot;,&quot;jet_parallax_layout_direction&quot;:null,&quot;jet_parallax_layout_fx_direction&quot;:null,&quot;jet_parallax_layout_z_index&quot;:&quot;&quot;,&quot;jet_parallax_layout_bg_x&quot;:50,&quot;jet_parallax_layout_bg_x_tablet&quot;:&quot;&quot;,&quot;jet_parallax_layout_bg_x_mobile&quot;:&quot;&quot;,&quot;jet_parallax_layout_bg_y&quot;:50,&quot;jet_parallax_layout_bg_y_tablet&quot;:&quot;&quot;,&quot;jet_parallax_layout_bg_y_mobile&quot;:&quot;&quot;,&quot;jet_parallax_layout_bg_size&quot;:&quot;auto&quot;,&quot;jet_parallax_layout_bg_size_tablet&quot;:&quot;&quot;,&quot;jet_parallax_layout_bg_size_mobile&quot;:&quot;&quot;,&quot;jet_parallax_layout_animation_prop&quot;:&quot;transform&quot;,&quot;jet_parallax_layout_on&quot;:[&quot;desktop&quot;,&quot;tablet&quot;]}],&quot;background_background&quot;:&quot;classic&quot;,&quot;background_motion_fx_motion_fx_scrolling&quot;:&quot;yes&quot;,&quot;background_motion_fx_translateY_effect&quot;:&quot;yes&quot;,&quot;background_motion_fx_translateY_direction&quot;:&quot;negative&quot;,&quot;background_motion_fx_translateY_speed&quot;:{&quot;unit&quot;:&quot;px&quot;,&quot;size&quot;:4,&quot;sizes&quot;:[]},&quot;background_motion_fx_translateY_affectedRange&quot;:{&quot;unit&quot;:&quot;%&quot;,&quot;size&quot;:&quot;&quot;,&quot;sizes&quot;:{&quot;start&quot;:0,&quot;end&quot;:100}},&quot;background_motion_fx_devices&quot;:[&quot;desktop&quot;,&quot;tablet&quot;,&quot;mobile&quot;]}\">\n\t\t\t\t\t\t\t<div class=\"elementor-background-overlay\"><\/div>\n\t\t\t\t\t\t\t<div class=\"elementor-container elementor-column-gap-default\">\n\t\t\t\t\t<div class=\"elementor-column elementor-col-100 elementor-top-column elementor-element elementor-element-d43cdde\" data-id=\"d43cdde\" data-element_type=\"column\">\n\t\t\t<div class=\"elementor-widget-wrap elementor-element-populated\">\n\t\t\t\t\t\t<div class=\"elementor-element elementor-element-91e569d elementor-widget elementor-widget-image\" data-id=\"91e569d\" data-element_type=\"widget\" data-widget_type=\"image.default\">\n\t\t\t\t<div class=\"elementor-widget-container\">\n\t\t\t\t\t\t\t\t\t\t\t\t\t\t\t<img decoding=\"async\" width=\"88\" height=\"103\" src=\"https:\/\/ecologa-europe.com\/industries\/wp-content\/uploads\/2021\/07\/EU.png\" class=\"attachment-large size-large wp-image-1004\" alt=\"\" \/>\t\t\t\t\t\t\t\t\t\t\t\t\t\t\t<\/div>\n\t\t\t\t<\/div>\n\t\t\t\t<div class=\"elementor-element elementor-element-4b41981 elementor-widget elementor-widget-heading\" data-id=\"4b41981\" data-element_type=\"widget\" data-widget_type=\"heading.default\">\n\t\t\t\t<div class=\"elementor-widget-container\">\n\t\t\t\t\t<h1 class=\"elementor-heading-title elementor-size-default\">Europ\u00e4ische Union<\/h1>\t\t\t\t<\/div>\n\t\t\t\t<\/div>\n\t\t\t\t\t<\/div>\n\t\t<\/div>\n\t\t\t\t\t<\/div>\n\t\t<\/section>\n\t\t\t\t<section class=\"elementor-section elementor-top-section elementor-element elementor-element-d337d62 elementor-section-boxed elementor-section-height-default elementor-section-height-default\" data-id=\"d337d62\" data-element_type=\"section\" data-settings=\"{&quot;jet_parallax_layout_list&quot;:[{&quot;jet_parallax_layout_image&quot;:{&quot;url&quot;:&quot;&quot;,&quot;id&quot;:&quot;&quot;,&quot;size&quot;:&quot;&quot;},&quot;_id&quot;:&quot;15787c2&quot;,&quot;jet_parallax_layout_image_tablet&quot;:{&quot;url&quot;:&quot;&quot;,&quot;id&quot;:&quot;&quot;,&quot;size&quot;:&quot;&quot;},&quot;jet_parallax_layout_image_mobile&quot;:{&quot;url&quot;:&quot;&quot;,&quot;id&quot;:&quot;&quot;,&quot;size&quot;:&quot;&quot;},&quot;jet_parallax_layout_speed&quot;:{&quot;unit&quot;:&quot;%&quot;,&quot;size&quot;:50,&quot;sizes&quot;:[]},&quot;jet_parallax_layout_type&quot;:&quot;scroll&quot;,&quot;jet_parallax_layout_direction&quot;:null,&quot;jet_parallax_layout_fx_direction&quot;:null,&quot;jet_parallax_layout_z_index&quot;:&quot;&quot;,&quot;jet_parallax_layout_bg_x&quot;:50,&quot;jet_parallax_layout_bg_x_tablet&quot;:&quot;&quot;,&quot;jet_parallax_layout_bg_x_mobile&quot;:&quot;&quot;,&quot;jet_parallax_layout_bg_y&quot;:50,&quot;jet_parallax_layout_bg_y_tablet&quot;:&quot;&quot;,&quot;jet_parallax_layout_bg_y_mobile&quot;:&quot;&quot;,&quot;jet_parallax_layout_bg_size&quot;:&quot;auto&quot;,&quot;jet_parallax_layout_bg_size_tablet&quot;:&quot;&quot;,&quot;jet_parallax_layout_bg_size_mobile&quot;:&quot;&quot;,&quot;jet_parallax_layout_animation_prop&quot;:&quot;transform&quot;,&quot;jet_parallax_layout_on&quot;:[&quot;desktop&quot;,&quot;tablet&quot;]}]}\">\n\t\t\t\t\t\t<div class=\"elementor-container elementor-column-gap-default\">\n\t\t\t\t\t<div class=\"elementor-column elementor-col-100 elementor-top-column elementor-element elementor-element-eb6cd96\" data-id=\"eb6cd96\" data-element_type=\"column\">\n\t\t\t<div class=\"elementor-widget-wrap elementor-element-populated\">\n\t\t\t\t\t\t<div class=\"elementor-element elementor-element-048a127 elementor-widget elementor-widget-heading\" data-id=\"048a127\" data-element_type=\"widget\" data-widget_type=\"heading.default\">\n\t\t\t\t<div class=\"elementor-widget-container\">\n\t\t\t\t\t<h2 class=\"elementor-heading-title elementor-size-default\">Europ\u00e4ischer Fonds f\u00fcr regionale Entwicklung<\/h2>\t\t\t\t<\/div>\n\t\t\t\t<\/div>\n\t\t\t\t<div class=\"elementor-element elementor-element-57f3ed1 elementor-widget elementor-widget-heading\" data-id=\"57f3ed1\" data-element_type=\"widget\" data-widget_type=\"heading.default\">\n\t\t\t\t<div class=\"elementor-widget-container\">\n\t\t\t\t\t<h2 class=\"elementor-heading-title elementor-size-default\">Erschlie\u00dfung des japanischen Marktes<\/h2>\t\t\t\t<\/div>\n\t\t\t\t<\/div>\n\t\t\t\t<div class=\"elementor-element elementor-element-07b46f2 elementor-widget elementor-widget-image\" data-id=\"07b46f2\" data-element_type=\"widget\" data-widget_type=\"image.default\">\n\t\t\t\t<div class=\"elementor-widget-container\">\n\t\t\t\t\t\t\t\t\t\t\t\t\t\t\t<img fetchpriority=\"high\" decoding=\"async\" width=\"1024\" height=\"971\" src=\"https:\/\/ecologa-europe.com\/industries\/wp-content\/uploads\/2021\/08\/karte-japan-1024x971.png\" class=\"attachment-large size-large wp-image-1012\" alt=\"\" srcset=\"https:\/\/ecologa-europe.com\/industries\/wp-content\/uploads\/2021\/08\/karte-japan-1024x971.png 1024w, https:\/\/ecologa-europe.com\/industries\/wp-content\/uploads\/2021\/08\/karte-japan-300x284.png 300w, https:\/\/ecologa-europe.com\/industries\/wp-content\/uploads\/2021\/08\/karte-japan-768x728.png 768w, https:\/\/ecologa-europe.com\/industries\/wp-content\/uploads\/2021\/08\/karte-japan.png 1387w\" sizes=\"(max-width: 1024px) 100vw, 1024px\" \/>\t\t\t\t\t\t\t\t\t\t\t\t\t\t\t<\/div>\n\t\t\t\t<\/div>\n\t\t\t\t<div class=\"elementor-element elementor-element-987eba5 elementor-widget elementor-widget-text-editor\" data-id=\"987eba5\" data-element_type=\"widget\" data-widget_type=\"text-editor.default\">\n\t\t\t\t<div class=\"elementor-widget-container\">\n\t\t\t\t\t\t\t\t\t<p>Mit Hilfe der AHK Japan sollen geeignete Partnerunternehmen in Japan im Bereich der Abschirmung gegen Elektrosmog gefunden werden. Diese Vertriebspartnervermittlung soll helfen, den japanischen Markt zu erschlie\u00dfen und wird finanziell aus dem EFRE unterst\u00fctzt.<\/p>\t\t\t\t\t\t\t\t<\/div>\n\t\t\t\t<\/div>\n\t\t\t\t\t<\/div>\n\t\t<\/div>\n\t\t\t\t\t<\/div>\n\t\t<\/section>\n\t\t\t\t<\/div>\n\t\t","protected":false},"excerpt":{"rendered":"<p>Europ\u00e4ische Union Europ\u00e4ischer Fonds f\u00fcr regionale Entwicklung Erschlie\u00dfung des japanischen Marktes Mit Hilfe der AHK Japan sollen geeignete Partnerunternehmen in Japan im Bereich der Abschirmung gegen Elektrosmog gefunden werden. Diese Vertriebspartnervermittlung soll helfen, den japanischen Markt zu erschlie\u00dfen und wird finanziell aus dem EFRE unterst\u00fctzt.<\/p>\n","protected":false},"author":2,"featured_media":0,"parent":0,"menu_order":0,"comment_status":"closed","ping_status":"closed","template":"","meta":{"footnotes":""},"class_list":["post-998","page","type-page","status-publish","hentry"],"yoast_head":"<!-- This site is optimized with the Yoast SEO plugin v24.4 - https:\/\/yoast.com\/wordpress\/plugins\/seo\/ -->\n<title>Europ\u00e4ische Union - Ecologa Industries<\/title>\n<meta name=\"robots\" content=\"index, follow, max-snippet:-1, max-image-preview:large, max-video-preview:-1\" \/>\n<link rel=\"canonical\" href=\"https:\/\/ecologa-europe.com\/industries\/europaeische-union\/\" \/>\n<meta property=\"og:locale\" content=\"de_DE\" \/>\n<meta property=\"og:type\" content=\"article\" \/>\n<meta property=\"og:title\" content=\"Europ\u00e4ische Union - Ecologa Industries\" \/>\n<meta property=\"og:description\" content=\"Europ\u00e4ische Union Europ\u00e4ischer Fonds f\u00fcr regionale Entwicklung Erschlie\u00dfung des japanischen Marktes Mit Hilfe der AHK Japan sollen geeignete Partnerunternehmen in Japan im Bereich der Abschirmung gegen Elektrosmog gefunden werden. Diese Vertriebspartnervermittlung soll helfen, den japanischen Markt zu erschlie\u00dfen und wird finanziell aus dem EFRE unterst\u00fctzt.\" \/>\n<meta property=\"og:url\" content=\"https:\/\/ecologa-europe.com\/industries\/europaeische-union\/\" \/>\n<meta property=\"og:site_name\" content=\"Ecologa Industries\" \/>\n<meta property=\"article:modified_time\" content=\"2021-08-04T11:23:27+00:00\" \/>\n<meta property=\"og:image\" content=\"https:\/\/ecologa-europe.com\/industries\/wp-content\/uploads\/2021\/07\/EU.png\" \/>\n<meta name=\"twitter:card\" content=\"summary_large_image\" \/>\n<meta name=\"twitter:label1\" content=\"Gesch\u00e4tzte Lesezeit\" \/>\n\t<meta name=\"twitter:data1\" content=\"1\u00a0Minute\" \/>\n<script type=\"application\/ld+json\" class=\"yoast-schema-graph\">{\"@context\":\"https:\/\/schema.org\",\"@graph\":[{\"@type\":\"WebPage\",\"@id\":\"https:\/\/ecologa-europe.com\/industries\/europaeische-union\/\",\"url\":\"https:\/\/ecologa-europe.com\/industries\/europaeische-union\/\",\"name\":\"Europ\u00e4ische Union - Ecologa Industries\",\"isPartOf\":{\"@id\":\"https:\/\/ecologa-europe.com\/industries\/#website\"},\"primaryImageOfPage\":{\"@id\":\"https:\/\/ecologa-europe.com\/industries\/europaeische-union\/#primaryimage\"},\"image\":{\"@id\":\"https:\/\/ecologa-europe.com\/industries\/europaeische-union\/#primaryimage\"},\"thumbnailUrl\":\"https:\/\/ecologa-europe.com\/industries\/wp-content\/uploads\/2021\/07\/EU.png\",\"datePublished\":\"2021-07-13T11:42:09+00:00\",\"dateModified\":\"2021-08-04T11:23:27+00:00\",\"breadcrumb\":{\"@id\":\"https:\/\/ecologa-europe.com\/industries\/europaeische-union\/#breadcrumb\"},\"inLanguage\":\"de\",\"potentialAction\":[{\"@type\":\"ReadAction\",\"target\":[\"https:\/\/ecologa-europe.com\/industries\/europaeische-union\/\"]}]},{\"@type\":\"ImageObject\",\"inLanguage\":\"de\",\"@id\":\"https:\/\/ecologa-europe.com\/industries\/europaeische-union\/#primaryimage\",\"url\":\"https:\/\/ecologa-europe.com\/industries\/wp-content\/uploads\/2021\/07\/EU.png\",\"contentUrl\":\"https:\/\/ecologa-europe.com\/industries\/wp-content\/uploads\/2021\/07\/EU.png\",\"width\":88,\"height\":103},{\"@type\":\"BreadcrumbList\",\"@id\":\"https:\/\/ecologa-europe.com\/industries\/europaeische-union\/#breadcrumb\",\"itemListElement\":[{\"@type\":\"ListItem\",\"position\":1,\"name\":\"Home\",\"item\":\"https:\/\/ecologa-europe.com\/industries\/\"},{\"@type\":\"ListItem\",\"position\":2,\"name\":\"Europ\u00e4ische Union\"}]},{\"@type\":\"WebSite\",\"@id\":\"https:\/\/ecologa-europe.com\/industries\/#website\",\"url\":\"https:\/\/ecologa-europe.com\/industries\/\",\"name\":\"Ecologa Industries\",\"description\":\"\",\"publisher\":{\"@id\":\"https:\/\/ecologa-europe.com\/industries\/#organization\"},\"potentialAction\":[{\"@type\":\"SearchAction\",\"target\":{\"@type\":\"EntryPoint\",\"urlTemplate\":\"https:\/\/ecologa-europe.com\/industries\/?s={search_term_string}\"},\"query-input\":{\"@type\":\"PropertyValueSpecification\",\"valueRequired\":true,\"valueName\":\"search_term_string\"}}],\"inLanguage\":\"de\"},{\"@type\":\"Organization\",\"@id\":\"https:\/\/ecologa-europe.com\/industries\/#organization\",\"name\":\"Ecologa Industries\",\"url\":\"https:\/\/ecologa-europe.com\/industries\/\",\"logo\":{\"@type\":\"ImageObject\",\"inLanguage\":\"de\",\"@id\":\"https:\/\/ecologa-europe.com\/industries\/#\/schema\/logo\/image\/\",\"url\":\"https:\/\/ecologa-europe.com\/industries\/wp-content\/uploads\/2020\/07\/cropped-Logo-.png\",\"contentUrl\":\"https:\/\/ecologa-europe.com\/industries\/wp-content\/uploads\/2020\/07\/cropped-Logo-.png\",\"width\":284,\"height\":112,\"caption\":\"Ecologa Industries\"},\"image\":{\"@id\":\"https:\/\/ecologa-europe.com\/industries\/#\/schema\/logo\/image\/\"}}]}<\/script>\n<!-- \/ Yoast SEO plugin. -->","yoast_head_json":{"title":"Europ\u00e4ische Union - Ecologa Industries","robots":{"index":"index","follow":"follow","max-snippet":"max-snippet:-1","max-image-preview":"max-image-preview:large","max-video-preview":"max-video-preview:-1"},"canonical":"https:\/\/ecologa-europe.com\/industries\/europaeische-union\/","og_locale":"de_DE","og_type":"article","og_title":"Europ\u00e4ische Union - Ecologa Industries","og_description":"Europ\u00e4ische Union Europ\u00e4ischer Fonds f\u00fcr regionale Entwicklung Erschlie\u00dfung des japanischen Marktes Mit Hilfe der AHK Japan sollen geeignete Partnerunternehmen in Japan im Bereich der Abschirmung gegen Elektrosmog gefunden werden. Diese Vertriebspartnervermittlung soll helfen, den japanischen Markt zu erschlie\u00dfen und wird finanziell aus dem EFRE unterst\u00fctzt.","og_url":"https:\/\/ecologa-europe.com\/industries\/europaeische-union\/","og_site_name":"Ecologa Industries","article_modified_time":"2021-08-04T11:23:27+00:00","og_image":[{"url":"https:\/\/ecologa-europe.com\/industries\/wp-content\/uploads\/2021\/07\/EU.png","type":"","width":"","height":""}],"twitter_card":"summary_large_image","twitter_misc":{"Gesch\u00e4tzte Lesezeit":"1\u00a0Minute"},"schema":{"@context":"https:\/\/schema.org","@graph":[{"@type":"WebPage","@id":"https:\/\/ecologa-europe.com\/industries\/europaeische-union\/","url":"https:\/\/ecologa-europe.com\/industries\/europaeische-union\/","name":"Europ\u00e4ische Union - Ecologa Industries","isPartOf":{"@id":"https:\/\/ecologa-europe.com\/industries\/#website"},"primaryImageOfPage":{"@id":"https:\/\/ecologa-europe.com\/industries\/europaeische-union\/#primaryimage"},"image":{"@id":"https:\/\/ecologa-europe.com\/industries\/europaeische-union\/#primaryimage"},"thumbnailUrl":"https:\/\/ecologa-europe.com\/industries\/wp-content\/uploads\/2021\/07\/EU.png","datePublished":"2021-07-13T11:42:09+00:00","dateModified":"2021-08-04T11:23:27+00:00","breadcrumb":{"@id":"https:\/\/ecologa-europe.com\/industries\/europaeische-union\/#breadcrumb"},"inLanguage":"de","potentialAction":[{"@type":"ReadAction","target":["https:\/\/ecologa-europe.com\/industries\/europaeische-union\/"]}]},{"@type":"ImageObject","inLanguage":"de","@id":"https:\/\/ecologa-europe.com\/industries\/europaeische-union\/#primaryimage","url":"https:\/\/ecologa-europe.com\/industries\/wp-content\/uploads\/2021\/07\/EU.png","contentUrl":"https:\/\/ecologa-europe.com\/industries\/wp-content\/uploads\/2021\/07\/EU.png","width":88,"height":103},{"@type":"BreadcrumbList","@id":"https:\/\/ecologa-europe.com\/industries\/europaeische-union\/#breadcrumb","itemListElement":[{"@type":"ListItem","position":1,"name":"Home","item":"https:\/\/ecologa-europe.com\/industries\/"},{"@type":"ListItem","position":2,"name":"Europ\u00e4ische Union"}]},{"@type":"WebSite","@id":"https:\/\/ecologa-europe.com\/industries\/#website","url":"https:\/\/ecologa-europe.com\/industries\/","name":"Ecologa Industries","description":"","publisher":{"@id":"https:\/\/ecologa-europe.com\/industries\/#organization"},"potentialAction":[{"@type":"SearchAction","target":{"@type":"EntryPoint","urlTemplate":"https:\/\/ecologa-europe.com\/industries\/?s={search_term_string}"},"query-input":{"@type":"PropertyValueSpecification","valueRequired":true,"valueName":"search_term_string"}}],"inLanguage":"de"},{"@type":"Organization","@id":"https:\/\/ecologa-europe.com\/industries\/#organization","name":"Ecologa Industries","url":"https:\/\/ecologa-europe.com\/industries\/","logo":{"@type":"ImageObject","inLanguage":"de","@id":"https:\/\/ecologa-europe.com\/industries\/#\/schema\/logo\/image\/","url":"https:\/\/ecologa-europe.com\/industries\/wp-content\/uploads\/2020\/07\/cropped-Logo-.png","contentUrl":"https:\/\/ecologa-europe.com\/industries\/wp-content\/uploads\/2020\/07\/cropped-Logo-.png","width":284,"height":112,"caption":"Ecologa Industries"},"image":{"@id":"https:\/\/ecologa-europe.com\/industries\/#\/schema\/logo\/image\/"}}]}},"_links":{"self":[{"href":"https:\/\/ecologa-europe.com\/industries\/wp-json\/wp\/v2\/pages\/998"}],"collection":[{"href":"https:\/\/ecologa-europe.com\/industries\/wp-json\/wp\/v2\/pages"}],"about":[{"href":"https:\/\/ecologa-europe.com\/industries\/wp-json\/wp\/v2\/types\/page"}],"author":[{"embeddable":true,"href":"https:\/\/ecologa-europe.com\/industries\/wp-json\/wp\/v2\/users\/2"}],"replies":[{"embeddable":true,"href":"https:\/\/ecologa-europe.com\/industries\/wp-json\/wp\/v2\/comments?post=998"}],"version-history":[{"count":16,"href":"https:\/\/ecologa-europe.com\/industries\/wp-json\/wp\/v2\/pages\/998\/revisions"}],"predecessor-version":[{"id":1023,"href":"https:\/\/ecologa-europe.com\/industries\/wp-json\/wp\/v2\/pages\/998\/revisions\/1023"}],"wp:attachment":[{"href":"https:\/\/ecologa-europe.com\/industries\/wp-json\/wp\/v2\/media?parent=998"}],"curies":[{"name":"wp","href":"https:\/\/api.w.org\/{rel}","templated":true}]}}