{"id":6388,"date":"2025-05-05T13:20:54","date_gmt":"2025-05-05T13:20:54","guid":{"rendered":"https:\/\/639.pm-domains.de\/imprimer\/"},"modified":"2025-05-19T09:03:03","modified_gmt":"2025-05-19T09:03:03","slug":"imprimer","status":"publish","type":"page","link":"https:\/\/ecologa-europe.com\/shop\/imprimer\/?lang=fr","title":{"rendered":"Imprimer"},"content":{"rendered":"\t\t<div data-elementor-type=\"wp-page\" data-elementor-id=\"6388\" class=\"elementor elementor-6388 elementor-5451\" data-elementor-post-type=\"page\">\n\t\t\t\t<div class=\"elementor-element elementor-element-9d6cdae e-flex e-con-boxed e-con e-parent\" data-id=\"9d6cdae\" data-element_type=\"container\" data-e-type=\"container\" data-settings=\"{&quot;jet_parallax_layout_list&quot;:[]}\">\n\t\t\t\t\t<div class=\"e-con-inner\">\n\t\t<div class=\"elementor-element elementor-element-42fdcf9 e-con-full e-flex e-con e-child\" data-id=\"42fdcf9\" data-element_type=\"container\" data-e-type=\"container\" data-settings=\"{&quot;jet_parallax_layout_list&quot;:[]}\">\n\t\t\t\t<div class=\"elementor-element elementor-element-71069506 elementor-widget elementor-widget-heading\" data-id=\"71069506\" data-element_type=\"widget\" data-e-type=\"widget\" data-widget_type=\"heading.default\">\n\t\t\t\t<div class=\"elementor-widget-container\">\n\t\t\t\t\t<h1 class=\"elementor-heading-title elementor-size-default\">Imprimer<\/h1>\t\t\t\t<\/div>\n\t\t\t\t<\/div>\n\t\t\t\t<div class=\"elementor-element elementor-element-6fac4982 elementor-widget elementor-widget-heading\" data-id=\"6fac4982\" data-element_type=\"widget\" data-e-type=\"widget\" data-widget_type=\"heading.default\">\n\t\t\t\t<div class=\"elementor-widget-container\">\n\t\t\t\t\t<h2 class=\"elementor-heading-title elementor-size-default\">Ecologa Europe GmbH \/ Patricia B\u00f6s<\/h2>\t\t\t\t<\/div>\n\t\t\t\t<\/div>\n\t\t\t\t<div class=\"elementor-element elementor-element-15210fec elementor-widget elementor-widget-text-editor\" data-id=\"15210fec\" data-element_type=\"widget\" data-e-type=\"widget\" data-widget_type=\"text-editor.default\">\n\t\t\t\t<div class=\"elementor-widget-container\">\n\t\t\t\t\t\t\t\t\t<p class=\"PreformattedText\"><span lang=\"EN-US\">Ziegelh\u00fcttenstr. 11<br><\/span><span lang=\"EN-US\">63768 H\u00f6sbach<br><\/span><span lang=\"EN-US\">Allmagne<\/span><\/p><p class=\"PreformattedText\"><span lang=\"EN-US\"> <\/span><span lang=\"EN-US\">Tel: <a href=\"phoneto:004960215830120\">06021\/5830120<\/a><\/span><\/p><p class=\"PreformattedText\"><span lang=\"EN-US\"> <\/span><span lang=\"EN-US\">E-Mail: <a href=\"mailto:info@ecologa-europe.com\">info@ecologa-europe.com<\/a><\/span><\/p><p class=\"PreformattedText\"><span lang=\"EN-US\"><strong>Directeur g\u00e9n\u00e9ral:<\/strong> Patricia B\u00f6s<\/span><\/p><p class=\"PreformattedText\"><span lang=\"EN-US\"><strong>Tribunal d&#8217;enregistrement<\/strong>: Tribunal de district d&#8217;Aschaffenburg<\/span><\/p><p class=\"PreformattedText\"><span lang=\"EN-US\">Num\u00e9ro de registre: HRB 11488<\/span><\/p><p class=\"PreformattedText\"><span lang=\"EN-US\"><strong>Num\u00e9ro d&#8217;identification TVA selon \u00a7 27a de la loi sur la taxe de vente<\/strong>: DE815258483<\/span><\/p><p class=\"PreformattedText\"><span lang=\"EN-US\"><strong>Plateforme de la Commission europ\u00e9enne pour le r\u00e8glement des litiges en ligne:<\/strong> https:\/\/ec.europa.eu\/consumers\/odr<\/span><br><span lang=\"EN-US\">Nous ne sommes ni oblig\u00e9s ni dispos\u00e9s \u00e0 participer \u00e0 une proc\u00e9dure de r\u00e8glement des litiges devant un conseil d&#8217;arbitrage des consommateurs.<\/span><\/p><p class=\"PreformattedText\"><span lang=\"EN-US\"><strong>Emballage d&#8217;enregistrement LUCID<\/strong><\/span><br><span lang=\"EN-US\">Num\u00e9ro d&#8217;enregistrement DE4460881456251<\/span><\/p><p class=\"PreformattedText\"><span lang=\"EN-US\"><strong>Syst\u00e8me d&#8217;\u00e9limination double Zentek<\/strong><\/span><br><span lang=\"EN-US\">Contrat DSZ2.0-0012488 Emballage<\/span><\/p>\t\t\t\t\t\t\t\t<\/div>\n\t\t\t\t<\/div>\n\t\t\t\t<\/div>\n\t\t\t\t\t<\/div>\n\t\t\t\t<\/div>\n\t\t<div class=\"elementor-element elementor-element-120dde60 e-flex e-con-boxed e-con e-parent\" data-id=\"120dde60\" data-element_type=\"container\" data-e-type=\"container\" data-settings=\"{&quot;jet_parallax_layout_list&quot;:[]}\">\n\t\t\t\t\t<div class=\"e-con-inner\">\n\t\t\t\t<div class=\"elementor-element elementor-element-6041750 elementor-widget-divider--view-line_icon elementor-view-default elementor-widget-divider--element-align-center elementor-widget elementor-widget-divider\" data-id=\"6041750\" data-element_type=\"widget\" data-e-type=\"widget\" data-widget_type=\"divider.default\">\n\t\t\t\t<div class=\"elementor-widget-container\">\n\t\t\t\t\t\t\t<div class=\"elementor-divider\">\n\t\t\t<span class=\"elementor-divider-separator\">\n\t\t\t\t\t\t\t<div class=\"elementor-icon elementor-divider__element\">\n\t\t\t\t\t<svg aria-hidden=\"true\" class=\"e-font-icon-svg e-far-image\" viewBox=\"0 0 512 512\" xmlns=\"http:\/\/www.w3.org\/2000\/svg\"><path d=\"M464 64H48C21.49 64 0 85.49 0 112v288c0 26.51 21.49 48 48 48h416c26.51 0 48-21.49 48-48V112c0-26.51-21.49-48-48-48zm-6 336H54a6 6 0 0 1-6-6V118a6 6 0 0 1 6-6h404a6 6 0 0 1 6 6v276a6 6 0 0 1-6 6zM128 152c-22.091 0-40 17.909-40 40s17.909 40 40 40 40-17.909 40-40-17.909-40-40-40zM96 352h320v-80l-87.515-87.515c-4.686-4.686-12.284-4.686-16.971 0L192 304l-39.515-39.515c-4.686-4.686-12.284-4.686-16.971 0L96 304v48z\"><\/path><\/svg><\/div>\n\t\t\t\t\t\t<\/span>\n\t\t<\/div>\n\t\t\t\t\t\t<\/div>\n\t\t\t\t<\/div>\n\t\t\t\t<div class=\"elementor-element elementor-element-e78f512 elementor-widget elementor-widget-text-editor\" data-id=\"e78f512\" data-element_type=\"widget\" data-e-type=\"widget\" data-widget_type=\"text-editor.default\">\n\t\t\t\t<div class=\"elementor-widget-container\">\n\t\t\t\t\t\t\t\t\t<p>Cr\u00e9dit photo: runna10 <br>Stock-Photografie-ID:667536804<\/p><p>Cr\u00e9dit photo: NoSystem images <br>Stock-Photografie-ID:463307013<\/p><p>Cr\u00e9dit photo: KatarzynaBialasiewicz <br>Stock-Photografie-ID:901527276<\/p><p>Cr\u00e9dit photo: MosayMay <br>Stock-Photografie-ID:479878488<\/p><p>Cr\u00e9dit photo: ????? ??????? <br>Stock-Photografie-ID:1013470664<\/p><p>Cr\u00e9dit photo: Yana Korneevets-Vydrenkova <br>Stock-Photografie-ID:1207703568<\/p><p>Cr\u00e9dit photo: narcisa <br>Stock-Photografie-ID:182748731<\/p><p>Cr\u00e9dit photo: amtitus <br>Stock-Illustration-ID:1322234538<\/p><p>Cr\u00e9dit photo: frender <br>Stock-Photografie-ID:952726106<\/p><p>Cr\u00e9dit photo: ipopba <br>Stock-Photografie-ID:1274394138<\/p><p>Cr\u00e9dit photo: Scharfsinn86 <br>Stock-Photografie-ID:1270901360<\/p><p>Cr\u00e9dit photo: Chepko <br>Stock-Photografie-ID:657570574<\/p><p>Cr\u00e9dit photo: Vertigo3d <br>Stock-Photografie-ID:1143391541<\/p><p>Cr\u00e9dit photo: ipopba <br>Stock-Photografie-ID:905866028<\/p><p>Cr\u00e9dit photo: Cimmerian <br>Stock-Photografie-ID:1222063533<\/p><p>Cr\u00e9dit photo: koto_feja <br>Stock-Photografie-ID:1277228996<\/p><p>Cr\u00e9dit photo: enter89 <br>Stock-Photografie-ID:182367875<\/p><p>Cr\u00e9dit photo: in-future <br>Stock-Photografie-ID:501908892<\/p><p>Cr\u00e9dit photo: mouu007 <br>Stock-Photografie-ID:1141442923<\/p><p>Cr\u00e9dit photo: gerenme <br>Stock-Photografie-ID:869828934<\/p><p>Cr\u00e9dit photo: releon8211 <br>Stock-Photografie-ID:812254568<\/p><p>Cr\u00e9dit photo: mouu007 <br>Stock-Photografie-ID:1141442923<\/p><p>Cr\u00e9dit photo: Artjafara <br>Stock-Photografie-ID:1291649034<\/p><p>Cr\u00e9dit photo: Liliia Lytvyn <br>Stock-Photografie-ID:1352932645<\/p><p>Cr\u00e9dit photo: Brankospejs <br>Stock-Photografie-ID:1218791232<\/p><p>Cr\u00e9dit photo: onurdongel <br>Stock-Photografie-ID:1300135335<\/p><p>Cr\u00e9dit photo: terex <br>Stock-Photografie-ID:176840441<\/p><p>Cr\u00e9dit photo: Cecilie_Arcurs <br>Stock-Photografie-ID:1135957638<\/p><p>Cr\u00e9dit photo: peterschreiber.media <br>Stock-Photografie-ID:1283138008<\/p><p>Cr\u00e9dit photo: Fireofheart<br>Stock-Illustration-ID:1130569315<\/p><p>Cr\u00e9dit photo: Who_I_am<br>Stock-Illustration-ID:1147011196<\/p><p>Cr\u00e9dit photo: Momento Design<br>Stock-Illustration-ID:1129548885<\/p><p>Cr\u00e9dit photo: alexsl<br>Stock-Photografie-ID:1206842761<\/p><p>Cr\u00e9dit photo: gorodenkoff<br>Stock-Photografie-ID:1173740460<\/p><p>Cr\u00e9dit photo: FingerMedium<br>Stock-Illustration-ID:1166443697<\/p><p>Cr\u00e9dit photo: FingerMedium<br>Stock-Illustration-ID:846011640<\/p><p>Cr\u00e9dit photo: da-vooda<br>Stock-Illustration-ID:624496820<\/p><p>Cr\u00e9dit photo: DIPA <br>Stock-Photografie-ID:1287139914<\/p><p>Cr\u00e9dit photo: djiledesign <br>Stock-Photografie-ID:935659716<\/p><p>Cr\u00e9dit photo: grafikazpazurem <br>Stock-Illustration-ID:1169149558<\/p><p>Cr\u00e9dit photo: rambo182 <br>Stock-Illustration-ID:1178921461<\/p><p>Cr\u00e9dit photo: lechatnoir <br>Stock-Photografie-ID:1156153182<\/p><p>Cr\u00e9dit photo: Annandistock <br>Stock-Illustration-ID:1319844646<\/p><p>Cr\u00e9dit photo: MF3d <br>Stock-Photografie-ID:1160614772<\/p><p>Cr\u00e9dit photo: piranka <br>Stock-Photografie-ID:1287065728<\/p><p>Cr\u00e9dit photo: StationaryTraveller <br>Stock-Photografie-ID:805088558<\/p><p>Cr\u00e9dit photo: mustafa g\u00fcner <br>Stock-Photografie-ID:1155507272<\/p><p>Cr\u00e9dit photo: marchmeena29 <br>Stock-Photografie-ID:1160661180<\/p>\t\t\t\t\t\t\t\t<\/div>\n\t\t\t\t<\/div>\n\t\t\t\t\t<\/div>\n\t\t\t\t<\/div>\n\t\t\t\t<\/div>\n\t\t","protected":false},"excerpt":{"rendered":"<p>Imprimer Ecologa Europe GmbH \/ Patricia B\u00f6s Ziegelh\u00fcttenstr. 1163768 H\u00f6sbachAllmagne Tel: 06021\/5830120 E-Mail: info@ecologa-europe.com Directeur g\u00e9n\u00e9ral: Patricia B\u00f6s Tribunal d&#8217;enregistrement: [&hellip;]<\/p>\n","protected":false},"author":2,"featured_media":0,"parent":0,"menu_order":0,"comment_status":"closed","ping_status":"closed","template":"","meta":{"inline_featured_image":false,"site-sidebar-layout":"no-sidebar","site-content-layout":"","ast-site-content-layout":"full-width-container","site-content-style":"default","site-sidebar-style":"default","ast-global-header-display":"","ast-banner-title-visibility":"","ast-main-header-display":"","ast-hfb-above-header-display":"","ast-hfb-below-header-display":"","ast-hfb-mobile-header-display":"","site-post-title":"disabled","ast-breadcrumbs-content":"","ast-featured-img":"disabled","footer-sml-layout":"","ast-disable-related-posts":"","theme-transparent-header-meta":"","adv-header-id-meta":"","stick-header-meta":"","header-above-stick-meta":"","header-main-stick-meta":"","header-below-stick-meta":"","astra-migrate-meta-layouts":"default","ast-page-background-enabled":"default","ast-page-background-meta":{"desktop":{"background-color":"var(--ast-global-color-5)","background-image":"","background-repeat":"repeat","background-position":"center center","background-size":"auto","background-attachment":"scroll","background-type":"","background-media":"","overlay-type":"","overlay-color":"","overlay-opacity":"","overlay-gradient":""},"tablet":{"background-color":"","background-image":"","background-repeat":"repeat","background-position":"center center","background-size":"auto","background-attachment":"scroll","background-type":"","background-media":"","overlay-type":"","overlay-color":"","overlay-opacity":"","overlay-gradient":""},"mobile":{"background-color":"","background-image":"","background-repeat":"repeat","background-position":"center center","background-size":"auto","background-attachment":"scroll","background-type":"","background-media":"","overlay-type":"","overlay-color":"","overlay-opacity":"","overlay-gradient":""}},"ast-content-background-meta":{"desktop":{"background-color":"var(--ast-global-color-4)","background-image":"","background-repeat":"repeat","background-position":"center center","background-size":"auto","background-attachment":"scroll","background-type":"","background-media":"","overlay-type":"","overlay-color":"","overlay-opacity":"","overlay-gradient":""},"tablet":{"background-color":"var(--ast-global-color-4)","background-image":"","background-repeat":"repeat","background-position":"center center","background-size":"auto","background-attachment":"scroll","background-type":"","background-media":"","overlay-type":"","overlay-color":"","overlay-opacity":"","overlay-gradient":""},"mobile":{"background-color":"var(--ast-global-color-4)","background-image":"","background-repeat":"repeat","background-position":"center center","background-size":"auto","background-attachment":"scroll","background-type":"","background-media":"","overlay-type":"","overlay-color":"","overlay-opacity":"","overlay-gradient":""}},"footnotes":""},"class_list":["post-6388","page","type-page","status-publish","hentry"],"yoast_head":"<!-- This site is optimized with the Yoast SEO plugin v27.3 - https:\/\/yoast.com\/product\/yoast-seo-wordpress\/ -->\n<title>Mentions l\u00e9gales et mentions l\u00e9gales \u2013 Ecologa Europe GmbH<\/title>\n<meta name=\"description\" content=\"Coordonn\u00e9es officielles et informations l\u00e9gales d&#039;Ecologa Europe GmbH \u2013 transparence et confiance pour nos clients.\" \/>\n<meta name=\"robots\" content=\"index, follow, max-snippet:-1, max-image-preview:large, max-video-preview:-1\" \/>\n<link rel=\"canonical\" href=\"https:\/\/ecologa-europe.com\/shop\/imprimer\/\" \/>\n<meta property=\"og:locale\" content=\"de_DE\" \/>\n<meta property=\"og:type\" content=\"article\" \/>\n<meta property=\"og:title\" content=\"Mentions l\u00e9gales et mentions l\u00e9gales \u2013 Ecologa Europe GmbH\" \/>\n<meta property=\"og:description\" content=\"Coordonn\u00e9es officielles et informations l\u00e9gales d&#039;Ecologa Europe GmbH \u2013 transparence et confiance pour nos clients.\" \/>\n<meta property=\"og:url\" content=\"https:\/\/ecologa-europe.com\/shop\/imprimer\/?lang=fr\" \/>\n<meta property=\"og:site_name\" content=\"Elektrosmog-Schutz Onlineshop\" \/>\n<meta property=\"article:publisher\" content=\"https:\/\/www.facebook.com\/Ecologa-Europe-GmbH-1604744566252298\/\" \/>\n<meta property=\"article:modified_time\" content=\"2025-05-19T09:03:03+00:00\" \/>\n<meta name=\"twitter:card\" content=\"summary_large_image\" \/>\n<meta name=\"twitter:label1\" content=\"Gesch\u00e4tzte Lesezeit\" \/>\n\t<meta name=\"twitter:data1\" content=\"2\u00a0Minuten\" \/>\n<script type=\"application\/ld+json\" class=\"yoast-schema-graph\">{\"@context\":\"https:\\\/\\\/schema.org\",\"@graph\":[{\"@type\":\"WebPage\",\"@id\":\"https:\\\/\\\/ecologa-europe.com\\\/shop\\\/imprimer\\\/?lang=fr\",\"url\":\"https:\\\/\\\/ecologa-europe.com\\\/shop\\\/imprimer\\\/?lang=fr\",\"name\":\"Mentions l\u00e9gales et mentions l\u00e9gales \u2013 Ecologa Europe GmbH\",\"isPartOf\":{\"@id\":\"https:\\\/\\\/ecologa-europe.com\\\/shop\\\/#website\"},\"datePublished\":\"2025-05-05T13:20:54+00:00\",\"dateModified\":\"2025-05-19T09:03:03+00:00\",\"description\":\"Coordonn\u00e9es officielles et informations l\u00e9gales d'Ecologa Europe GmbH \u2013 transparence et confiance pour nos clients.\",\"breadcrumb\":{\"@id\":\"https:\\\/\\\/ecologa-europe.com\\\/shop\\\/imprimer\\\/?lang=fr#breadcrumb\"},\"inLanguage\":\"de\",\"potentialAction\":[{\"@type\":\"ReadAction\",\"target\":[\"https:\\\/\\\/ecologa-europe.com\\\/shop\\\/imprimer\\\/?lang=fr\"]}]},{\"@type\":\"BreadcrumbList\",\"@id\":\"https:\\\/\\\/ecologa-europe.com\\\/shop\\\/imprimer\\\/?lang=fr#breadcrumb\",\"itemListElement\":[{\"@type\":\"ListItem\",\"position\":1,\"name\":\"Startseite\",\"item\":\"https:\\\/\\\/ecologa-europe.com\\\/shop\\\/\"},{\"@type\":\"ListItem\",\"position\":2,\"name\":\"Imprimer\"}]},{\"@type\":\"WebSite\",\"@id\":\"https:\\\/\\\/ecologa-europe.com\\\/shop\\\/#website\",\"url\":\"https:\\\/\\\/ecologa-europe.com\\\/shop\\\/\",\"name\":\"Elektrosmog-Schutz Onlineshop\",\"description\":\"Ecologa Europe\",\"publisher\":{\"@id\":\"https:\\\/\\\/ecologa-europe.com\\\/shop\\\/#organization\"},\"potentialAction\":[{\"@type\":\"SearchAction\",\"target\":{\"@type\":\"EntryPoint\",\"urlTemplate\":\"https:\\\/\\\/ecologa-europe.com\\\/shop\\\/?s={search_term_string}\"},\"query-input\":{\"@type\":\"PropertyValueSpecification\",\"valueRequired\":true,\"valueName\":\"search_term_string\"}}],\"inLanguage\":\"de\"},{\"@type\":\"Organization\",\"@id\":\"https:\\\/\\\/ecologa-europe.com\\\/shop\\\/#organization\",\"name\":\"Elektrosmog-Schutz Onlineshop\",\"url\":\"https:\\\/\\\/ecologa-europe.com\\\/shop\\\/\",\"logo\":{\"@type\":\"ImageObject\",\"inLanguage\":\"de\",\"@id\":\"https:\\\/\\\/ecologa-europe.com\\\/shop\\\/#\\\/schema\\\/logo\\\/image\\\/\",\"url\":\"https:\\\/\\\/ecologa-europe.com\\\/shop\\\/wp-content\\\/uploads\\\/2025\\\/04\\\/vertical-navbar-logo.svg\",\"contentUrl\":\"https:\\\/\\\/ecologa-europe.com\\\/shop\\\/wp-content\\\/uploads\\\/2025\\\/04\\\/vertical-navbar-logo.svg\",\"width\":182,\"height\":70,\"caption\":\"Elektrosmog-Schutz Onlineshop\"},\"image\":{\"@id\":\"https:\\\/\\\/ecologa-europe.com\\\/shop\\\/#\\\/schema\\\/logo\\\/image\\\/\"},\"sameAs\":[\"https:\\\/\\\/www.facebook.com\\\/Ecologa-Europe-GmbH-1604744566252298\\\/\",\"https:\\\/\\\/www.instagram.com\\\/ecologaeurope\\\/\"]}]}<\/script>\n<!-- \/ Yoast SEO plugin. -->","yoast_head_json":{"title":"Mentions l\u00e9gales et mentions l\u00e9gales \u2013 Ecologa Europe GmbH","description":"Coordonn\u00e9es officielles et informations l\u00e9gales d'Ecologa Europe GmbH \u2013 transparence et confiance pour nos clients.","robots":{"index":"index","follow":"follow","max-snippet":"max-snippet:-1","max-image-preview":"max-image-preview:large","max-video-preview":"max-video-preview:-1"},"canonical":"https:\/\/ecologa-europe.com\/shop\/imprimer\/","og_locale":"de_DE","og_type":"article","og_title":"Mentions l\u00e9gales et mentions l\u00e9gales \u2013 Ecologa Europe GmbH","og_description":"Coordonn\u00e9es officielles et informations l\u00e9gales d'Ecologa Europe GmbH \u2013 transparence et confiance pour nos clients.","og_url":"https:\/\/ecologa-europe.com\/shop\/imprimer\/?lang=fr","og_site_name":"Elektrosmog-Schutz Onlineshop","article_publisher":"https:\/\/www.facebook.com\/Ecologa-Europe-GmbH-1604744566252298\/","article_modified_time":"2025-05-19T09:03:03+00:00","twitter_card":"summary_large_image","twitter_misc":{"Gesch\u00e4tzte Lesezeit":"2\u00a0Minuten"},"schema":{"@context":"https:\/\/schema.org","@graph":[{"@type":"WebPage","@id":"https:\/\/ecologa-europe.com\/shop\/imprimer\/?lang=fr","url":"https:\/\/ecologa-europe.com\/shop\/imprimer\/?lang=fr","name":"Mentions l\u00e9gales et mentions l\u00e9gales \u2013 Ecologa Europe GmbH","isPartOf":{"@id":"https:\/\/ecologa-europe.com\/shop\/#website"},"datePublished":"2025-05-05T13:20:54+00:00","dateModified":"2025-05-19T09:03:03+00:00","description":"Coordonn\u00e9es officielles et informations l\u00e9gales d'Ecologa Europe GmbH \u2013 transparence et confiance pour nos clients.","breadcrumb":{"@id":"https:\/\/ecologa-europe.com\/shop\/imprimer\/?lang=fr#breadcrumb"},"inLanguage":"de","potentialAction":[{"@type":"ReadAction","target":["https:\/\/ecologa-europe.com\/shop\/imprimer\/?lang=fr"]}]},{"@type":"BreadcrumbList","@id":"https:\/\/ecologa-europe.com\/shop\/imprimer\/?lang=fr#breadcrumb","itemListElement":[{"@type":"ListItem","position":1,"name":"Startseite","item":"https:\/\/ecologa-europe.com\/shop\/"},{"@type":"ListItem","position":2,"name":"Imprimer"}]},{"@type":"WebSite","@id":"https:\/\/ecologa-europe.com\/shop\/#website","url":"https:\/\/ecologa-europe.com\/shop\/","name":"Elektrosmog-Schutz Onlineshop","description":"Ecologa Europe","publisher":{"@id":"https:\/\/ecologa-europe.com\/shop\/#organization"},"potentialAction":[{"@type":"SearchAction","target":{"@type":"EntryPoint","urlTemplate":"https:\/\/ecologa-europe.com\/shop\/?s={search_term_string}"},"query-input":{"@type":"PropertyValueSpecification","valueRequired":true,"valueName":"search_term_string"}}],"inLanguage":"de"},{"@type":"Organization","@id":"https:\/\/ecologa-europe.com\/shop\/#organization","name":"Elektrosmog-Schutz Onlineshop","url":"https:\/\/ecologa-europe.com\/shop\/","logo":{"@type":"ImageObject","inLanguage":"de","@id":"https:\/\/ecologa-europe.com\/shop\/#\/schema\/logo\/image\/","url":"https:\/\/ecologa-europe.com\/shop\/wp-content\/uploads\/2025\/04\/vertical-navbar-logo.svg","contentUrl":"https:\/\/ecologa-europe.com\/shop\/wp-content\/uploads\/2025\/04\/vertical-navbar-logo.svg","width":182,"height":70,"caption":"Elektrosmog-Schutz Onlineshop"},"image":{"@id":"https:\/\/ecologa-europe.com\/shop\/#\/schema\/logo\/image\/"},"sameAs":["https:\/\/www.facebook.com\/Ecologa-Europe-GmbH-1604744566252298\/","https:\/\/www.instagram.com\/ecologaeurope\/"]}]}},"_links":{"self":[{"href":"https:\/\/ecologa-europe.com\/shop\/wp-json\/wp\/v2\/pages\/6388","targetHints":{"allow":["GET"]}}],"collection":[{"href":"https:\/\/ecologa-europe.com\/shop\/wp-json\/wp\/v2\/pages"}],"about":[{"href":"https:\/\/ecologa-europe.com\/shop\/wp-json\/wp\/v2\/types\/page"}],"author":[{"embeddable":true,"href":"https:\/\/ecologa-europe.com\/shop\/wp-json\/wp\/v2\/users\/2"}],"replies":[{"embeddable":true,"href":"https:\/\/ecologa-europe.com\/shop\/wp-json\/wp\/v2\/comments?post=6388"}],"version-history":[{"count":3,"href":"https:\/\/ecologa-europe.com\/shop\/wp-json\/wp\/v2\/pages\/6388\/revisions"}],"predecessor-version":[{"id":8185,"href":"https:\/\/ecologa-europe.com\/shop\/wp-json\/wp\/v2\/pages\/6388\/revisions\/8185"}],"wp:attachment":[{"href":"https:\/\/ecologa-europe.com\/shop\/wp-json\/wp\/v2\/media?parent=6388"}],"curies":[{"name":"wp","href":"https:\/\/api.w.org\/{rel}","templated":true}]}}