{"id":6441,"date":"2025-05-16T10:08:08","date_gmt":"2025-05-16T10:08:08","guid":{"rendered":"https:\/\/639.pm-domains.de\/?post_type=product&#038;p=6441"},"modified":"2026-01-18T09:56:23","modified_gmt":"2026-01-18T09:56:23","slug":"unter-kopfbedeckung-arvin","status":"publish","type":"product","link":"https:\/\/ecologa-europe.com\/shop\/produkt\/unter-kopfbedeckung-arvin\/","title":{"rendered":"Unter-kopfbedeckung Arvin"},"content":{"rendered":"<p>Dies ist ein hervorragendes Produkt, das versteckt unter einer Per\u00fccke, einem Hut oder einer M\u00fctze getragen werden kann, um Ihr Gehirn vor Strahlung zu sch\u00fctzen.<br \/>\nArvin wird aus einem mit reinem Silber metallisierten Stoff gefertigt, der zu 22 % aus Elastomer besteht, wodurch er in beide Richtungen dehnbar ist.<br \/>\nDadurch ist diese Kopfbedeckung sehr bequem und kann problemlos den ganzen Tag \u00fcber getragen werden. Selbstverst\u00e4ndlich kann sie auch nachts getragen werden.<br \/>\nDer durchschnittliche Wirkungsgrad des Abschirmgewebes betr\u00e4gt 45dB von 500 MHz bis 6 GHz.<br \/>\nDieser antimikrobielle Stoff wird auch im medizinischen Bereich verwendet. Er ist OEKO-Tex\u00ae-zertifiziert und kann daher direkt auf der Haut getragen werden. Die Einhaltung von RoHS und REACH ist gew\u00e4hrleistet.<\/p>\n<p>Der perfekte Schutz f\u00fcr Ihren Kopf, eine v\u00f6llig neue Art von mentalem Block! Sowohl f\u00fcr M\u00e4nner als auch f\u00fcr Frauen geeignet.<br \/>\nHergestellt in Deutschland.<\/p>\n<p>Pflegehinweise:<br \/>\nDas Material kann mit 30\u00b0C im Schonwaschgang gewaschen werden.<br \/>\nDas Gewebe darf jedoch nicht geschleudert oder maschinell getrocknet werden.<br \/>\nKeine Desinfektionsmittel oder chlorhaltigen Reiniger verwenden!<br \/>\nZudem auf Weichsp\u00fcler verzichten<\/p>\n","protected":false},"excerpt":{"rendered":"<p>Der perfekte Schutz f\u00fcr Ihren Kopf, eine v\u00f6llig neue Art von mentalem Block! Sowohl f\u00fcr M\u00e4nner als auch f\u00fcr Frauen geeignet.<br \/>\nHergestellt in Deutschland.<\/p>\n<p>Einheitsgr\u00f6\u00dfe<br \/>\nAbschirmstoff: 78% Polyamid + 22% Elastomer<br \/>\nMetallisation: 99% reines Silber<br \/>\nStretch in der Kette und im Schussverlauf<br \/>\nAbschirmung: von 500 MHz bis 6 GHz, max. 99,995%<\/p>\n","protected":false},"featured_media":105,"template":"","meta":{"inline_featured_image":false,"site-sidebar-layout":"default","site-content-layout":"","ast-site-content-layout":"default","site-content-style":"default","site-sidebar-style":"default","ast-global-header-display":"","ast-banner-title-visibility":"","ast-main-header-display":"","ast-hfb-above-header-display":"","ast-hfb-below-header-display":"","ast-hfb-mobile-header-display":"","site-post-title":"","ast-breadcrumbs-content":"","ast-featured-img":"","footer-sml-layout":"","ast-disable-related-posts":"","theme-transparent-header-meta":"default","adv-header-id-meta":"","stick-header-meta":"","header-above-stick-meta":"","header-main-stick-meta":"","header-below-stick-meta":"","astra-migrate-meta-layouts":"set","ast-page-background-enabled":"default","ast-page-background-meta":{"desktop":{"background-color":"var(--ast-global-color-5)","background-image":"","background-repeat":"repeat","background-position":"center center","background-size":"auto","background-attachment":"scroll","background-type":"","background-media":"","overlay-type":"","overlay-color":"","overlay-opacity":"","overlay-gradient":""},"tablet":{"background-color":"","background-image":"","background-repeat":"repeat","background-position":"center center","background-size":"auto","background-attachment":"scroll","background-type":"","background-media":"","overlay-type":"","overlay-color":"","overlay-opacity":"","overlay-gradient":""},"mobile":{"background-color":"","background-image":"","background-repeat":"repeat","background-position":"center center","background-size":"auto","background-attachment":"scroll","background-type":"","background-media":"","overlay-type":"","overlay-color":"","overlay-opacity":"","overlay-gradient":""}},"ast-content-background-meta":{"desktop":{"background-color":"var(--ast-global-color-4)","background-image":"","background-repeat":"repeat","background-position":"center center","background-size":"auto","background-attachment":"scroll","background-type":"","background-media":"","overlay-type":"","overlay-color":"","overlay-opacity":"","overlay-gradient":""},"tablet":{"background-color":"var(--ast-global-color-4)","background-image":"","background-repeat":"repeat","background-position":"center center","background-size":"auto","background-attachment":"scroll","background-type":"","background-media":"","overlay-type":"","overlay-color":"","overlay-opacity":"","overlay-gradient":""},"mobile":{"background-color":"var(--ast-global-color-4)","background-image":"","background-repeat":"repeat","background-position":"center center","background-size":"auto","background-attachment":"scroll","background-type":"","background-media":"","overlay-type":"","overlay-color":"","overlay-opacity":"","overlay-gradient":""}}},"product_brand":[],"product_cat":[16,17,23],"product_tag":[26,19,27],"class_list":{"0":"post-6441","1":"product","2":"type-product","3":"status-publish","4":"has-post-thumbnail","6":"product_cat-abschirmkleidung","7":"product_cat-abschirmkleidung-damen","8":"product_cat-accessoires","9":"product_tag-abschirm-kopfbedeckung","10":"product_tag-abschirmkleidung","11":"product_tag-schutzkleidung-elektrosmog","12":"product_shipping_class-standardversand","13":"desktop-align-left","14":"tablet-align-left","15":"mobile-align-left","17":"first","18":"instock","19":"taxable","20":"shipping-taxable","21":"purchasable","22":"product-type-simple"},"yoast_head":"<!-- This site is optimized with the Yoast SEO plugin v27.3 - https:\/\/yoast.com\/product\/yoast-seo-wordpress\/ -->\n<title>Unter-kopfbedeckung Arvin - Elektrosmog-Schutz Onlineshop<\/title>\n<meta name=\"description\" content=\"Unterkopfbedeckung Arvin zur Abschirmung hochfrequenter elektromagnetischer Wellen. Der perfekte Schutz f\u00fcr Ihren Kopf, eine ganz neue Art von mentalem Block! Geeignet f\u00fcr M\u00e4nner wie auch f\u00fcr Frauen.\" \/>\n<meta name=\"robots\" content=\"index, follow, max-snippet:-1, max-image-preview:large, max-video-preview:-1\" \/>\n<link rel=\"canonical\" href=\"https:\/\/ecologa-europe.com\/shop\/produkt\/unter-kopfbedeckung-arvin\/\" \/>\n<meta property=\"og:locale\" content=\"de_DE\" \/>\n<meta property=\"og:type\" content=\"article\" \/>\n<meta property=\"og:title\" content=\"Unter-kopfbedeckung Arvin - Elektrosmog-Schutz Onlineshop\" \/>\n<meta property=\"og:description\" content=\"Unterkopfbedeckung Arvin zur Abschirmung hochfrequenter elektromagnetischer Wellen. Der perfekte Schutz f\u00fcr Ihren Kopf, eine ganz neue Art von mentalem Block! Geeignet f\u00fcr M\u00e4nner wie auch f\u00fcr Frauen.\" \/>\n<meta property=\"og:url\" content=\"https:\/\/ecologa-europe.com\/shop\/produkt\/unter-kopfbedeckung-arvin\/\" \/>\n<meta property=\"og:site_name\" content=\"Elektrosmog-Schutz Onlineshop\" \/>\n<meta property=\"article:publisher\" content=\"https:\/\/www.facebook.com\/Ecologa-Europe-GmbH-1604744566252298\/\" \/>\n<meta property=\"article:modified_time\" content=\"2026-01-18T09:56:23+00:00\" \/>\n<meta property=\"og:image\" content=\"https:\/\/ecologa-europe.com\/shop\/wp-content\/uploads\/2025\/04\/unterkopfbedeckung_arvin.jpg\" \/>\n\t<meta property=\"og:image:width\" content=\"1772\" \/>\n\t<meta property=\"og:image:height\" content=\"1280\" \/>\n\t<meta property=\"og:image:type\" content=\"image\/jpeg\" \/>\n<meta name=\"twitter:card\" content=\"summary_large_image\" \/>\n<meta name=\"twitter:label1\" content=\"Gesch\u00e4tzte Lesezeit\" \/>\n\t<meta name=\"twitter:data1\" content=\"2\u00a0Minuten\" \/>\n<script type=\"application\/ld+json\" class=\"yoast-schema-graph\">{\"@context\":\"https:\\\/\\\/schema.org\",\"@graph\":[{\"@type\":\"WebPage\",\"@id\":\"https:\\\/\\\/ecologa-europe.com\\\/shop\\\/produkt\\\/unter-kopfbedeckung-arvin\\\/\",\"url\":\"https:\\\/\\\/ecologa-europe.com\\\/shop\\\/produkt\\\/unter-kopfbedeckung-arvin\\\/\",\"name\":\"Unter-kopfbedeckung Arvin - Elektrosmog-Schutz Onlineshop\",\"isPartOf\":{\"@id\":\"https:\\\/\\\/ecologa-europe.com\\\/shop\\\/#website\"},\"primaryImageOfPage\":{\"@id\":\"https:\\\/\\\/ecologa-europe.com\\\/shop\\\/produkt\\\/unter-kopfbedeckung-arvin\\\/#primaryimage\"},\"image\":{\"@id\":\"https:\\\/\\\/ecologa-europe.com\\\/shop\\\/produkt\\\/unter-kopfbedeckung-arvin\\\/#primaryimage\"},\"thumbnailUrl\":\"https:\\\/\\\/ecologa-europe.com\\\/shop\\\/wp-content\\\/uploads\\\/2025\\\/04\\\/unterkopfbedeckung_arvin.jpg\",\"datePublished\":\"2025-05-16T10:08:08+00:00\",\"dateModified\":\"2026-01-18T09:56:23+00:00\",\"description\":\"Unterkopfbedeckung Arvin zur Abschirmung hochfrequenter elektromagnetischer Wellen. Der perfekte Schutz f\u00fcr Ihren Kopf, eine ganz neue Art von mentalem Block! Geeignet f\u00fcr M\u00e4nner wie auch f\u00fcr Frauen.\",\"breadcrumb\":{\"@id\":\"https:\\\/\\\/ecologa-europe.com\\\/shop\\\/produkt\\\/unter-kopfbedeckung-arvin\\\/#breadcrumb\"},\"inLanguage\":\"de\",\"potentialAction\":[{\"@type\":\"ReadAction\",\"target\":[\"https:\\\/\\\/ecologa-europe.com\\\/shop\\\/produkt\\\/unter-kopfbedeckung-arvin\\\/\"]}]},{\"@type\":\"ImageObject\",\"inLanguage\":\"de\",\"@id\":\"https:\\\/\\\/ecologa-europe.com\\\/shop\\\/produkt\\\/unter-kopfbedeckung-arvin\\\/#primaryimage\",\"url\":\"https:\\\/\\\/ecologa-europe.com\\\/shop\\\/wp-content\\\/uploads\\\/2025\\\/04\\\/unterkopfbedeckung_arvin.jpg\",\"contentUrl\":\"https:\\\/\\\/ecologa-europe.com\\\/shop\\\/wp-content\\\/uploads\\\/2025\\\/04\\\/unterkopfbedeckung_arvin.jpg\",\"width\":1772,\"height\":1280},{\"@type\":\"BreadcrumbList\",\"@id\":\"https:\\\/\\\/ecologa-europe.com\\\/shop\\\/produkt\\\/unter-kopfbedeckung-arvin\\\/#breadcrumb\",\"itemListElement\":[{\"@type\":\"ListItem\",\"position\":1,\"name\":\"Startseite\",\"item\":\"https:\\\/\\\/ecologa-europe.com\\\/shop\\\/\"},{\"@type\":\"ListItem\",\"position\":2,\"name\":\"Shop\",\"item\":\"https:\\\/\\\/ecologa-europe.com\\\/shop\\\/shop\\\/\"},{\"@type\":\"ListItem\",\"position\":3,\"name\":\"Unter-kopfbedeckung Arvin\"}]},{\"@type\":\"WebSite\",\"@id\":\"https:\\\/\\\/ecologa-europe.com\\\/shop\\\/#website\",\"url\":\"https:\\\/\\\/ecologa-europe.com\\\/shop\\\/\",\"name\":\"Elektrosmog-Schutz Onlineshop\",\"description\":\"Ecologa Europe\",\"publisher\":{\"@id\":\"https:\\\/\\\/ecologa-europe.com\\\/shop\\\/#organization\"},\"potentialAction\":[{\"@type\":\"SearchAction\",\"target\":{\"@type\":\"EntryPoint\",\"urlTemplate\":\"https:\\\/\\\/ecologa-europe.com\\\/shop\\\/?s={search_term_string}\"},\"query-input\":{\"@type\":\"PropertyValueSpecification\",\"valueRequired\":true,\"valueName\":\"search_term_string\"}}],\"inLanguage\":\"de\"},{\"@type\":\"Organization\",\"@id\":\"https:\\\/\\\/ecologa-europe.com\\\/shop\\\/#organization\",\"name\":\"Elektrosmog-Schutz Onlineshop\",\"url\":\"https:\\\/\\\/ecologa-europe.com\\\/shop\\\/\",\"logo\":{\"@type\":\"ImageObject\",\"inLanguage\":\"de\",\"@id\":\"https:\\\/\\\/ecologa-europe.com\\\/shop\\\/#\\\/schema\\\/logo\\\/image\\\/\",\"url\":\"https:\\\/\\\/ecologa-europe.com\\\/shop\\\/wp-content\\\/uploads\\\/2025\\\/04\\\/vertical-navbar-logo.svg\",\"contentUrl\":\"https:\\\/\\\/ecologa-europe.com\\\/shop\\\/wp-content\\\/uploads\\\/2025\\\/04\\\/vertical-navbar-logo.svg\",\"width\":182,\"height\":70,\"caption\":\"Elektrosmog-Schutz Onlineshop\"},\"image\":{\"@id\":\"https:\\\/\\\/ecologa-europe.com\\\/shop\\\/#\\\/schema\\\/logo\\\/image\\\/\"},\"sameAs\":[\"https:\\\/\\\/www.facebook.com\\\/Ecologa-Europe-GmbH-1604744566252298\\\/\",\"https:\\\/\\\/www.instagram.com\\\/ecologaeurope\\\/\"]}]}<\/script>\n<!-- \/ Yoast SEO plugin. -->","yoast_head_json":{"title":"Unter-kopfbedeckung Arvin - Elektrosmog-Schutz Onlineshop","description":"Unterkopfbedeckung Arvin zur Abschirmung hochfrequenter elektromagnetischer Wellen. Der perfekte Schutz f\u00fcr Ihren Kopf, eine ganz neue Art von mentalem Block! Geeignet f\u00fcr M\u00e4nner wie auch f\u00fcr Frauen.","robots":{"index":"index","follow":"follow","max-snippet":"max-snippet:-1","max-image-preview":"max-image-preview:large","max-video-preview":"max-video-preview:-1"},"canonical":"https:\/\/ecologa-europe.com\/shop\/produkt\/unter-kopfbedeckung-arvin\/","og_locale":"de_DE","og_type":"article","og_title":"Unter-kopfbedeckung Arvin - Elektrosmog-Schutz Onlineshop","og_description":"Unterkopfbedeckung Arvin zur Abschirmung hochfrequenter elektromagnetischer Wellen. Der perfekte Schutz f\u00fcr Ihren Kopf, eine ganz neue Art von mentalem Block! Geeignet f\u00fcr M\u00e4nner wie auch f\u00fcr Frauen.","og_url":"https:\/\/ecologa-europe.com\/shop\/produkt\/unter-kopfbedeckung-arvin\/","og_site_name":"Elektrosmog-Schutz Onlineshop","article_publisher":"https:\/\/www.facebook.com\/Ecologa-Europe-GmbH-1604744566252298\/","article_modified_time":"2026-01-18T09:56:23+00:00","og_image":[{"width":1772,"height":1280,"url":"https:\/\/ecologa-europe.com\/shop\/wp-content\/uploads\/2025\/04\/unterkopfbedeckung_arvin.jpg","type":"image\/jpeg"}],"twitter_card":"summary_large_image","twitter_misc":{"Gesch\u00e4tzte Lesezeit":"2\u00a0Minuten"},"schema":{"@context":"https:\/\/schema.org","@graph":[{"@type":"WebPage","@id":"https:\/\/ecologa-europe.com\/shop\/produkt\/unter-kopfbedeckung-arvin\/","url":"https:\/\/ecologa-europe.com\/shop\/produkt\/unter-kopfbedeckung-arvin\/","name":"Unter-kopfbedeckung Arvin - Elektrosmog-Schutz Onlineshop","isPartOf":{"@id":"https:\/\/ecologa-europe.com\/shop\/#website"},"primaryImageOfPage":{"@id":"https:\/\/ecologa-europe.com\/shop\/produkt\/unter-kopfbedeckung-arvin\/#primaryimage"},"image":{"@id":"https:\/\/ecologa-europe.com\/shop\/produkt\/unter-kopfbedeckung-arvin\/#primaryimage"},"thumbnailUrl":"https:\/\/ecologa-europe.com\/shop\/wp-content\/uploads\/2025\/04\/unterkopfbedeckung_arvin.jpg","datePublished":"2025-05-16T10:08:08+00:00","dateModified":"2026-01-18T09:56:23+00:00","description":"Unterkopfbedeckung Arvin zur Abschirmung hochfrequenter elektromagnetischer Wellen. Der perfekte Schutz f\u00fcr Ihren Kopf, eine ganz neue Art von mentalem Block! Geeignet f\u00fcr M\u00e4nner wie auch f\u00fcr Frauen.","breadcrumb":{"@id":"https:\/\/ecologa-europe.com\/shop\/produkt\/unter-kopfbedeckung-arvin\/#breadcrumb"},"inLanguage":"de","potentialAction":[{"@type":"ReadAction","target":["https:\/\/ecologa-europe.com\/shop\/produkt\/unter-kopfbedeckung-arvin\/"]}]},{"@type":"ImageObject","inLanguage":"de","@id":"https:\/\/ecologa-europe.com\/shop\/produkt\/unter-kopfbedeckung-arvin\/#primaryimage","url":"https:\/\/ecologa-europe.com\/shop\/wp-content\/uploads\/2025\/04\/unterkopfbedeckung_arvin.jpg","contentUrl":"https:\/\/ecologa-europe.com\/shop\/wp-content\/uploads\/2025\/04\/unterkopfbedeckung_arvin.jpg","width":1772,"height":1280},{"@type":"BreadcrumbList","@id":"https:\/\/ecologa-europe.com\/shop\/produkt\/unter-kopfbedeckung-arvin\/#breadcrumb","itemListElement":[{"@type":"ListItem","position":1,"name":"Startseite","item":"https:\/\/ecologa-europe.com\/shop\/"},{"@type":"ListItem","position":2,"name":"Shop","item":"https:\/\/ecologa-europe.com\/shop\/shop\/"},{"@type":"ListItem","position":3,"name":"Unter-kopfbedeckung Arvin"}]},{"@type":"WebSite","@id":"https:\/\/ecologa-europe.com\/shop\/#website","url":"https:\/\/ecologa-europe.com\/shop\/","name":"Elektrosmog-Schutz Onlineshop","description":"Ecologa Europe","publisher":{"@id":"https:\/\/ecologa-europe.com\/shop\/#organization"},"potentialAction":[{"@type":"SearchAction","target":{"@type":"EntryPoint","urlTemplate":"https:\/\/ecologa-europe.com\/shop\/?s={search_term_string}"},"query-input":{"@type":"PropertyValueSpecification","valueRequired":true,"valueName":"search_term_string"}}],"inLanguage":"de"},{"@type":"Organization","@id":"https:\/\/ecologa-europe.com\/shop\/#organization","name":"Elektrosmog-Schutz Onlineshop","url":"https:\/\/ecologa-europe.com\/shop\/","logo":{"@type":"ImageObject","inLanguage":"de","@id":"https:\/\/ecologa-europe.com\/shop\/#\/schema\/logo\/image\/","url":"https:\/\/ecologa-europe.com\/shop\/wp-content\/uploads\/2025\/04\/vertical-navbar-logo.svg","contentUrl":"https:\/\/ecologa-europe.com\/shop\/wp-content\/uploads\/2025\/04\/vertical-navbar-logo.svg","width":182,"height":70,"caption":"Elektrosmog-Schutz Onlineshop"},"image":{"@id":"https:\/\/ecologa-europe.com\/shop\/#\/schema\/logo\/image\/"},"sameAs":["https:\/\/www.facebook.com\/Ecologa-Europe-GmbH-1604744566252298\/","https:\/\/www.instagram.com\/ecologaeurope\/"]}]}},"_links":{"self":[{"href":"https:\/\/ecologa-europe.com\/shop\/wp-json\/wp\/v2\/product\/6441","targetHints":{"allow":["GET"]}}],"collection":[{"href":"https:\/\/ecologa-europe.com\/shop\/wp-json\/wp\/v2\/product"}],"about":[{"href":"https:\/\/ecologa-europe.com\/shop\/wp-json\/wp\/v2\/types\/product"}],"wp:featuredmedia":[{"embeddable":true,"href":"https:\/\/ecologa-europe.com\/shop\/wp-json\/wp\/v2\/media\/105"}],"wp:attachment":[{"href":"https:\/\/ecologa-europe.com\/shop\/wp-json\/wp\/v2\/media?parent=6441"}],"wp:term":[{"taxonomy":"product_brand","embeddable":true,"href":"https:\/\/ecologa-europe.com\/shop\/wp-json\/wp\/v2\/product_brand?post=6441"},{"taxonomy":"product_cat","embeddable":true,"href":"https:\/\/ecologa-europe.com\/shop\/wp-json\/wp\/v2\/product_cat?post=6441"},{"taxonomy":"product_tag","embeddable":true,"href":"https:\/\/ecologa-europe.com\/shop\/wp-json\/wp\/v2\/product_tag?post=6441"}],"curies":[{"name":"wp","href":"https:\/\/api.w.org\/{rel}","templated":true}]}}