{"id":7076,"date":"2025-05-16T10:14:37","date_gmt":"2025-05-16T10:14:37","guid":{"rendered":"https:\/\/639.pm-domains.de\/?post_type=product&#038;p=7076"},"modified":"2025-05-16T10:39:37","modified_gmt":"2025-05-16T10:39:37","slug":"tissu-de-protection-en-acier-inoxydable-003-ultrafin","status":"publish","type":"product","link":"https:\/\/ecologa-europe.com\/shop\/produkt\/tissu-de-protection-en-acier-inoxydable-003-ultrafin\/?lang=fr","title":{"rendered":"Tissu de protection en acier inoxydable 003 ultrafin"},"content":{"rendered":"<p>003 ultrafin est un tissu d&#8217;acier sp\u00e9cial \u00e0 mailles particuli\u00e8rement fines et r\u00e9sistant \u00e0 la corrosion pour le blindage contre les ondes \u00e9lectromagn\u00e9tiques \u00e0 haute fr\u00e9quence et les champs \u00e9lectriques alternatifs \u00e0 basse fr\u00e9quence. 003 ultrafin est utilis\u00e9 dans les toits, les murs et les plafonds, principalement dans la construction s\u00e8che.<br \/>\nDes applications particuli\u00e8res, par exemple comme moustiquaire ou parois mobiles, sont \u00e9galement possibles. En raison de l&#8217;att\u00e9nuation \u00e9lev\u00e9e du blindage (~52 dB), le tissu r\u00e9pond \u00e9galement aux exigences les plus \u00e9lev\u00e9es.<br \/>\nLes accessoires de mise \u00e0 la terre ne sont pas compris dans la livraison.<br \/>\nEn cas de mise \u00e0 la terre n\u00e9cessaire, veuillez tenir compte des &#8222;Consignes de s\u00e9curit\u00e9 et prescriptions de mise \u00e0 la terre&#8220;.<\/p>\n<p>Donn\u00e9es techniques :<br \/>\nLargeur : 105 cm<br \/>\nLongueur : marchandise au m\u00e8tre<br \/>\n(rouleau = 100 m\/105 m\u00b2)<br \/>\n\u00c9paisseur : env. 0,05 mm<br \/>\nCouleur : argent<br \/>\nM\u00e9tallisation : acier sp\u00e9cial, V2 A, activ\u00e9 en surface<br \/>\nOuverture de maille : env. 0,22 mm x 0,22 mm<br \/>\nPoids surfacique : 90 g\/m\u00b2.<br \/>\nR\u00e9sistance de surface : <0,5 \u03a9\/\u25a1\nPropri\u00e9t\u00e9s : ouvert \u00e0 la diffusion de vapeur, peu corrosif\nClasse de protection incendie : A1 mat\u00e9riau de construction incombustible DIN 4102:1994 \/ base de contr\u00f4le : IEEE-Standard 299-97 \/ ASTM D-4935-89\nAtt\u00e9nuation du blindage : max. ~50 dB (>99,999 %)<br \/>\nAccessoires n\u00e9cessaires : ruban de mise \u00e0 la terre en acier inoxydable + fiche de mise \u00e0 la terre avec verrouillage<\/p>\n\n<table id=\"tablepress-97\" class=\"tablepress tablepress-id-97\">\n<thead>\n<tr class=\"row-1\">\n\t<td class=\"column-1\"><\/td><th class=\"column-2\">Frequence \/<br \/>\n\/Application (MHz)<\/th><th class=\"column-3\">D\u00e9cibel (dB)<\/th><th class=\"column-4\">Pourcentage (%)<\/th>\n<\/tr>\n<\/thead>\n<tbody class=\"row-striping row-hover\">\n<tr class=\"row-2\">\n\t<td class=\"column-1\">DVB-T2<\/td><td class=\"column-2\">470 - 690 MHz<\/td><td class=\"column-3\">52dB<\/td><td class=\"column-4\">99,999%<\/td>\n<\/tr>\n<tr class=\"row-3\">\n\t<td class=\"column-1\">LTE \/ 5G wide<\/td><td class=\"column-2\">700 - 750 MHz<\/td><td class=\"column-3\">52dB<\/td><td class=\"column-4\">99,999%<\/td>\n<\/tr>\n<tr class=\"row-4\">\n\t<td class=\"column-1\">GSM \/ LTE<\/td><td class=\"column-2\">920 - 960 MHz<\/td><td class=\"column-3\">51dB<\/td><td class=\"column-4\">99,999%<\/td>\n<\/tr>\n<tr class=\"row-5\">\n\t<td class=\"column-1\">GSM \/ LTE<\/td><td class=\"column-2\">1800 - 1880 MHz<\/td><td class=\"column-3\">47dB<\/td><td class=\"column-4\">99,99%<\/td>\n<\/tr>\n<tr class=\"row-6\">\n\t<td class=\"column-1\">DECT <\/td><td class=\"column-2\">1880 - 1900 MHz<\/td><td class=\"column-3\">47dB<\/td><td class=\"column-4\">99,99%<\/td>\n<\/tr>\n<tr class=\"row-7\">\n\t<td class=\"column-1\">LTE \/ 5G wide<\/td><td class=\"column-2\">2100 - 2170 MHz<\/td><td class=\"column-3\">46dB<\/td><td class=\"column-4\">99,99%<\/td>\n<\/tr>\n<tr class=\"row-8\">\n\t<td class=\"column-1\">WLAN 2400<\/td><td class=\"column-2\">2400 - 2500 MHz<\/td><td class=\"column-3\">45dB<\/td><td class=\"column-4\">99,99%<\/td>\n<\/tr>\n<tr class=\"row-9\">\n\t<td class=\"column-1\">5G fast<\/td><td class=\"column-2\">3400 - 3700MHz<\/td><td class=\"column-3\">42dB<\/td><td class=\"column-4\">99,99%<\/td>\n<\/tr>\n<tr class=\"row-10\">\n\t<td class=\"column-1\">WLAN 5200<\/td><td class=\"column-2\">5150 - 5350 MHz<\/td><td class=\"column-3\">38dB<\/td><td class=\"column-4\">99,9%<\/td>\n<\/tr>\n<\/tbody>\n<\/table>\n\n<p>Pour le montage\/la pose, veuillez pr\u00e9voir un chevauchement d&#8217;environ 5 \u00e0 10 cm entre les diff\u00e9rents l\u00e9s.<br \/>\nLes panneaux doivent \u00eatre superpos\u00e9s.<\/p>\n","protected":false},"excerpt":{"rendered":"<ul>\n<li>Pour le blindage de grandes surfaces d&#8217;ondes \u00e9lectromagn\u00e9tiques \u00e0 haute fr\u00e9quence et de champs \u00e9lectriques alternatifs \u00e0 basse fr\u00e9quence<\/li>\n<li>Tissu m\u00e9tallique \u00e0 mailles fines, r\u00e9sistant \u00e0 la corrosion, en acier sp\u00e9cial<\/li>\n<li>Ouvert \u00e0 la diffusion, r\u00e9sistant \u00e0 la d\u00e9chirure, tr\u00e8s r\u00e9sistant et flexible<\/li>\n<li>Tissu pour utilisation dans le domaine de l&#8217;encastrement, du toit et du sol<\/li>\n<p>003 ultrafin est un tissu m\u00e9tallique sp\u00e9cial \u00e0 mailles particuli\u00e8rement fines et r\u00e9sistant \u00e0 la corrosion pour le blindage contre les ondes \u00e9lectromagn\u00e9tiques \u00e0 haute fr\u00e9quence et les champs \u00e9lectriques alternatifs \u00e0 basse fr\u00e9quence.<\/p>\n<p>En raison de l&#8217;att\u00e9nuation \u00e9lev\u00e9e du blindage (~52 dB), ce tissu r\u00e9pond \u00e9galement aux exigences les plus \u00e9lev\u00e9es.<\/p>\n","protected":false},"featured_media":1393,"template":"","meta":{"inline_featured_image":false,"site-sidebar-layout":"default","site-content-layout":"","ast-site-content-layout":"default","site-content-style":"default","site-sidebar-style":"default","ast-global-header-display":"","ast-banner-title-visibility":"","ast-main-header-display":"","ast-hfb-above-header-display":"","ast-hfb-below-header-display":"","ast-hfb-mobile-header-display":"","site-post-title":"","ast-breadcrumbs-content":"","ast-featured-img":"","footer-sml-layout":"","ast-disable-related-posts":"","theme-transparent-header-meta":"default","adv-header-id-meta":"","stick-header-meta":"","header-above-stick-meta":"","header-main-stick-meta":"","header-below-stick-meta":"","astra-migrate-meta-layouts":"default","ast-page-background-enabled":"default","ast-page-background-meta":{"desktop":{"background-color":"var(--ast-global-color-5)","background-image":"","background-repeat":"repeat","background-position":"center center","background-size":"auto","background-attachment":"scroll","background-type":"","background-media":"","overlay-type":"","overlay-color":"","overlay-opacity":"","overlay-gradient":""},"tablet":{"background-color":"","background-image":"","background-repeat":"repeat","background-position":"center center","background-size":"auto","background-attachment":"scroll","background-type":"","background-media":"","overlay-type":"","overlay-color":"","overlay-opacity":"","overlay-gradient":""},"mobile":{"background-color":"","background-image":"","background-repeat":"repeat","background-position":"center center","background-size":"auto","background-attachment":"scroll","background-type":"","background-media":"","overlay-type":"","overlay-color":"","overlay-opacity":"","overlay-gradient":""}},"ast-content-background-meta":{"desktop":{"background-color":"var(--ast-global-color-4)","background-image":"","background-repeat":"repeat","background-position":"center center","background-size":"auto","background-attachment":"scroll","background-type":"","background-media":"","overlay-type":"","overlay-color":"","overlay-opacity":"","overlay-gradient":""},"tablet":{"background-color":"var(--ast-global-color-4)","background-image":"","background-repeat":"repeat","background-position":"center center","background-size":"auto","background-attachment":"scroll","background-type":"","background-media":"","overlay-type":"","overlay-color":"","overlay-opacity":"","overlay-gradient":""},"mobile":{"background-color":"var(--ast-global-color-4)","background-image":"","background-repeat":"repeat","background-position":"center center","background-size":"auto","background-attachment":"scroll","background-type":"","background-media":"","overlay-type":"","overlay-color":"","overlay-opacity":"","overlay-gradient":""}}},"product_brand":[],"product_cat":[314],"product_tag":[208,187,316],"class_list":{"0":"post-7076","1":"product","2":"type-product","3":"status-publish","4":"has-post-thumbnail","6":"product_cat-tissus-blindes","7":"product_tag-protection-contre-lelectrosmog","8":"product_tag-protection-contre-la-5g","9":"product_tag-tissu-ecran","10":"product_shipping_class-standardversand","11":"desktop-align-left","12":"tablet-align-left","13":"mobile-align-left","15":"first","16":"instock","17":"taxable","18":"shipping-taxable","19":"purchasable","20":"product-type-simple"},"yoast_head":"<!-- This site is optimized with the Yoast SEO plugin v27.3 - https:\/\/yoast.com\/product\/yoast-seo-wordpress\/ -->\n<title>Tissu de protection en acier inoxydable 003 ultrafin - Elektrosmog-Schutz Onlineshop<\/title>\n<meta name=\"description\" content=\"En raison de l&#039;att\u00e9nuation \u00e9lev\u00e9e du blindage (~52 dB), ce tissu r\u00e9pond \u00e9galement aux exigences les plus \u00e9lev\u00e9es.\" \/>\n<meta name=\"robots\" content=\"index, follow, max-snippet:-1, max-image-preview:large, max-video-preview:-1\" \/>\n<link rel=\"canonical\" href=\"https:\/\/ecologa-europe.com\/shop\/produkt\/tissu-de-protection-en-acier-inoxydable-003-ultrafin\/\" \/>\n<meta property=\"og:locale\" content=\"de_DE\" \/>\n<meta property=\"og:type\" content=\"article\" \/>\n<meta property=\"og:title\" content=\"Tissu de protection en acier inoxydable 003 ultrafin - Elektrosmog-Schutz Onlineshop\" \/>\n<meta property=\"og:description\" content=\"En raison de l&#039;att\u00e9nuation \u00e9lev\u00e9e du blindage (~52 dB), ce tissu r\u00e9pond \u00e9galement aux exigences les plus \u00e9lev\u00e9es.\" \/>\n<meta property=\"og:url\" content=\"https:\/\/ecologa-europe.com\/shop\/produkt\/tissu-de-protection-en-acier-inoxydable-003-ultrafin\/?lang=fr\" \/>\n<meta property=\"og:site_name\" content=\"Elektrosmog-Schutz Onlineshop\" \/>\n<meta property=\"article:publisher\" content=\"https:\/\/www.facebook.com\/Ecologa-Europe-GmbH-1604744566252298\/\" \/>\n<meta property=\"article:modified_time\" content=\"2025-05-16T10:39:37+00:00\" \/>\n<meta property=\"og:image\" content=\"https:\/\/ecologa-europe.com\/shop\/wp-content\/uploads\/2025\/04\/Edelstahl-Gewebe-003.jpg\" \/>\n\t<meta property=\"og:image:width\" content=\"594\" \/>\n\t<meta property=\"og:image:height\" content=\"423\" \/>\n\t<meta property=\"og:image:type\" content=\"image\/jpeg\" \/>\n<meta name=\"twitter:card\" content=\"summary_large_image\" \/>\n<meta name=\"twitter:label1\" content=\"Gesch\u00e4tzte Lesezeit\" \/>\n\t<meta name=\"twitter:data1\" content=\"1\u00a0Minute\" \/>\n<script type=\"application\/ld+json\" class=\"yoast-schema-graph\">{\"@context\":\"https:\\\/\\\/schema.org\",\"@graph\":[{\"@type\":\"WebPage\",\"@id\":\"https:\\\/\\\/ecologa-europe.com\\\/shop\\\/produkt\\\/tissu-de-protection-en-acier-inoxydable-003-ultrafin\\\/?lang=fr\",\"url\":\"https:\\\/\\\/ecologa-europe.com\\\/shop\\\/produkt\\\/tissu-de-protection-en-acier-inoxydable-003-ultrafin\\\/?lang=fr\",\"name\":\"Tissu de protection en acier inoxydable 003 ultrafin - Elektrosmog-Schutz Onlineshop\",\"isPartOf\":{\"@id\":\"https:\\\/\\\/ecologa-europe.com\\\/shop\\\/#website\"},\"primaryImageOfPage\":{\"@id\":\"https:\\\/\\\/ecologa-europe.com\\\/shop\\\/produkt\\\/tissu-de-protection-en-acier-inoxydable-003-ultrafin\\\/?lang=fr#primaryimage\"},\"image\":{\"@id\":\"https:\\\/\\\/ecologa-europe.com\\\/shop\\\/produkt\\\/tissu-de-protection-en-acier-inoxydable-003-ultrafin\\\/?lang=fr#primaryimage\"},\"thumbnailUrl\":\"https:\\\/\\\/ecologa-europe.com\\\/shop\\\/wp-content\\\/uploads\\\/2025\\\/04\\\/Edelstahl-Gewebe-003.jpg\",\"datePublished\":\"2025-05-16T10:14:37+00:00\",\"dateModified\":\"2025-05-16T10:39:37+00:00\",\"description\":\"En raison de l'att\u00e9nuation \u00e9lev\u00e9e du blindage (~52 dB), ce tissu r\u00e9pond \u00e9galement aux exigences les plus \u00e9lev\u00e9es.\",\"breadcrumb\":{\"@id\":\"https:\\\/\\\/ecologa-europe.com\\\/shop\\\/produkt\\\/tissu-de-protection-en-acier-inoxydable-003-ultrafin\\\/?lang=fr#breadcrumb\"},\"inLanguage\":\"de\",\"potentialAction\":[{\"@type\":\"ReadAction\",\"target\":[\"https:\\\/\\\/ecologa-europe.com\\\/shop\\\/produkt\\\/tissu-de-protection-en-acier-inoxydable-003-ultrafin\\\/?lang=fr\"]}]},{\"@type\":\"ImageObject\",\"inLanguage\":\"de\",\"@id\":\"https:\\\/\\\/ecologa-europe.com\\\/shop\\\/produkt\\\/tissu-de-protection-en-acier-inoxydable-003-ultrafin\\\/?lang=fr#primaryimage\",\"url\":\"https:\\\/\\\/ecologa-europe.com\\\/shop\\\/wp-content\\\/uploads\\\/2025\\\/04\\\/Edelstahl-Gewebe-003.jpg\",\"contentUrl\":\"https:\\\/\\\/ecologa-europe.com\\\/shop\\\/wp-content\\\/uploads\\\/2025\\\/04\\\/Edelstahl-Gewebe-003.jpg\",\"width\":594,\"height\":423},{\"@type\":\"BreadcrumbList\",\"@id\":\"https:\\\/\\\/ecologa-europe.com\\\/shop\\\/produkt\\\/tissu-de-protection-en-acier-inoxydable-003-ultrafin\\\/?lang=fr#breadcrumb\",\"itemListElement\":[{\"@type\":\"ListItem\",\"position\":1,\"name\":\"Startseite\",\"item\":\"https:\\\/\\\/ecologa-europe.com\\\/shop\\\/\"},{\"@type\":\"ListItem\",\"position\":2,\"name\":\"Shop\",\"item\":\"https:\\\/\\\/ecologa-europe.com\\\/shop\\\/shop\\\/\"},{\"@type\":\"ListItem\",\"position\":3,\"name\":\"Tissu de protection en acier inoxydable 003 ultrafin\"}]},{\"@type\":\"WebSite\",\"@id\":\"https:\\\/\\\/ecologa-europe.com\\\/shop\\\/#website\",\"url\":\"https:\\\/\\\/ecologa-europe.com\\\/shop\\\/\",\"name\":\"Elektrosmog-Schutz Onlineshop\",\"description\":\"Ecologa Europe\",\"publisher\":{\"@id\":\"https:\\\/\\\/ecologa-europe.com\\\/shop\\\/#organization\"},\"potentialAction\":[{\"@type\":\"SearchAction\",\"target\":{\"@type\":\"EntryPoint\",\"urlTemplate\":\"https:\\\/\\\/ecologa-europe.com\\\/shop\\\/?s={search_term_string}\"},\"query-input\":{\"@type\":\"PropertyValueSpecification\",\"valueRequired\":true,\"valueName\":\"search_term_string\"}}],\"inLanguage\":\"de\"},{\"@type\":\"Organization\",\"@id\":\"https:\\\/\\\/ecologa-europe.com\\\/shop\\\/#organization\",\"name\":\"Elektrosmog-Schutz Onlineshop\",\"url\":\"https:\\\/\\\/ecologa-europe.com\\\/shop\\\/\",\"logo\":{\"@type\":\"ImageObject\",\"inLanguage\":\"de\",\"@id\":\"https:\\\/\\\/ecologa-europe.com\\\/shop\\\/#\\\/schema\\\/logo\\\/image\\\/\",\"url\":\"https:\\\/\\\/ecologa-europe.com\\\/shop\\\/wp-content\\\/uploads\\\/2025\\\/04\\\/vertical-navbar-logo.svg\",\"contentUrl\":\"https:\\\/\\\/ecologa-europe.com\\\/shop\\\/wp-content\\\/uploads\\\/2025\\\/04\\\/vertical-navbar-logo.svg\",\"width\":182,\"height\":70,\"caption\":\"Elektrosmog-Schutz Onlineshop\"},\"image\":{\"@id\":\"https:\\\/\\\/ecologa-europe.com\\\/shop\\\/#\\\/schema\\\/logo\\\/image\\\/\"},\"sameAs\":[\"https:\\\/\\\/www.facebook.com\\\/Ecologa-Europe-GmbH-1604744566252298\\\/\",\"https:\\\/\\\/www.instagram.com\\\/ecologaeurope\\\/\"]}]}<\/script>\n<!-- \/ Yoast SEO plugin. -->","yoast_head_json":{"title":"Tissu de protection en acier inoxydable 003 ultrafin - Elektrosmog-Schutz Onlineshop","description":"En raison de l'att\u00e9nuation \u00e9lev\u00e9e du blindage (~52 dB), ce tissu r\u00e9pond \u00e9galement aux exigences les plus \u00e9lev\u00e9es.","robots":{"index":"index","follow":"follow","max-snippet":"max-snippet:-1","max-image-preview":"max-image-preview:large","max-video-preview":"max-video-preview:-1"},"canonical":"https:\/\/ecologa-europe.com\/shop\/produkt\/tissu-de-protection-en-acier-inoxydable-003-ultrafin\/","og_locale":"de_DE","og_type":"article","og_title":"Tissu de protection en acier inoxydable 003 ultrafin - Elektrosmog-Schutz Onlineshop","og_description":"En raison de l'att\u00e9nuation \u00e9lev\u00e9e du blindage (~52 dB), ce tissu r\u00e9pond \u00e9galement aux exigences les plus \u00e9lev\u00e9es.","og_url":"https:\/\/ecologa-europe.com\/shop\/produkt\/tissu-de-protection-en-acier-inoxydable-003-ultrafin\/?lang=fr","og_site_name":"Elektrosmog-Schutz Onlineshop","article_publisher":"https:\/\/www.facebook.com\/Ecologa-Europe-GmbH-1604744566252298\/","article_modified_time":"2025-05-16T10:39:37+00:00","og_image":[{"width":594,"height":423,"url":"https:\/\/ecologa-europe.com\/shop\/wp-content\/uploads\/2025\/04\/Edelstahl-Gewebe-003.jpg","type":"image\/jpeg"}],"twitter_card":"summary_large_image","twitter_misc":{"Gesch\u00e4tzte Lesezeit":"1\u00a0Minute"},"schema":{"@context":"https:\/\/schema.org","@graph":[{"@type":"WebPage","@id":"https:\/\/ecologa-europe.com\/shop\/produkt\/tissu-de-protection-en-acier-inoxydable-003-ultrafin\/?lang=fr","url":"https:\/\/ecologa-europe.com\/shop\/produkt\/tissu-de-protection-en-acier-inoxydable-003-ultrafin\/?lang=fr","name":"Tissu de protection en acier inoxydable 003 ultrafin - Elektrosmog-Schutz Onlineshop","isPartOf":{"@id":"https:\/\/ecologa-europe.com\/shop\/#website"},"primaryImageOfPage":{"@id":"https:\/\/ecologa-europe.com\/shop\/produkt\/tissu-de-protection-en-acier-inoxydable-003-ultrafin\/?lang=fr#primaryimage"},"image":{"@id":"https:\/\/ecologa-europe.com\/shop\/produkt\/tissu-de-protection-en-acier-inoxydable-003-ultrafin\/?lang=fr#primaryimage"},"thumbnailUrl":"https:\/\/ecologa-europe.com\/shop\/wp-content\/uploads\/2025\/04\/Edelstahl-Gewebe-003.jpg","datePublished":"2025-05-16T10:14:37+00:00","dateModified":"2025-05-16T10:39:37+00:00","description":"En raison de l'att\u00e9nuation \u00e9lev\u00e9e du blindage (~52 dB), ce tissu r\u00e9pond \u00e9galement aux exigences les plus \u00e9lev\u00e9es.","breadcrumb":{"@id":"https:\/\/ecologa-europe.com\/shop\/produkt\/tissu-de-protection-en-acier-inoxydable-003-ultrafin\/?lang=fr#breadcrumb"},"inLanguage":"de","potentialAction":[{"@type":"ReadAction","target":["https:\/\/ecologa-europe.com\/shop\/produkt\/tissu-de-protection-en-acier-inoxydable-003-ultrafin\/?lang=fr"]}]},{"@type":"ImageObject","inLanguage":"de","@id":"https:\/\/ecologa-europe.com\/shop\/produkt\/tissu-de-protection-en-acier-inoxydable-003-ultrafin\/?lang=fr#primaryimage","url":"https:\/\/ecologa-europe.com\/shop\/wp-content\/uploads\/2025\/04\/Edelstahl-Gewebe-003.jpg","contentUrl":"https:\/\/ecologa-europe.com\/shop\/wp-content\/uploads\/2025\/04\/Edelstahl-Gewebe-003.jpg","width":594,"height":423},{"@type":"BreadcrumbList","@id":"https:\/\/ecologa-europe.com\/shop\/produkt\/tissu-de-protection-en-acier-inoxydable-003-ultrafin\/?lang=fr#breadcrumb","itemListElement":[{"@type":"ListItem","position":1,"name":"Startseite","item":"https:\/\/ecologa-europe.com\/shop\/"},{"@type":"ListItem","position":2,"name":"Shop","item":"https:\/\/ecologa-europe.com\/shop\/shop\/"},{"@type":"ListItem","position":3,"name":"Tissu de protection en acier inoxydable 003 ultrafin"}]},{"@type":"WebSite","@id":"https:\/\/ecologa-europe.com\/shop\/#website","url":"https:\/\/ecologa-europe.com\/shop\/","name":"Elektrosmog-Schutz Onlineshop","description":"Ecologa Europe","publisher":{"@id":"https:\/\/ecologa-europe.com\/shop\/#organization"},"potentialAction":[{"@type":"SearchAction","target":{"@type":"EntryPoint","urlTemplate":"https:\/\/ecologa-europe.com\/shop\/?s={search_term_string}"},"query-input":{"@type":"PropertyValueSpecification","valueRequired":true,"valueName":"search_term_string"}}],"inLanguage":"de"},{"@type":"Organization","@id":"https:\/\/ecologa-europe.com\/shop\/#organization","name":"Elektrosmog-Schutz Onlineshop","url":"https:\/\/ecologa-europe.com\/shop\/","logo":{"@type":"ImageObject","inLanguage":"de","@id":"https:\/\/ecologa-europe.com\/shop\/#\/schema\/logo\/image\/","url":"https:\/\/ecologa-europe.com\/shop\/wp-content\/uploads\/2025\/04\/vertical-navbar-logo.svg","contentUrl":"https:\/\/ecologa-europe.com\/shop\/wp-content\/uploads\/2025\/04\/vertical-navbar-logo.svg","width":182,"height":70,"caption":"Elektrosmog-Schutz Onlineshop"},"image":{"@id":"https:\/\/ecologa-europe.com\/shop\/#\/schema\/logo\/image\/"},"sameAs":["https:\/\/www.facebook.com\/Ecologa-Europe-GmbH-1604744566252298\/","https:\/\/www.instagram.com\/ecologaeurope\/"]}]}},"_links":{"self":[{"href":"https:\/\/ecologa-europe.com\/shop\/wp-json\/wp\/v2\/product\/7076","targetHints":{"allow":["GET"]}}],"collection":[{"href":"https:\/\/ecologa-europe.com\/shop\/wp-json\/wp\/v2\/product"}],"about":[{"href":"https:\/\/ecologa-europe.com\/shop\/wp-json\/wp\/v2\/types\/product"}],"wp:featuredmedia":[{"embeddable":true,"href":"https:\/\/ecologa-europe.com\/shop\/wp-json\/wp\/v2\/media\/1393"}],"wp:attachment":[{"href":"https:\/\/ecologa-europe.com\/shop\/wp-json\/wp\/v2\/media?parent=7076"}],"wp:term":[{"taxonomy":"product_brand","embeddable":true,"href":"https:\/\/ecologa-europe.com\/shop\/wp-json\/wp\/v2\/product_brand?post=7076"},{"taxonomy":"product_cat","embeddable":true,"href":"https:\/\/ecologa-europe.com\/shop\/wp-json\/wp\/v2\/product_cat?post=7076"},{"taxonomy":"product_tag","embeddable":true,"href":"https:\/\/ecologa-europe.com\/shop\/wp-json\/wp\/v2\/product_tag?post=7076"}],"curies":[{"name":"wp","href":"https:\/\/api.w.org\/{rel}","templated":true}]}}