{"id":7335,"date":"2025-05-16T10:15:06","date_gmt":"2025-05-16T10:15:06","guid":{"rendered":"https:\/\/639.pm-domains.de\/?post_type=product&#038;p=7335"},"modified":"2026-04-01T11:49:25","modified_gmt":"2026-04-01T11:49:25","slug":"baldaquin-ecran-thala","status":"publish","type":"product","link":"https:\/\/ecologa-europe.com\/shop\/produkt\/baldaquin-ecran-thala\/?lang=fr","title":{"rendered":"Baldaquin anti-ondes Premium &#8222;Aura&#8220;"},"content":{"rendered":"<h2><strong>Baldaquin EMF de luxe avec cadre en bois massif architectural<\/strong><br \/>\nUn espace prot\u00e9g\u00e9. Une d\u00e9claration. Un refuge.<\/h2>\n<p>Premium Aura est plus qu\u2019un simple ciel de lit anti-ondes.<br \/>\nC\u2019est un espace de sommeil architectur\u00e9 dans la pi\u00e8ce\u2014con\u00e7u pour ceux qui appr\u00e9cient l\u2019esth\u00e9tique, le savoir-faire et un environnement de vie con\u00e7u avec soin.<br \/>\nAvec une att\u00e9nuation du champ \u00e9lectromagn\u00e9tique (CEM) pouvant atteindre 40 dB, Aura r\u00e9duit les champs \u00e9lectromagn\u00e9tiques \u00e0 haute fr\u00e9quence dans la zone de sommeil, alliant protection fonctionnelle et \u00e9l\u00e9gance intemporelle.<\/p>\n<hr \/>\n<h3><strong>L\u2019architecture rencontre le tissu anti-ondes<\/strong><\/h3>\n<p>Le cadre carr\u00e9 du baldaquin en bois de h\u00eatre massif huil\u00e9 conf\u00e8re au baldaquin une pr\u00e9sence calme et \u00e9pur\u00e9e.<\/p>\n<ul>\n<li>Section du profil: 30 x 30 mm<\/li>\n<li>Assemblages d\u2019angle superpos\u00e9s<\/li>\n<li>Manchons Rampa avec vis m\u00e9triques<\/li>\n<li>Bords l\u00e9g\u00e8rement arrondis (rayon R3)<\/li>\n<\/ul>\n<p>La construction d\u00e9gage stabilit\u00e9, sobri\u00e9t\u00e9 et qualit\u00e9\u2014loin des aspects purement techniques.<\/p>\n<hr \/>\n<h3><strong>Transparence et performance exceptionnelle<\/strong><\/h3>\n<p>Le voile utilis\u00e9 est semi-transparent, lumineux et a\u00e9rien.<br \/>\nDes fils de cuivre argent\u00e9s finement tiss\u00e9s dans la cha\u00eene et la trame offrent :<\/p>\n<ul>\n<li>Une protection directionnelle ind\u00e9pendante<\/li>\n<li>Une haute att\u00e9nuation malgr\u00e9 la structure ouverte du tissu<\/li>\n<li>Un climat int\u00e9rieur agr\u00e9able<\/li>\n<li>Att\u00e9nuation maximale : env. 40 dB<br \/>\n(Test\u00e9 selon les normes reconnues)<\/li>\n<li>Le tissu est certifi\u00e9 OEKO-TEX\u00ae Standard 100.<\/li>\n<\/ul>\n<hr \/>\n<h3>Explication claire de la capacit\u00e9 de blindage (r\u00e9f\u00e9rence dB)<\/h3>\n<p>L&#8217;att\u00e9nuation des rayonnements \u00e9lectromagn\u00e9tiques s&#8217;exprime en d\u00e9cibels (dB).<\/p>\n<p><strong>Important :<\/strong><br \/>\nL&#8217;\u00e9chelle dB est logarithmique, et non lin\u00e9aire.<\/p>\n<p>Cela signifie que :<\/p>\n<p><strong>10 dB = r\u00e9duction de la densit\u00e9 de puissance d&#8217;environ 90 %<\/strong><\/p>\n<p><strong>20 dB = r\u00e9duction d&#8217;environ 99 %<\/strong><\/p>\n<p><strong>30 dB = r\u00e9duction d&#8217;environ 99,9 %<\/strong><\/p>\n<p><strong>40 dB = r\u00e9duction d&#8217;environ 99,99 %<\/strong><\/p>\n<p>Une augmentation de 10 dB entra\u00eene \u00e0 chaque fois une multiplication par dix de l&#8217;att\u00e9nuation.<\/p>\n<p>(La r\u00e9duction effective dans l&#8217;environnement d\u00e9pend \u00e9galement de l&#8217;installation, de la mise \u00e0 la terre, de la gamme de fr\u00e9quences et de l&#8217;environnement structurel.)<\/p>\n<hr \/>\n<h3><strong>Pour des concepts de vie sophistiqu\u00e9s<\/strong><\/h3>\n<p>Premium Aura est destin\u00e9 \u00e0 :<\/p>\n<ul>\n<li>Des personnes \u00e9lectrosensibles exigeantes en mati\u00e8re de design<\/li>\n<li>Des familles avec des chambres soigneusement am\u00e9nag\u00e9es<\/li>\n<li>Des projets architecturaux orient\u00e9s vers la biologie du b\u00e2timent<\/li>\n<li>Des concepts priv\u00e9s et d\u2019int\u00e9rieur haut de gamme<\/li>\n<\/ul>\n<p>Chaque baldaquin est fabriqu\u00e9 \u00e0 la main en Allemagne, bas\u00e9 sur plus de 20 ans d\u2019exp\u00e9rience dans le d\u00e9veloppement de protections textiles anti-ondes.<\/p>\n<hr \/>\n<h3><strong>Caract\u00e9ristiques techniques<\/strong><\/h3>\n<p>Convient pour lits doubles de 1,40 m \u00e0 2,10 m de large<br \/>\nHauteur: 2,30 m<br \/>\nDeux ouvertures<br \/>\nCouleurs : Blanc ou \u00c9cru<br \/>\nPoids du baldaquin : env. 2 kg<br \/>\nPoids de la suspension : env. 3 kg<br \/>\nFabrication : Allemagne<\/p>\n<hr \/>\n<h3>Conseils d&#8217;entretien<\/h3>\n<p>\u25aa Lavage en cycle d\u00e9licat (programme \u00ab d\u00e9licat \u00bb ou \u00ab laine \u00bb) \u00e0 30 \u00b0C<br \/>\n\u25aa Ne pas utiliser d&#8217;eau de Javel<br \/>\n\u25aa Ne pas utiliser de lessives contenant de l&#8217;eau de Javel<br \/>\n\u25aa Ne pas mettre au s\u00e8che-linge<br \/>\n\u25aa Ne pas nettoyer \u00e0 sec<br \/>\nConseil : n&#8217;utilisez qu&#8217;une tr\u00e8s petite quantit\u00e9 de lessive. En r\u00e8gle g\u00e9n\u00e9rale, les toiles de pare-soleil ne sont que l\u00e9g\u00e8rement poussi\u00e9reuses.<\/p>\n<hr \/>\n<h3>Fabriqu\u00e9 en Allemagne \u2013 fabrication en interne<\/h3>\n<p>Chaque baldaquin anti-ondes Ecologa est cousu en interne en Allemagne. Cela garantit un contr\u00f4le qualit\u00e9, une finition soign\u00e9e et une fonctionnalit\u00e9 durable.<\/p>\n<hr \/>\n<h3><strong>FAQ<\/strong><\/h3>\n<p><strong><em>Pour quelle taille de lit le baldaquin est-il adapt\u00e9 ?<\/em><\/strong><br \/>\nPremium Aura est con\u00e7u pour des lits doubles de 2,10 x 2,10 m et offre un espace de sommeil enti\u00e8rement ferm\u00e9 gr\u00e2ce \u00e0 ses dimensions g\u00e9n\u00e9reuses.<\/p>\n<p><strong><em>Une protection de sol suppl\u00e9mentaire est-elle n\u00e9cessaire ?<\/em><\/strong><br \/>\nDans des environnements fortement expos\u00e9s, une protection de sol suppl\u00e9mentaire peut \u00eatre utile. Pour de nombreuses situations domestiques, le baldaquin seul est suffisant.<\/p>\n<p><strong><em>Le baldaquin doit-il \u00eatre mis \u00e0 la terre ?<\/em><\/strong><br \/>\nLe baldaquin r\u00e9duit consid\u00e9rablement les CEM haute fr\u00e9quence m\u00eame sans mise \u00e0 la terre. La n\u00e9cessit\u00e9 d\u2019une mise \u00e0 la terre suppl\u00e9mentaire d\u00e9pend de la situation individuelle.<\/p>\n<p><strong><em>Puis-je utiliser des lampes ou des prises dans le baldaquin ?<\/em><\/strong><br \/>\nNon. Les appareils \u00e9lectriques ne doivent pas \u00eatre utilis\u00e9s \u00e0 l\u2019int\u00e9rieur du baldaquin, car cela pourrait r\u00e9duire son effet protecteur.<\/p>\n<hr \/>\n\n<table id=\"tablepress-26\" class=\"tablepress tablepress-id-26\">\n<thead>\n<tr class=\"row-1\">\n\t<td class=\"column-1\"><\/td><th class=\"column-2\">Fr\u00e9quence \/Application (MHz)<\/th><th class=\"column-3\">D\u00e9cibel (dB)<\/th><th class=\"column-4\">Pourcentage (%)<\/th>\n<\/tr>\n<\/thead>\n<tbody class=\"row-striping row-hover\">\n<tr class=\"row-2\">\n\t<td class=\"column-1\">Tetra 450<\/td><td class=\"column-2\">450MHz<\/td><td class=\"column-3\">30dB<\/td><td class=\"column-4\">99,9%<\/td>\n<\/tr>\n<tr class=\"row-3\">\n\t<td class=\"column-1\">LTE 800<\/td><td class=\"column-2\">800MHz<\/td><td class=\"column-3\">40dB<\/td><td class=\"column-4\">99,99%<\/td>\n<\/tr>\n<tr class=\"row-4\">\n\t<td class=\"column-1\">GSM 900<\/td><td class=\"column-2\">900MHz<\/td><td class=\"column-3\">40dB<\/td><td class=\"column-4\">99,99%<\/td>\n<\/tr>\n<tr class=\"row-5\">\n\t<td class=\"column-1\">GSM 1800<\/td><td class=\"column-2\">1800MHz<\/td><td class=\"column-3\">30dB<\/td><td class=\"column-4\">99,9%<\/td>\n<\/tr>\n<tr class=\"row-6\">\n\t<td class=\"column-1\">DECT 1800<\/td><td class=\"column-2\">1800MHz<\/td><td class=\"column-3\">30dB<\/td><td class=\"column-4\">99,9%<\/td>\n<\/tr>\n<tr class=\"row-7\">\n\t<td class=\"column-1\">UMTS 2000<\/td><td class=\"column-2\">2000MHz<\/td><td class=\"column-3\">30dB<\/td><td class=\"column-4\">99,9%<\/td>\n<\/tr>\n<tr class=\"row-8\">\n\t<td class=\"column-1\">WLAN 2400<\/td><td class=\"column-2\">2400MHz<\/td><td class=\"column-3\">20dB<\/td><td class=\"column-4\">99%<\/td>\n<\/tr>\n<tr class=\"row-9\">\n\t<td class=\"column-1\">LTE 2600<\/td><td class=\"column-2\">2600MHz<\/td><td class=\"column-3\">20dB<\/td><td class=\"column-4\">99%<\/td>\n<\/tr>\n<tr class=\"row-10\">\n\t<td class=\"column-1\">WLAN 5800<\/td><td class=\"column-2\">5800MHz<\/td><td class=\"column-3\">20dB<\/td><td class=\"column-4\">99%<\/td>\n<\/tr>\n<\/tbody>\n<\/table>\n<!-- #tablepress-26 from cache -->\n","protected":false},"excerpt":{"rendered":"<p><strong>Baldaquin anti\u2011ondes de luxe \u00ab Aura \u00bb : cr\u00e9ez un espace de sommeil prot\u00e9g\u00e9 et \u00e9l\u00e9gant.<\/strong><\/p>\n<p>Avec sa structure en bois massif et son voile semi\u2011transparent \u00e0 fils de cuivre argent\u00e9s, il r\u00e9duit les champs \u00e9lectromagn\u00e9tiques jusqu\u2019\u00e0 40\u202fdB tout en offrant un design raffin\u00e9. Id\u00e9al pour les chambres modernes et les projets de d\u00e9coration haut de gamme.<\/p>\n<p><strong>Ses avantages :<\/strong><\/p>\n<ul>\n<li>Protection hautement efficace contre le Wi-Fi, la t\u00e9l\u00e9phonie mobile et la 5G<\/li>\n<li>Mat\u00e9riaux nobles et fabrication artisanale soign\u00e9e<\/li>\n<li>Convient aux chambres \u00e0 coucher raffin\u00e9es<\/li>\n<li>Baldaquin design pour une atmosph\u00e8re apaisante<\/li>\n<li>Aucune mise \u00e0 la terre n\u00e9cessaire<\/li>\n<li>Pour les personnes exigeantes et sensibles<\/li>\n<li>OEKO-TEX Standard 100<\/li>\n<li>Fabriqu\u00e9 en Allemagne<\/li>\n<\/ul>\n","protected":false},"featured_media":1636,"template":"","meta":{"inline_featured_image":false,"site-sidebar-layout":"default","site-content-layout":"","ast-site-content-layout":"default","site-content-style":"default","site-sidebar-style":"default","ast-global-header-display":"","ast-banner-title-visibility":"","ast-main-header-display":"","ast-hfb-above-header-display":"","ast-hfb-below-header-display":"","ast-hfb-mobile-header-display":"","site-post-title":"","ast-breadcrumbs-content":"","ast-featured-img":"","footer-sml-layout":"","ast-disable-related-posts":"","theme-transparent-header-meta":"default","adv-header-id-meta":"","stick-header-meta":"","header-above-stick-meta":"","header-main-stick-meta":"","header-below-stick-meta":"","astra-migrate-meta-layouts":"set","ast-page-background-enabled":"default","ast-page-background-meta":{"desktop":{"background-color":"var(--ast-global-color-5)","background-image":"","background-repeat":"repeat","background-position":"center center","background-size":"auto","background-attachment":"scroll","background-type":"","background-media":"","overlay-type":"","overlay-color":"","overlay-opacity":"","overlay-gradient":""},"tablet":{"background-color":"","background-image":"","background-repeat":"repeat","background-position":"center center","background-size":"auto","background-attachment":"scroll","background-type":"","background-media":"","overlay-type":"","overlay-color":"","overlay-opacity":"","overlay-gradient":""},"mobile":{"background-color":"","background-image":"","background-repeat":"repeat","background-position":"center center","background-size":"auto","background-attachment":"scroll","background-type":"","background-media":"","overlay-type":"","overlay-color":"","overlay-opacity":"","overlay-gradient":""}},"ast-content-background-meta":{"desktop":{"background-color":"var(--ast-global-color-4)","background-image":"","background-repeat":"repeat","background-position":"center center","background-size":"auto","background-attachment":"scroll","background-type":"","background-media":"","overlay-type":"","overlay-color":"","overlay-opacity":"","overlay-gradient":""},"tablet":{"background-color":"var(--ast-global-color-4)","background-image":"","background-repeat":"repeat","background-position":"center center","background-size":"auto","background-attachment":"scroll","background-type":"","background-media":"","overlay-type":"","overlay-color":"","overlay-opacity":"","overlay-gradient":""},"mobile":{"background-color":"var(--ast-global-color-4)","background-image":"","background-repeat":"repeat","background-position":"center center","background-size":"auto","background-attachment":"scroll","background-type":"","background-media":"","overlay-type":"","overlay-color":"","overlay-opacity":"","overlay-gradient":""}}},"product_brand":[],"product_cat":[598,638,835],"product_tag":[],"class_list":{"0":"post-7335","1":"product","2":"type-product","3":"status-publish","4":"has-post-thumbnail","6":"product_cat-baldaquins-anti-ondes","7":"product_cat-baldaquins-pour-lits-double","8":"product_cat-premium-confort-profond","9":"product_shipping_class-sperrgut","10":"pa_farbe-blanc","11":"pa_farbe-ecru-4","12":"desktop-align-left","13":"tablet-align-left","14":"mobile-align-left","16":"first","17":"instock","18":"taxable","19":"shipping-taxable","20":"purchasable","21":"product-type-variable"},"yoast_head":"<!-- This site is optimized with the Yoast SEO plugin v27.3 - https:\/\/yoast.com\/product\/yoast-seo-wordpress\/ -->\n<title>Baldaquin anti-ondes Premium &quot;Aura&quot; - Elektrosmog-Schutz Onlineshop<\/title>\n<meta name=\"description\" content=\"Premium baldaquin anti\u2011ondes avec cadre en bois massif et voile semi\u2011transparent \u00e0 fils de cuivre. R\u00e9duit les EMF jusqu\u2019\u00e0 40\u202fdB. Design raffin\u00e9.\" \/>\n<meta name=\"robots\" content=\"index, follow, max-snippet:-1, max-image-preview:large, max-video-preview:-1\" \/>\n<link rel=\"canonical\" href=\"https:\/\/ecologa-europe.com\/shop\/produkt\/baldaquin-ecran-thala\/\" \/>\n<meta property=\"og:locale\" content=\"de_DE\" \/>\n<meta property=\"og:type\" content=\"article\" \/>\n<meta property=\"og:title\" content=\"Baldaquin anti-ondes Premium &quot;Aura&quot; - Elektrosmog-Schutz Onlineshop\" \/>\n<meta property=\"og:description\" content=\"Premium baldaquin anti\u2011ondes avec cadre en bois massif et voile semi\u2011transparent \u00e0 fils de cuivre. R\u00e9duit les EMF jusqu\u2019\u00e0 40\u202fdB. Design raffin\u00e9.\" \/>\n<meta property=\"og:url\" content=\"https:\/\/ecologa-europe.com\/shop\/produkt\/baldaquin-ecran-thala\/?lang=fr\" \/>\n<meta property=\"og:site_name\" content=\"Elektrosmog-Schutz Onlineshop\" \/>\n<meta property=\"article:publisher\" content=\"https:\/\/www.facebook.com\/Ecologa-Europe-GmbH-1604744566252298\/\" \/>\n<meta property=\"article:modified_time\" content=\"2026-04-01T11:49:25+00:00\" \/>\n<meta property=\"og:image\" content=\"https:\/\/ecologa-europe.com\/shop\/wp-content\/uploads\/2025\/04\/thala_offen_1.jpg\" \/>\n\t<meta property=\"og:image:width\" content=\"1772\" \/>\n\t<meta property=\"og:image:height\" content=\"1280\" \/>\n\t<meta property=\"og:image:type\" content=\"image\/jpeg\" \/>\n<meta name=\"twitter:card\" content=\"summary_large_image\" \/>\n<meta name=\"twitter:label1\" content=\"Gesch\u00e4tzte Lesezeit\" \/>\n\t<meta name=\"twitter:data1\" content=\"4\u00a0Minuten\" \/>\n<script type=\"application\/ld+json\" class=\"yoast-schema-graph\">{\"@context\":\"https:\\\/\\\/schema.org\",\"@graph\":[{\"@type\":\"WebPage\",\"@id\":\"https:\\\/\\\/ecologa-europe.com\\\/shop\\\/produkt\\\/baldaquin-ecran-thala\\\/?lang=fr\",\"url\":\"https:\\\/\\\/ecologa-europe.com\\\/shop\\\/produkt\\\/baldaquin-ecran-thala\\\/?lang=fr\",\"name\":\"Baldaquin anti-ondes Premium \\\"Aura\\\" - Elektrosmog-Schutz Onlineshop\",\"isPartOf\":{\"@id\":\"https:\\\/\\\/ecologa-europe.com\\\/shop\\\/#website\"},\"primaryImageOfPage\":{\"@id\":\"https:\\\/\\\/ecologa-europe.com\\\/shop\\\/produkt\\\/baldaquin-ecran-thala\\\/?lang=fr#primaryimage\"},\"image\":{\"@id\":\"https:\\\/\\\/ecologa-europe.com\\\/shop\\\/produkt\\\/baldaquin-ecran-thala\\\/?lang=fr#primaryimage\"},\"thumbnailUrl\":\"https:\\\/\\\/ecologa-europe.com\\\/shop\\\/wp-content\\\/uploads\\\/2025\\\/04\\\/thala_offen_1.jpg\",\"datePublished\":\"2025-05-16T10:15:06+00:00\",\"dateModified\":\"2026-04-01T11:49:25+00:00\",\"description\":\"Premium baldaquin anti\u2011ondes avec cadre en bois massif et voile semi\u2011transparent \u00e0 fils de cuivre. R\u00e9duit les EMF jusqu\u2019\u00e0 40\u202fdB. Design raffin\u00e9.\",\"breadcrumb\":{\"@id\":\"https:\\\/\\\/ecologa-europe.com\\\/shop\\\/produkt\\\/baldaquin-ecran-thala\\\/?lang=fr#breadcrumb\"},\"inLanguage\":\"de\",\"potentialAction\":[{\"@type\":\"ReadAction\",\"target\":[\"https:\\\/\\\/ecologa-europe.com\\\/shop\\\/produkt\\\/baldaquin-ecran-thala\\\/?lang=fr\"]}]},{\"@type\":\"ImageObject\",\"inLanguage\":\"de\",\"@id\":\"https:\\\/\\\/ecologa-europe.com\\\/shop\\\/produkt\\\/baldaquin-ecran-thala\\\/?lang=fr#primaryimage\",\"url\":\"https:\\\/\\\/ecologa-europe.com\\\/shop\\\/wp-content\\\/uploads\\\/2025\\\/04\\\/thala_offen_1.jpg\",\"contentUrl\":\"https:\\\/\\\/ecologa-europe.com\\\/shop\\\/wp-content\\\/uploads\\\/2025\\\/04\\\/thala_offen_1.jpg\",\"width\":1772,\"height\":1280},{\"@type\":\"BreadcrumbList\",\"@id\":\"https:\\\/\\\/ecologa-europe.com\\\/shop\\\/produkt\\\/baldaquin-ecran-thala\\\/?lang=fr#breadcrumb\",\"itemListElement\":[{\"@type\":\"ListItem\",\"position\":1,\"name\":\"Startseite\",\"item\":\"https:\\\/\\\/ecologa-europe.com\\\/shop\\\/\"},{\"@type\":\"ListItem\",\"position\":2,\"name\":\"Shop\",\"item\":\"https:\\\/\\\/ecologa-europe.com\\\/shop\\\/shop\\\/\"},{\"@type\":\"ListItem\",\"position\":3,\"name\":\"Baldaquin anti-ondes Premium &#8222;Aura&#8220;\"}]},{\"@type\":\"WebSite\",\"@id\":\"https:\\\/\\\/ecologa-europe.com\\\/shop\\\/#website\",\"url\":\"https:\\\/\\\/ecologa-europe.com\\\/shop\\\/\",\"name\":\"Elektrosmog-Schutz Onlineshop\",\"description\":\"Ecologa Europe\",\"publisher\":{\"@id\":\"https:\\\/\\\/ecologa-europe.com\\\/shop\\\/#organization\"},\"potentialAction\":[{\"@type\":\"SearchAction\",\"target\":{\"@type\":\"EntryPoint\",\"urlTemplate\":\"https:\\\/\\\/ecologa-europe.com\\\/shop\\\/?s={search_term_string}\"},\"query-input\":{\"@type\":\"PropertyValueSpecification\",\"valueRequired\":true,\"valueName\":\"search_term_string\"}}],\"inLanguage\":\"de\"},{\"@type\":\"Organization\",\"@id\":\"https:\\\/\\\/ecologa-europe.com\\\/shop\\\/#organization\",\"name\":\"Elektrosmog-Schutz Onlineshop\",\"url\":\"https:\\\/\\\/ecologa-europe.com\\\/shop\\\/\",\"logo\":{\"@type\":\"ImageObject\",\"inLanguage\":\"de\",\"@id\":\"https:\\\/\\\/ecologa-europe.com\\\/shop\\\/#\\\/schema\\\/logo\\\/image\\\/\",\"url\":\"https:\\\/\\\/ecologa-europe.com\\\/shop\\\/wp-content\\\/uploads\\\/2025\\\/04\\\/vertical-navbar-logo.svg\",\"contentUrl\":\"https:\\\/\\\/ecologa-europe.com\\\/shop\\\/wp-content\\\/uploads\\\/2025\\\/04\\\/vertical-navbar-logo.svg\",\"width\":182,\"height\":70,\"caption\":\"Elektrosmog-Schutz Onlineshop\"},\"image\":{\"@id\":\"https:\\\/\\\/ecologa-europe.com\\\/shop\\\/#\\\/schema\\\/logo\\\/image\\\/\"},\"sameAs\":[\"https:\\\/\\\/www.facebook.com\\\/Ecologa-Europe-GmbH-1604744566252298\\\/\",\"https:\\\/\\\/www.instagram.com\\\/ecologaeurope\\\/\"]}]}<\/script>\n<!-- \/ Yoast SEO plugin. -->","yoast_head_json":{"title":"Baldaquin anti-ondes Premium \"Aura\" - Elektrosmog-Schutz Onlineshop","description":"Premium baldaquin anti\u2011ondes avec cadre en bois massif et voile semi\u2011transparent \u00e0 fils de cuivre. R\u00e9duit les EMF jusqu\u2019\u00e0 40\u202fdB. Design raffin\u00e9.","robots":{"index":"index","follow":"follow","max-snippet":"max-snippet:-1","max-image-preview":"max-image-preview:large","max-video-preview":"max-video-preview:-1"},"canonical":"https:\/\/ecologa-europe.com\/shop\/produkt\/baldaquin-ecran-thala\/","og_locale":"de_DE","og_type":"article","og_title":"Baldaquin anti-ondes Premium \"Aura\" - Elektrosmog-Schutz Onlineshop","og_description":"Premium baldaquin anti\u2011ondes avec cadre en bois massif et voile semi\u2011transparent \u00e0 fils de cuivre. R\u00e9duit les EMF jusqu\u2019\u00e0 40\u202fdB. Design raffin\u00e9.","og_url":"https:\/\/ecologa-europe.com\/shop\/produkt\/baldaquin-ecran-thala\/?lang=fr","og_site_name":"Elektrosmog-Schutz Onlineshop","article_publisher":"https:\/\/www.facebook.com\/Ecologa-Europe-GmbH-1604744566252298\/","article_modified_time":"2026-04-01T11:49:25+00:00","og_image":[{"width":1772,"height":1280,"url":"https:\/\/ecologa-europe.com\/shop\/wp-content\/uploads\/2025\/04\/thala_offen_1.jpg","type":"image\/jpeg"}],"twitter_card":"summary_large_image","twitter_misc":{"Gesch\u00e4tzte Lesezeit":"4\u00a0Minuten"},"schema":{"@context":"https:\/\/schema.org","@graph":[{"@type":"WebPage","@id":"https:\/\/ecologa-europe.com\/shop\/produkt\/baldaquin-ecran-thala\/?lang=fr","url":"https:\/\/ecologa-europe.com\/shop\/produkt\/baldaquin-ecran-thala\/?lang=fr","name":"Baldaquin anti-ondes Premium \"Aura\" - Elektrosmog-Schutz Onlineshop","isPartOf":{"@id":"https:\/\/ecologa-europe.com\/shop\/#website"},"primaryImageOfPage":{"@id":"https:\/\/ecologa-europe.com\/shop\/produkt\/baldaquin-ecran-thala\/?lang=fr#primaryimage"},"image":{"@id":"https:\/\/ecologa-europe.com\/shop\/produkt\/baldaquin-ecran-thala\/?lang=fr#primaryimage"},"thumbnailUrl":"https:\/\/ecologa-europe.com\/shop\/wp-content\/uploads\/2025\/04\/thala_offen_1.jpg","datePublished":"2025-05-16T10:15:06+00:00","dateModified":"2026-04-01T11:49:25+00:00","description":"Premium baldaquin anti\u2011ondes avec cadre en bois massif et voile semi\u2011transparent \u00e0 fils de cuivre. R\u00e9duit les EMF jusqu\u2019\u00e0 40\u202fdB. Design raffin\u00e9.","breadcrumb":{"@id":"https:\/\/ecologa-europe.com\/shop\/produkt\/baldaquin-ecran-thala\/?lang=fr#breadcrumb"},"inLanguage":"de","potentialAction":[{"@type":"ReadAction","target":["https:\/\/ecologa-europe.com\/shop\/produkt\/baldaquin-ecran-thala\/?lang=fr"]}]},{"@type":"ImageObject","inLanguage":"de","@id":"https:\/\/ecologa-europe.com\/shop\/produkt\/baldaquin-ecran-thala\/?lang=fr#primaryimage","url":"https:\/\/ecologa-europe.com\/shop\/wp-content\/uploads\/2025\/04\/thala_offen_1.jpg","contentUrl":"https:\/\/ecologa-europe.com\/shop\/wp-content\/uploads\/2025\/04\/thala_offen_1.jpg","width":1772,"height":1280},{"@type":"BreadcrumbList","@id":"https:\/\/ecologa-europe.com\/shop\/produkt\/baldaquin-ecran-thala\/?lang=fr#breadcrumb","itemListElement":[{"@type":"ListItem","position":1,"name":"Startseite","item":"https:\/\/ecologa-europe.com\/shop\/"},{"@type":"ListItem","position":2,"name":"Shop","item":"https:\/\/ecologa-europe.com\/shop\/shop\/"},{"@type":"ListItem","position":3,"name":"Baldaquin anti-ondes Premium &#8222;Aura&#8220;"}]},{"@type":"WebSite","@id":"https:\/\/ecologa-europe.com\/shop\/#website","url":"https:\/\/ecologa-europe.com\/shop\/","name":"Elektrosmog-Schutz Onlineshop","description":"Ecologa Europe","publisher":{"@id":"https:\/\/ecologa-europe.com\/shop\/#organization"},"potentialAction":[{"@type":"SearchAction","target":{"@type":"EntryPoint","urlTemplate":"https:\/\/ecologa-europe.com\/shop\/?s={search_term_string}"},"query-input":{"@type":"PropertyValueSpecification","valueRequired":true,"valueName":"search_term_string"}}],"inLanguage":"de"},{"@type":"Organization","@id":"https:\/\/ecologa-europe.com\/shop\/#organization","name":"Elektrosmog-Schutz Onlineshop","url":"https:\/\/ecologa-europe.com\/shop\/","logo":{"@type":"ImageObject","inLanguage":"de","@id":"https:\/\/ecologa-europe.com\/shop\/#\/schema\/logo\/image\/","url":"https:\/\/ecologa-europe.com\/shop\/wp-content\/uploads\/2025\/04\/vertical-navbar-logo.svg","contentUrl":"https:\/\/ecologa-europe.com\/shop\/wp-content\/uploads\/2025\/04\/vertical-navbar-logo.svg","width":182,"height":70,"caption":"Elektrosmog-Schutz Onlineshop"},"image":{"@id":"https:\/\/ecologa-europe.com\/shop\/#\/schema\/logo\/image\/"},"sameAs":["https:\/\/www.facebook.com\/Ecologa-Europe-GmbH-1604744566252298\/","https:\/\/www.instagram.com\/ecologaeurope\/"]}]}},"_links":{"self":[{"href":"https:\/\/ecologa-europe.com\/shop\/wp-json\/wp\/v2\/product\/7335","targetHints":{"allow":["GET"]}}],"collection":[{"href":"https:\/\/ecologa-europe.com\/shop\/wp-json\/wp\/v2\/product"}],"about":[{"href":"https:\/\/ecologa-europe.com\/shop\/wp-json\/wp\/v2\/types\/product"}],"wp:featuredmedia":[{"embeddable":true,"href":"https:\/\/ecologa-europe.com\/shop\/wp-json\/wp\/v2\/media\/1636"}],"wp:attachment":[{"href":"https:\/\/ecologa-europe.com\/shop\/wp-json\/wp\/v2\/media?parent=7335"}],"wp:term":[{"taxonomy":"product_brand","embeddable":true,"href":"https:\/\/ecologa-europe.com\/shop\/wp-json\/wp\/v2\/product_brand?post=7335"},{"taxonomy":"product_cat","embeddable":true,"href":"https:\/\/ecologa-europe.com\/shop\/wp-json\/wp\/v2\/product_cat?post=7335"},{"taxonomy":"product_tag","embeddable":true,"href":"https:\/\/ecologa-europe.com\/shop\/wp-json\/wp\/v2\/product_tag?post=7335"}],"curies":[{"name":"wp","href":"https:\/\/api.w.org\/{rel}","templated":true}]}}