{"id":7360,"date":"2025-05-16T10:09:55","date_gmt":"2025-05-16T10:09:55","guid":{"rendered":"https:\/\/639.pm-domains.de\/?post_type=product&#038;p=7360"},"modified":"2025-09-26T07:23:52","modified_gmt":"2025-09-26T07:23:52","slug":"veste-softshell-ecran-irith","status":"publish","type":"product","link":"https:\/\/ecologa-europe.com\/shop\/produkt\/veste-softshell-ecran-irith\/?lang=fr","title":{"rendered":"Veste softshell \u00e9cran Irith"},"content":{"rendered":"<p>UNE VESTE DE PROTECTION MULTIFONCTIONNELLE !<\/p>\n<p>Notre veste softshell est polyvalente. Elle est con\u00e7ue pour vous offrir les meilleures conditions pour vos activit\u00e9s de plein air. Gr\u00e2ce \u00e0 ses propri\u00e9t\u00e9s imperm\u00e9ables et coupe-vent, vous pouvez vous sentir \u00e0 l&#8217;aise en toutes saisons, que ce soit au printemps, en \u00e9t\u00e9, en automne ou en hiver.<br \/>\nIl est tr\u00e8s souple gr\u00e2ce \u00e0 sa forte teneur en \u00e9lasthanne et offre un grand confort.<br \/>\nLe dos est l\u00e9g\u00e8rement allong\u00e9 pour la protection lors de la pratique du v\u00e9lo. La coupe est l\u00e9g\u00e8rement cintr\u00e9e.<\/p>\n<p>Notre veste softshell convainc par de nombreux d\u00e9tails qui en font un compagnon id\u00e9al. Le col haut prot\u00e8ge du vent et du froid, et la fermeture \u00e9clair est dot\u00e9e d&#8217;une protection au menton.<br \/>\nLa capuche amovible peut \u00eatre ajust\u00e9e de mani\u00e8re optimale \u00e0 la t\u00eate gr\u00e2ce \u00e0 deux \u00e9lastiques.<br \/>\nLes manchettes sont r\u00e9glables avec du velcro. Les poches ont des fermetures \u00e9clair.<br \/>\nElle est munie d&#8217;un cordon \u00e9lastique avec un stoppeur \u00e0 l&#8217;ourlet pour ajuster la largeur.<br \/>\nEn outre, nous l&#8217;avons dot\u00e9e de bandes r\u00e9fl\u00e9chissantes. Ces bandes sont efficaces partout o\u00f9 la s\u00e9curit\u00e9 est importante. Elles constituent une aide visuelle importante, par exemple lors du jogging, du ski ou sur le chemin de l&#8217;\u00e9cole !<\/p>\n<p>Notre veste Irith est une veste fonctionnelle de haute qualit\u00e9 et poss\u00e8de tous les avantages d&#8217;une veste softshell, mais la doublure est constitu\u00e9e d&#8217;un tissu en coton bio blind\u00e9 qui offre une protection suppl\u00e9mentaire tr\u00e8s efficace contre les hautes fr\u00e9quences.<\/p>\n<p>Le tissu \u00e9cran est un tissu jacquard compos\u00e9 de coton bio peign\u00e9 et de polyamide argent\u00e9. Le rev\u00eatement autour de la fibre de polyamide est de l&#8217;argent pur.<br \/>\nL&#8217;argent est absolument inoffensif pour la sant\u00e9 humaine et la nature.<br \/>\nGr\u00e2ce \u00e0 la structure innovante du tissu et \u00e0 l&#8217;utilisation de mat\u00e9riaux de haute qualit\u00e9, ce tricot prot\u00e8ge contre les rayonnements \u00e9lectromagn\u00e9tiques dans la plage de 20 kHz \u00e0 10 GHz, avec une efficacit\u00e9 pouvant atteindre 99%.<\/p>\n\n<table id=\"tablepress-18\" class=\"tablepress tablepress-id-18\">\n<thead>\n<tr class=\"row-1\">\n\t<td class=\"column-1\"><\/td><th class=\"column-2\">Frequence \/ Application (MHz)<\/th><th class=\"column-3\">D\u00e9cibel (dB*)<\/th><th class=\"column-4\">Pourcentage (%)<\/th>\n<\/tr>\n<\/thead>\n<tbody class=\"row-striping row-hover\">\n<tr class=\"row-2\">\n\t<td class=\"column-1\">Tetra 450<\/td><td class=\"column-2\">450MHz<\/td><td class=\"column-3\">33dB<\/td><td class=\"column-4\">99,9%<\/td>\n<\/tr>\n<tr class=\"row-3\">\n\t<td class=\"column-1\">LTE 800<\/td><td class=\"column-2\">800MHz<\/td><td class=\"column-3\">31dB<\/td><td class=\"column-4\">99,9%<\/td>\n<\/tr>\n<tr class=\"row-4\">\n\t<td class=\"column-1\">GSM 900<\/td><td class=\"column-2\">900MHz<\/td><td class=\"column-3\">31dB<\/td><td class=\"column-4\">99,9%<\/td>\n<\/tr>\n<tr class=\"row-5\">\n\t<td class=\"column-1\">GSM 1800<\/td><td class=\"column-2\">1800MHz<\/td><td class=\"column-3\">23dB<\/td><td class=\"column-4\">99%<\/td>\n<\/tr>\n<tr class=\"row-6\">\n\t<td class=\"column-1\">DECT 1800<\/td><td class=\"column-2\">1800MHz<\/td><td class=\"column-3\">23dB<\/td><td class=\"column-4\">99%<\/td>\n<\/tr>\n<tr class=\"row-7\">\n\t<td class=\"column-1\">UMTS 2000<\/td><td class=\"column-2\">2000MHz<\/td><td class=\"column-3\">21dB<\/td><td class=\"column-4\">99%<\/td>\n<\/tr>\n<tr class=\"row-8\">\n\t<td class=\"column-1\">WLAN 2400<\/td><td class=\"column-2\">2400MHz<\/td><td class=\"column-3\">21dB<\/td><td class=\"column-4\">90%<\/td>\n<\/tr>\n<tr class=\"row-9\">\n\t<td class=\"column-1\">LTE 2600<\/td><td class=\"column-2\">2600MHz<\/td><td class=\"column-3\">21dB<\/td><td class=\"column-4\">99%<\/td>\n<\/tr>\n<tr class=\"row-10\">\n\t<td class=\"column-1\">WLAN 5800<\/td><td class=\"column-2\">5800MHz<\/td><td class=\"column-3\">15dB<\/td><td class=\"column-4\">90%<\/td>\n<\/tr>\n<\/tbody>\n<\/table>\n<!-- #tablepress-18 from cache -->\n<p>Caract\u00e9ristiques techniques<\/p>\n<p>Haute qualit\u00e9 de fabrication<br \/>\nExcellent confort de port<br \/>\nHydrofuge<br \/>\nImperm\u00e9able au vent<br \/>\nRespirant<br \/>\nSoftshell 90% polyester + 10% \u00e9lasthanne<br \/>\nTissu de protection 89% coton bio, 9% polyamide, 2% argent<br \/>\nCapuche amovible et r\u00e9glable<br \/>\nManches r\u00e9glables<br \/>\nOurlet r\u00e9glable<br \/>\nCoupe : l\u00e9g\u00e8rement cintr\u00e9e<br \/>\nCouleur : bleu fonc\u00e9<br \/>\nTailles : S, M, L<\/p>\n\n<table id=\"tablepress-78\" class=\"tablepress tablepress-id-78\">\n<thead>\n<tr class=\"row-1\">\n\t<th class=\"column-1\">Tailles<\/th><th class=\"column-2\">S\/36<\/th><th class=\"column-3\">M\/38<\/th><th class=\"column-4\">L\/40<\/th>\n<\/tr>\n<\/thead>\n<tbody class=\"row-striping row-hover\">\n<tr class=\"row-2\">\n\t<td class=\"column-1\">1\/2 Tor de poitrine<\/td><td class=\"column-2\">55<\/td><td class=\"column-3\">56<\/td><td class=\"column-4\">58<\/td>\n<\/tr>\n<tr class=\"row-3\">\n\t<td class=\"column-1\">1\/2 Tour de taille<\/td><td class=\"column-2\">49<\/td><td class=\"column-3\">50<\/td><td class=\"column-4\">54<\/td>\n<\/tr>\n<tr class=\"row-4\">\n\t<td class=\"column-1\">1\/2 Tour des hanches<\/td><td class=\"column-2\">55<\/td><td class=\"column-3\">57<\/td><td class=\"column-4\">60<\/td>\n<\/tr>\n<tr class=\"row-5\">\n\t<td class=\"column-1\">Longueur du torse<\/td><td class=\"column-2\">64<\/td><td class=\"column-3\">66<\/td><td class=\"column-4\">68<\/td>\n<\/tr>\n<tr class=\"row-6\">\n\t<td class=\"column-1\">Longueur du bras<\/td><td class=\"column-2\">60<\/td><td class=\"column-3\">61<\/td><td class=\"column-4\">63<\/td>\n<\/tr>\n<\/tbody>\n<\/table>\n<!-- #tablepress-78 from cache -->\n<p>Conseils d&#8217;entretien<\/p>\n<p>Avant le lavage<br \/>\nAssurez-vous qu&#8217;elle soit suffisamment a\u00e9r\u00e9e et secou\u00e9e. La veste softshell ne doit pas \u00eatre lav\u00e9e apr\u00e8s chaque utilisation !<br \/>\nSi le lavage en machine est in\u00e9vitable : videz les poches et fermez toutes les fermetures \u00e9clair et les bandes velcro.<\/p>\n<p>Lavage<br \/>\nUtilisez de pr\u00e9f\u00e9rence une lessive liquide douce. Une lessive en poudre pourrait boucher les pores de la couche de membrane et nuire \u00e0 la respirabilit\u00e9 du tissu.<br \/>\nUn cycle de lavage simple, par exemple pour le linge d\u00e9licat, est optimal \u00e0 une temp\u00e9rature de 30 \u00e0 40 \u00b0C.<br \/>\nN&#8217;utilisez pas le cycle d&#8217;essorage.<br \/>\nUne veste Softshell ne doit jamais \u00eatre plac\u00e9e dans le s\u00e8che-linge ! Le plus doux est de la faire s\u00e9cher \u00e0 l&#8217;air libre, soit sur un cintre, soit sur un s\u00e9choir.<\/p>\n","protected":false},"excerpt":{"rendered":"<p>Notre veste Irith est une veste fonctionnelle de haute qualit\u00e9 et poss\u00e8de tous les avantages d&#8217;une veste softshell.<br \/>\nLa doublure en tissu de coton bio blind\u00e9, qui offre une protection tr\u00e8s efficace contre les hautes fr\u00e9quences en plus.<br \/>\nElle convainc par de nombreux d\u00e9tails qui en font un compagnon id\u00e9al.<br \/>\nHaute qualit\u00e9 de fabrication<br \/>\nExcellent confort de port<br \/>\nHydrofuge<br \/>\nImperm\u00e9able au vent<br \/>\nRespirant<br \/>\nSoftshell 90% polyester + 10% \u00e9lasthanne<br \/>\nTissu de protection 89% coton bio, 9% polyamide, 2% argent<br \/>\nCapuche amovible et r\u00e9glable<br \/>\nManches r\u00e9glables<br \/>\nOurlet r\u00e9glable<br \/>\nCoupe : l\u00e9g\u00e8rement cintr\u00e9e<br \/>\nCouleur : bleu fonc\u00e9<br \/>\nTailles : S, M, L<\/p>\n","protected":false},"featured_media":1222,"template":"","meta":{"inline_featured_image":false,"site-sidebar-layout":"default","site-content-layout":"","ast-site-content-layout":"default","site-content-style":"default","site-sidebar-style":"default","ast-global-header-display":"","ast-banner-title-visibility":"","ast-main-header-display":"","ast-hfb-above-header-display":"","ast-hfb-below-header-display":"","ast-hfb-mobile-header-display":"","site-post-title":"","ast-breadcrumbs-content":"","ast-featured-img":"","footer-sml-layout":"","ast-disable-related-posts":"","theme-transparent-header-meta":"default","adv-header-id-meta":"","stick-header-meta":"","header-above-stick-meta":"","header-main-stick-meta":"","header-below-stick-meta":"","astra-migrate-meta-layouts":"default","ast-page-background-enabled":"default","ast-page-background-meta":{"desktop":{"background-color":"var(--ast-global-color-5)","background-image":"","background-repeat":"repeat","background-position":"center center","background-size":"auto","background-attachment":"scroll","background-type":"","background-media":"","overlay-type":"","overlay-color":"","overlay-opacity":"","overlay-gradient":""},"tablet":{"background-color":"","background-image":"","background-repeat":"repeat","background-position":"center center","background-size":"auto","background-attachment":"scroll","background-type":"","background-media":"","overlay-type":"","overlay-color":"","overlay-opacity":"","overlay-gradient":""},"mobile":{"background-color":"","background-image":"","background-repeat":"repeat","background-position":"center center","background-size":"auto","background-attachment":"scroll","background-type":"","background-media":"","overlay-type":"","overlay-color":"","overlay-opacity":"","overlay-gradient":""}},"ast-content-background-meta":{"desktop":{"background-color":"var(--ast-global-color-4)","background-image":"","background-repeat":"repeat","background-position":"center center","background-size":"auto","background-attachment":"scroll","background-type":"","background-media":"","overlay-type":"","overlay-color":"","overlay-opacity":"","overlay-gradient":""},"tablet":{"background-color":"var(--ast-global-color-4)","background-image":"","background-repeat":"repeat","background-position":"center center","background-size":"auto","background-attachment":"scroll","background-type":"","background-media":"","overlay-type":"","overlay-color":"","overlay-opacity":"","overlay-gradient":""},"mobile":{"background-color":"var(--ast-global-color-4)","background-image":"","background-repeat":"repeat","background-position":"center center","background-size":"auto","background-attachment":"scroll","background-type":"","background-media":"","overlay-type":"","overlay-color":"","overlay-opacity":"","overlay-gradient":""}}},"product_brand":[],"product_cat":[198,185],"product_tag":[188],"class_list":{"0":"post-7360","1":"product","2":"type-product","3":"status-publish","4":"has-post-thumbnail","6":"product_cat-femmes","7":"product_cat-vetements-high-tech","8":"product_tag-vetements-de-protection","9":"product_shipping_class-standardversand","10":"pa_groesse-l-4","11":"pa_groesse-m-3","12":"pa_groesse-s-3","13":"desktop-align-left","14":"tablet-align-left","15":"mobile-align-left","17":"first","18":"instock","19":"taxable","20":"shipping-taxable","21":"purchasable","22":"product-type-variable"},"yoast_head":"<!-- This site is optimized with the Yoast SEO plugin v27.4 - https:\/\/yoast.com\/product\/yoast-seo-wordpress\/ -->\n<title>Veste softshell \u00e9cran Irith - Elektrosmog-Schutz Onlineshop<\/title>\n<meta name=\"description\" content=\"Une veste fonctionnelle de haute qualit\u00e9. Doubl\u00e9e d&#039;un tissu de coton bio blind\u00e9 qui offre une protection tr\u00e8s efficace contre les hautes fr\u00e9quences.\" \/>\n<meta name=\"robots\" content=\"index, follow, max-snippet:-1, max-image-preview:large, max-video-preview:-1\" \/>\n<link rel=\"canonical\" href=\"https:\/\/ecologa-europe.com\/shop\/produkt\/veste-softshell-ecran-irith\/\" \/>\n<meta property=\"og:locale\" content=\"de_DE\" \/>\n<meta property=\"og:type\" content=\"article\" \/>\n<meta property=\"og:title\" content=\"Veste softshell \u00e9cran Irith - Elektrosmog-Schutz Onlineshop\" \/>\n<meta property=\"og:description\" content=\"Une veste fonctionnelle de haute qualit\u00e9. Doubl\u00e9e d&#039;un tissu de coton bio blind\u00e9 qui offre une protection tr\u00e8s efficace contre les hautes fr\u00e9quences.\" \/>\n<meta property=\"og:url\" content=\"https:\/\/ecologa-europe.com\/shop\/produkt\/veste-softshell-ecran-irith\/?lang=fr\" \/>\n<meta property=\"og:site_name\" content=\"Elektrosmog-Schutz Onlineshop\" \/>\n<meta property=\"article:publisher\" content=\"https:\/\/www.facebook.com\/Ecologa-Europe-GmbH-1604744566252298\/\" \/>\n<meta property=\"article:modified_time\" content=\"2025-09-26T07:23:52+00:00\" \/>\n<meta property=\"og:image\" content=\"https:\/\/ecologa-europe.com\/shop\/wp-content\/uploads\/2025\/04\/Irith_1.jpg\" \/>\n\t<meta property=\"og:image:width\" content=\"1772\" \/>\n\t<meta property=\"og:image:height\" content=\"1280\" \/>\n\t<meta property=\"og:image:type\" content=\"image\/jpeg\" \/>\n<meta name=\"twitter:card\" content=\"summary_large_image\" \/>\n<meta name=\"twitter:label1\" content=\"Gesch\u00e4tzte Lesezeit\" \/>\n\t<meta name=\"twitter:data1\" content=\"3\u00a0Minuten\" \/>\n<script type=\"application\/ld+json\" class=\"yoast-schema-graph\">{\"@context\":\"https:\\\/\\\/schema.org\",\"@graph\":[{\"@type\":\"WebPage\",\"@id\":\"https:\\\/\\\/ecologa-europe.com\\\/shop\\\/produkt\\\/veste-softshell-ecran-irith\\\/?lang=fr\",\"url\":\"https:\\\/\\\/ecologa-europe.com\\\/shop\\\/produkt\\\/veste-softshell-ecran-irith\\\/?lang=fr\",\"name\":\"Veste softshell \u00e9cran Irith - Elektrosmog-Schutz Onlineshop\",\"isPartOf\":{\"@id\":\"https:\\\/\\\/ecologa-europe.com\\\/shop\\\/#website\"},\"primaryImageOfPage\":{\"@id\":\"https:\\\/\\\/ecologa-europe.com\\\/shop\\\/produkt\\\/veste-softshell-ecran-irith\\\/?lang=fr#primaryimage\"},\"image\":{\"@id\":\"https:\\\/\\\/ecologa-europe.com\\\/shop\\\/produkt\\\/veste-softshell-ecran-irith\\\/?lang=fr#primaryimage\"},\"thumbnailUrl\":\"https:\\\/\\\/ecologa-europe.com\\\/shop\\\/wp-content\\\/uploads\\\/2025\\\/04\\\/Irith_1.jpg\",\"datePublished\":\"2025-05-16T10:09:55+00:00\",\"dateModified\":\"2025-09-26T07:23:52+00:00\",\"description\":\"Une veste fonctionnelle de haute qualit\u00e9. Doubl\u00e9e d'un tissu de coton bio blind\u00e9 qui offre une protection tr\u00e8s efficace contre les hautes fr\u00e9quences.\",\"breadcrumb\":{\"@id\":\"https:\\\/\\\/ecologa-europe.com\\\/shop\\\/produkt\\\/veste-softshell-ecran-irith\\\/?lang=fr#breadcrumb\"},\"inLanguage\":\"de\",\"potentialAction\":[{\"@type\":\"ReadAction\",\"target\":[\"https:\\\/\\\/ecologa-europe.com\\\/shop\\\/produkt\\\/veste-softshell-ecran-irith\\\/?lang=fr\"]}]},{\"@type\":\"ImageObject\",\"inLanguage\":\"de\",\"@id\":\"https:\\\/\\\/ecologa-europe.com\\\/shop\\\/produkt\\\/veste-softshell-ecran-irith\\\/?lang=fr#primaryimage\",\"url\":\"https:\\\/\\\/ecologa-europe.com\\\/shop\\\/wp-content\\\/uploads\\\/2025\\\/04\\\/Irith_1.jpg\",\"contentUrl\":\"https:\\\/\\\/ecologa-europe.com\\\/shop\\\/wp-content\\\/uploads\\\/2025\\\/04\\\/Irith_1.jpg\",\"width\":1772,\"height\":1280},{\"@type\":\"BreadcrumbList\",\"@id\":\"https:\\\/\\\/ecologa-europe.com\\\/shop\\\/produkt\\\/veste-softshell-ecran-irith\\\/?lang=fr#breadcrumb\",\"itemListElement\":[{\"@type\":\"ListItem\",\"position\":1,\"name\":\"Startseite\",\"item\":\"https:\\\/\\\/ecologa-europe.com\\\/shop\\\/\"},{\"@type\":\"ListItem\",\"position\":2,\"name\":\"Shop\",\"item\":\"https:\\\/\\\/ecologa-europe.com\\\/shop\\\/shop\\\/\"},{\"@type\":\"ListItem\",\"position\":3,\"name\":\"Veste softshell \u00e9cran Irith\"}]},{\"@type\":\"WebSite\",\"@id\":\"https:\\\/\\\/ecologa-europe.com\\\/shop\\\/#website\",\"url\":\"https:\\\/\\\/ecologa-europe.com\\\/shop\\\/\",\"name\":\"Elektrosmog-Schutz Onlineshop\",\"description\":\"Ecologa Europe\",\"publisher\":{\"@id\":\"https:\\\/\\\/ecologa-europe.com\\\/shop\\\/#organization\"},\"potentialAction\":[{\"@type\":\"SearchAction\",\"target\":{\"@type\":\"EntryPoint\",\"urlTemplate\":\"https:\\\/\\\/ecologa-europe.com\\\/shop\\\/?s={search_term_string}\"},\"query-input\":{\"@type\":\"PropertyValueSpecification\",\"valueRequired\":true,\"valueName\":\"search_term_string\"}}],\"inLanguage\":\"de\"},{\"@type\":\"Organization\",\"@id\":\"https:\\\/\\\/ecologa-europe.com\\\/shop\\\/#organization\",\"name\":\"Elektrosmog-Schutz Onlineshop\",\"url\":\"https:\\\/\\\/ecologa-europe.com\\\/shop\\\/\",\"logo\":{\"@type\":\"ImageObject\",\"inLanguage\":\"de\",\"@id\":\"https:\\\/\\\/ecologa-europe.com\\\/shop\\\/#\\\/schema\\\/logo\\\/image\\\/\",\"url\":\"https:\\\/\\\/ecologa-europe.com\\\/shop\\\/wp-content\\\/uploads\\\/2025\\\/04\\\/vertical-navbar-logo.svg\",\"contentUrl\":\"https:\\\/\\\/ecologa-europe.com\\\/shop\\\/wp-content\\\/uploads\\\/2025\\\/04\\\/vertical-navbar-logo.svg\",\"width\":182,\"height\":70,\"caption\":\"Elektrosmog-Schutz Onlineshop\"},\"image\":{\"@id\":\"https:\\\/\\\/ecologa-europe.com\\\/shop\\\/#\\\/schema\\\/logo\\\/image\\\/\"},\"sameAs\":[\"https:\\\/\\\/www.facebook.com\\\/Ecologa-Europe-GmbH-1604744566252298\\\/\",\"https:\\\/\\\/www.instagram.com\\\/ecologaeurope\\\/\"]}]}<\/script>\n<!-- \/ Yoast SEO plugin. -->","yoast_head_json":{"title":"Veste softshell \u00e9cran Irith - Elektrosmog-Schutz Onlineshop","description":"Une veste fonctionnelle de haute qualit\u00e9. Doubl\u00e9e d'un tissu de coton bio blind\u00e9 qui offre une protection tr\u00e8s efficace contre les hautes fr\u00e9quences.","robots":{"index":"index","follow":"follow","max-snippet":"max-snippet:-1","max-image-preview":"max-image-preview:large","max-video-preview":"max-video-preview:-1"},"canonical":"https:\/\/ecologa-europe.com\/shop\/produkt\/veste-softshell-ecran-irith\/","og_locale":"de_DE","og_type":"article","og_title":"Veste softshell \u00e9cran Irith - Elektrosmog-Schutz Onlineshop","og_description":"Une veste fonctionnelle de haute qualit\u00e9. Doubl\u00e9e d'un tissu de coton bio blind\u00e9 qui offre une protection tr\u00e8s efficace contre les hautes fr\u00e9quences.","og_url":"https:\/\/ecologa-europe.com\/shop\/produkt\/veste-softshell-ecran-irith\/?lang=fr","og_site_name":"Elektrosmog-Schutz Onlineshop","article_publisher":"https:\/\/www.facebook.com\/Ecologa-Europe-GmbH-1604744566252298\/","article_modified_time":"2025-09-26T07:23:52+00:00","og_image":[{"width":1772,"height":1280,"url":"https:\/\/ecologa-europe.com\/shop\/wp-content\/uploads\/2025\/04\/Irith_1.jpg","type":"image\/jpeg"}],"twitter_card":"summary_large_image","twitter_misc":{"Gesch\u00e4tzte Lesezeit":"3\u00a0Minuten"},"schema":{"@context":"https:\/\/schema.org","@graph":[{"@type":"WebPage","@id":"https:\/\/ecologa-europe.com\/shop\/produkt\/veste-softshell-ecran-irith\/?lang=fr","url":"https:\/\/ecologa-europe.com\/shop\/produkt\/veste-softshell-ecran-irith\/?lang=fr","name":"Veste softshell \u00e9cran Irith - Elektrosmog-Schutz Onlineshop","isPartOf":{"@id":"https:\/\/ecologa-europe.com\/shop\/#website"},"primaryImageOfPage":{"@id":"https:\/\/ecologa-europe.com\/shop\/produkt\/veste-softshell-ecran-irith\/?lang=fr#primaryimage"},"image":{"@id":"https:\/\/ecologa-europe.com\/shop\/produkt\/veste-softshell-ecran-irith\/?lang=fr#primaryimage"},"thumbnailUrl":"https:\/\/ecologa-europe.com\/shop\/wp-content\/uploads\/2025\/04\/Irith_1.jpg","datePublished":"2025-05-16T10:09:55+00:00","dateModified":"2025-09-26T07:23:52+00:00","description":"Une veste fonctionnelle de haute qualit\u00e9. Doubl\u00e9e d'un tissu de coton bio blind\u00e9 qui offre une protection tr\u00e8s efficace contre les hautes fr\u00e9quences.","breadcrumb":{"@id":"https:\/\/ecologa-europe.com\/shop\/produkt\/veste-softshell-ecran-irith\/?lang=fr#breadcrumb"},"inLanguage":"de","potentialAction":[{"@type":"ReadAction","target":["https:\/\/ecologa-europe.com\/shop\/produkt\/veste-softshell-ecran-irith\/?lang=fr"]}]},{"@type":"ImageObject","inLanguage":"de","@id":"https:\/\/ecologa-europe.com\/shop\/produkt\/veste-softshell-ecran-irith\/?lang=fr#primaryimage","url":"https:\/\/ecologa-europe.com\/shop\/wp-content\/uploads\/2025\/04\/Irith_1.jpg","contentUrl":"https:\/\/ecologa-europe.com\/shop\/wp-content\/uploads\/2025\/04\/Irith_1.jpg","width":1772,"height":1280},{"@type":"BreadcrumbList","@id":"https:\/\/ecologa-europe.com\/shop\/produkt\/veste-softshell-ecran-irith\/?lang=fr#breadcrumb","itemListElement":[{"@type":"ListItem","position":1,"name":"Startseite","item":"https:\/\/ecologa-europe.com\/shop\/"},{"@type":"ListItem","position":2,"name":"Shop","item":"https:\/\/ecologa-europe.com\/shop\/shop\/"},{"@type":"ListItem","position":3,"name":"Veste softshell \u00e9cran Irith"}]},{"@type":"WebSite","@id":"https:\/\/ecologa-europe.com\/shop\/#website","url":"https:\/\/ecologa-europe.com\/shop\/","name":"Elektrosmog-Schutz Onlineshop","description":"Ecologa Europe","publisher":{"@id":"https:\/\/ecologa-europe.com\/shop\/#organization"},"potentialAction":[{"@type":"SearchAction","target":{"@type":"EntryPoint","urlTemplate":"https:\/\/ecologa-europe.com\/shop\/?s={search_term_string}"},"query-input":{"@type":"PropertyValueSpecification","valueRequired":true,"valueName":"search_term_string"}}],"inLanguage":"de"},{"@type":"Organization","@id":"https:\/\/ecologa-europe.com\/shop\/#organization","name":"Elektrosmog-Schutz Onlineshop","url":"https:\/\/ecologa-europe.com\/shop\/","logo":{"@type":"ImageObject","inLanguage":"de","@id":"https:\/\/ecologa-europe.com\/shop\/#\/schema\/logo\/image\/","url":"https:\/\/ecologa-europe.com\/shop\/wp-content\/uploads\/2025\/04\/vertical-navbar-logo.svg","contentUrl":"https:\/\/ecologa-europe.com\/shop\/wp-content\/uploads\/2025\/04\/vertical-navbar-logo.svg","width":182,"height":70,"caption":"Elektrosmog-Schutz Onlineshop"},"image":{"@id":"https:\/\/ecologa-europe.com\/shop\/#\/schema\/logo\/image\/"},"sameAs":["https:\/\/www.facebook.com\/Ecologa-Europe-GmbH-1604744566252298\/","https:\/\/www.instagram.com\/ecologaeurope\/"]}]}},"_links":{"self":[{"href":"https:\/\/ecologa-europe.com\/shop\/wp-json\/wp\/v2\/product\/7360","targetHints":{"allow":["GET"]}}],"collection":[{"href":"https:\/\/ecologa-europe.com\/shop\/wp-json\/wp\/v2\/product"}],"about":[{"href":"https:\/\/ecologa-europe.com\/shop\/wp-json\/wp\/v2\/types\/product"}],"wp:featuredmedia":[{"embeddable":true,"href":"https:\/\/ecologa-europe.com\/shop\/wp-json\/wp\/v2\/media\/1222"}],"wp:attachment":[{"href":"https:\/\/ecologa-europe.com\/shop\/wp-json\/wp\/v2\/media?parent=7360"}],"wp:term":[{"taxonomy":"product_brand","embeddable":true,"href":"https:\/\/ecologa-europe.com\/shop\/wp-json\/wp\/v2\/product_brand?post=7360"},{"taxonomy":"product_cat","embeddable":true,"href":"https:\/\/ecologa-europe.com\/shop\/wp-json\/wp\/v2\/product_cat?post=7360"},{"taxonomy":"product_tag","embeddable":true,"href":"https:\/\/ecologa-europe.com\/shop\/wp-json\/wp\/v2\/product_tag?post=7360"}],"curies":[{"name":"wp","href":"https:\/\/api.w.org\/{rel}","templated":true}]}}