{"id":7560,"date":"2025-05-16T10:08:04","date_gmt":"2025-05-16T10:08:04","guid":{"rendered":"https:\/\/639.pm-domains.de\/?post_type=product&#038;p=7560"},"modified":"2025-12-20T00:56:44","modified_gmt":"2025-12-20T00:56:44","slug":"chemisier-blinde-pour-femmes","status":"publish","type":"product","link":"https:\/\/ecologa-europe.com\/shop\/produkt\/chemisier-blinde-pour-femmes\/?lang=fr","title":{"rendered":"Chemisier blind\u00e9 pour femmes"},"content":{"rendered":"<p>Le chemisier fait partie des v\u00eatements incontournables de toute garde-robe. Ce classique peut \u00eatre port\u00e9 de diff\u00e9rentes mani\u00e8res : sur un top, sous un pull ou avec un jean, il existe une infinit\u00e9 de variantes extr\u00eamement chics pour associer un chemisier.<br \/>\nLe choix est quasiment in\u00e9puisable. Mais la combinaison d&#8217;une coupe \u00e0 la mode et d&#8217;une qualit\u00e9 de choix est difficile \u00e0 trouver.<\/p>\n<p>Notre mod\u00e8le \u00e0 manches longues est \u00e0 la fois fonctionnel et agr\u00e9able \u00e0 porter. La coupe sportive et \u00e9l\u00e9gante est l\u00e9g\u00e8rement cintr\u00e9e. La blouse avec son col chemise est simple et facile \u00e0 porter. Ouverte ou boutonn\u00e9e, elle s&#8217;adapte \u00e0 tous les styles. La finition de tr\u00e8s haute qualit\u00e9 garantit une longue dur\u00e9e de vie.<br \/>\nNous la pr\u00e9sentons dans les couleurs classiques blanc et bleu clair.<\/p>\n<p>La blouse est fabriqu\u00e9e en coton OEKO Standard 100 et prot\u00e8ge contre les hautes fr\u00e9quences.<br \/>\nLes fils de cuivre les plus fins sont recouverts d&#8217;argent pour une compatibilit\u00e9 optimale. Afin d&#8217;exclure toute conductivit\u00e9 \u00e9lectrique et d&#8217;emp\u00eacher l&#8217;oxydation, le fil m\u00e9tallique est ensuite recouvert de polyester. Le tout est ensuite entour\u00e9 de coton et le fil obtenu est retordu avec un deuxi\u00e8me fil de coton pur.<br \/>\nGr\u00e2ce \u00e0 l&#8217;effet de blindage du treillis m\u00e9tallique tr\u00e8s fin dans le tissu, les rayonnements \u00e9lectromagn\u00e9tiques sont emp\u00each\u00e9s de p\u00e9n\u00e9trer.<br \/>\nAtt\u00e9nuation du blindage : max. ~45 dB (&gt;99,99 %)<\/p>\n\n<table id=\"tablepress-28\" class=\"tablepress tablepress-id-28\">\n<thead>\n<tr class=\"row-1\">\n\t<td class=\"column-1\"><\/td><th class=\"column-2\">Fr\u00e9quence \/ Application (MHz)<\/th><th class=\"column-3\">D\u00e9cibel (dB)<\/th><th class=\"column-4\">Pourcentage (%)<\/th>\n<\/tr>\n<\/thead>\n<tbody class=\"row-striping row-hover\">\n<tr class=\"row-2\">\n\t<td class=\"column-1\">Tetra 450<\/td><td class=\"column-2\">450MHz<\/td><td class=\"column-3\">45dB<\/td><td class=\"column-4\">99,99%<\/td>\n<\/tr>\n<tr class=\"row-3\">\n\t<td class=\"column-1\">LTE 800<\/td><td class=\"column-2\">800MHz<\/td><td class=\"column-3\">30dB<\/td><td class=\"column-4\">99,9%<\/td>\n<\/tr>\n<tr class=\"row-4\">\n\t<td class=\"column-1\">GSM 900<\/td><td class=\"column-2\">900MHz<\/td><td class=\"column-3\">30dB<\/td><td class=\"column-4\">99,9%<\/td>\n<\/tr>\n<tr class=\"row-5\">\n\t<td class=\"column-1\">GSM 1800<\/td><td class=\"column-2\">1800MHz<\/td><td class=\"column-3\">20dB<\/td><td class=\"column-4\">99%<\/td>\n<\/tr>\n<tr class=\"row-6\">\n\t<td class=\"column-1\">DECT 1800<\/td><td class=\"column-2\">1800MHz<\/td><td class=\"column-3\">20dB<\/td><td class=\"column-4\">99%<\/td>\n<\/tr>\n<tr class=\"row-7\">\n\t<td class=\"column-1\">UMTS 2000<\/td><td class=\"column-2\">2000MHz<\/td><td class=\"column-3\">20dB<\/td><td class=\"column-4\">99%<\/td>\n<\/tr>\n<tr class=\"row-8\">\n\t<td class=\"column-1\">WLAN 2400<\/td><td class=\"column-2\">2400MHz<\/td><td class=\"column-3\">20dB<\/td><td class=\"column-4\">99%<\/td>\n<\/tr>\n<tr class=\"row-9\">\n\t<td class=\"column-1\">LTE 2600<\/td><td class=\"column-2\">2600MHz<\/td><td class=\"column-3\">20dB<\/td><td class=\"column-4\">99%<\/td>\n<\/tr>\n<tr class=\"row-10\">\n\t<td class=\"column-1\">WLAN 5800<\/td><td class=\"column-2\">5800MHz<\/td><td class=\"column-3\">10dB<\/td><td class=\"column-4\">90%<\/td>\n<\/tr>\n<\/tbody>\n<\/table>\n<!-- #tablepress-28 from cache -->\n<p>Donn\u00e9es techniques :<br \/>\nComposition : popeline enti\u00e8rement retordue<br \/>\n97 % Coton, 3 % Metal (fil de cuivre fin argent\u00e9)<\/p>\n\n<table id=\"tablepress-93\" class=\"tablepress tablepress-id-93\">\n<thead>\n<tr class=\"row-1\">\n\t<th class=\"column-1\">Tailles<\/th><th class=\"column-2\">S<\/th><th class=\"column-3\">M<br \/>\n38<\/th><th class=\"column-4\">L<br \/>\n40<\/th><th class=\"column-5\">XL<br \/>\n42<\/th><th class=\"column-6\">XXL<br \/>\n44<\/th><th class=\"column-7\">3XL<br \/>\n46<\/th>\n<\/tr>\n<\/thead>\n<tbody class=\"row-striping row-hover\">\n<tr class=\"row-2\">\n\t<td class=\"column-1\">Encolure<\/td><td class=\"column-2\">36<\/td><td class=\"column-3\">37<\/td><td class=\"column-4\">38<\/td><td class=\"column-5\">39<\/td><td class=\"column-6\">40<\/td><td class=\"column-7\">41<\/td>\n<\/tr>\n<tr class=\"row-3\">\n\t<td class=\"column-1\">Tour de poitrine<\/td><td class=\"column-2\">94<\/td><td class=\"column-3\">98<\/td><td class=\"column-4\">102<\/td><td class=\"column-5\">106<\/td><td class=\"column-6\">110<\/td><td class=\"column-7\">114<\/td>\n<\/tr>\n<tr class=\"row-4\">\n\t<td class=\"column-1\">Tour de taille<\/td><td class=\"column-2\">84<\/td><td class=\"column-3\">88<\/td><td class=\"column-4\">92<\/td><td class=\"column-5\">96<\/td><td class=\"column-6\">100<\/td><td class=\"column-7\">104<\/td>\n<\/tr>\n<tr class=\"row-5\">\n\t<td class=\"column-1\">Tour de hanches<\/td><td class=\"column-2\">96<\/td><td class=\"column-3\">100<\/td><td class=\"column-4\">104<\/td><td class=\"column-5\">108<\/td><td class=\"column-6\">112<\/td><td class=\"column-7\">116<\/td>\n<\/tr>\n<tr class=\"row-6\">\n\t<td class=\"column-1\">Hauteur du dos<\/td><td class=\"column-2\">66<\/td><td class=\"column-3\">66<\/td><td class=\"column-4\">66<\/td><td class=\"column-5\">67<\/td><td class=\"column-6\">67<\/td><td class=\"column-7\">68<\/td>\n<\/tr>\n<tr class=\"row-7\">\n\t<td class=\"column-1\">Longueur de manche<\/td><td class=\"column-2\">60<\/td><td class=\"column-3\">61<\/td><td class=\"column-4\">61<\/td><td class=\"column-5\">62<\/td><td class=\"column-6\">62<\/td><td class=\"column-7\">62<\/td>\n<\/tr>\n<tr class=\"row-8\">\n\t<td class=\"column-1\">Tour du poignet<\/td><td class=\"column-2\">23<\/td><td class=\"column-3\">23<\/td><td class=\"column-4\">24<\/td><td class=\"column-5\">24<\/td><td class=\"column-6\">25<\/td><td class=\"column-7\">25<\/td>\n<\/tr>\n<tr class=\"row-9\">\n\t<td class=\"column-1\">Hauteur de la manchette<\/td><td class=\"column-2\">6<\/td><td class=\"column-3\">6<\/td><td class=\"column-4\">6<\/td><td class=\"column-5\">6<\/td><td class=\"column-6\">6<\/td><td class=\"column-7\">6<\/td>\n<\/tr>\n<tr class=\"row-10\">\n\t<td class=\"column-1\">Largeur de la manchette<\/td><td class=\"column-2\">24,5<\/td><td class=\"column-3\">24,5<\/td><td class=\"column-4\">24,5<\/td><td class=\"column-5\">24,5<\/td><td class=\"column-6\">25<\/td><td class=\"column-7\">25<\/td>\n<\/tr>\n<\/tbody>\n<\/table>\n\n<p>Conseils d&#8217;entretien :<br \/>\nLavage d\u00e9licat \u00e0 30 \u00b0C.<br \/>\nNe pas utiliser de d\u00e9sinfectants ou de produits de nettoyage contenant du chlore !<br \/>\nNe pas utiliser d&#8217;adoucissant.<\/p>\n","protected":false},"excerpt":{"rendered":"<p>Chemisier pour femmes prot\u00e9geant contre les hautes fr\u00e9quences, coupe sportive et \u00e9l\u00e9gante, l\u00e9g\u00e8rement cintr\u00e9e. La finition de tr\u00e8s haute qualit\u00e9<br \/>\ngarantit une longue dur\u00e9e de vie. Chemisier \u00e0 manches longues \u00e0 la fois fonctionnel et agr\u00e9able \u00e0 porter.<\/p>\n<p>Pour la protection du haut du corps contre les ondes \u00e9lectromagn\u00e9tiques \u00e0 haute fr\u00e9quence.<\/p>\n<p>Tissu popeline enti\u00e8rement retors &#8211; 97% coton \/ 3% m\u00e9tal<br \/>\nFinition de tr\u00e8s haute qualit\u00e9<br \/>\nBonne lavabilit\u00e9<br \/>\nGrand confort de port<\/p>\n","protected":false},"featured_media":826,"template":"","meta":{"inline_featured_image":false,"site-sidebar-layout":"default","site-content-layout":"","ast-site-content-layout":"default","site-content-style":"default","site-sidebar-style":"default","ast-global-header-display":"","ast-banner-title-visibility":"","ast-main-header-display":"","ast-hfb-above-header-display":"","ast-hfb-below-header-display":"","ast-hfb-mobile-header-display":"","site-post-title":"","ast-breadcrumbs-content":"","ast-featured-img":"","footer-sml-layout":"","ast-disable-related-posts":"","theme-transparent-header-meta":"default","adv-header-id-meta":"","stick-header-meta":"","header-above-stick-meta":"","header-main-stick-meta":"","header-below-stick-meta":"","astra-migrate-meta-layouts":"default","ast-page-background-enabled":"default","ast-page-background-meta":{"desktop":{"background-color":"var(--ast-global-color-5)","background-image":"","background-repeat":"repeat","background-position":"center center","background-size":"auto","background-attachment":"scroll","background-type":"","background-media":"","overlay-type":"","overlay-color":"","overlay-opacity":"","overlay-gradient":""},"tablet":{"background-color":"","background-image":"","background-repeat":"repeat","background-position":"center center","background-size":"auto","background-attachment":"scroll","background-type":"","background-media":"","overlay-type":"","overlay-color":"","overlay-opacity":"","overlay-gradient":""},"mobile":{"background-color":"","background-image":"","background-repeat":"repeat","background-position":"center center","background-size":"auto","background-attachment":"scroll","background-type":"","background-media":"","overlay-type":"","overlay-color":"","overlay-opacity":"","overlay-gradient":""}},"ast-content-background-meta":{"desktop":{"background-color":"var(--ast-global-color-4)","background-image":"","background-repeat":"repeat","background-position":"center center","background-size":"auto","background-attachment":"scroll","background-type":"","background-media":"","overlay-type":"","overlay-color":"","overlay-opacity":"","overlay-gradient":""},"tablet":{"background-color":"var(--ast-global-color-4)","background-image":"","background-repeat":"repeat","background-position":"center center","background-size":"auto","background-attachment":"scroll","background-type":"","background-media":"","overlay-type":"","overlay-color":"","overlay-opacity":"","overlay-gradient":""},"mobile":{"background-color":"var(--ast-global-color-4)","background-image":"","background-repeat":"repeat","background-position":"center center","background-size":"auto","background-attachment":"scroll","background-type":"","background-media":"","overlay-type":"","overlay-color":"","overlay-opacity":"","overlay-gradient":""}}},"product_brand":[],"product_cat":[198,185],"product_tag":[],"class_list":{"0":"post-7560","1":"product","2":"type-product","3":"status-publish","4":"has-post-thumbnail","6":"product_cat-femmes","7":"product_cat-vetements-high-tech","8":"product_shipping_class-standardversand","9":"pa_farbe-blanc","10":"pa_farbe-gris-bleu-clair","11":"pa_groesse-36-3","12":"pa_groesse-38-4","13":"pa_groesse-40-4","14":"pa_groesse-42-4","15":"pa_groesse-44-3","16":"pa_groesse-46-3","17":"pa_groesse-48-4","18":"pa_groesse-50-2","19":"desktop-align-left","20":"tablet-align-left","21":"mobile-align-left","23":"first","24":"instock","25":"taxable","26":"shipping-taxable","27":"purchasable","28":"product-type-variable"},"yoast_head":"<!-- This site is optimized with the Yoast SEO plugin v27.5 - https:\/\/yoast.com\/product\/yoast-seo-wordpress\/ -->\n<title>Chemisier blind\u00e9 pour femmes - Elektrosmog-Schutz Onlineshop<\/title>\n<meta name=\"description\" content=\"Chemisier \u00e0 manches longues pour femmes, blindage haute fr\u00e9quence, coupe sportive et \u00e9l\u00e9gante, l\u00e9g\u00e8rement cintr\u00e9e. Fonctionnelle et en m\u00eame temps agr\u00e9able \u00e0 porter.\" \/>\n<meta name=\"robots\" content=\"index, follow, max-snippet:-1, max-image-preview:large, max-video-preview:-1\" \/>\n<link rel=\"canonical\" href=\"https:\/\/ecologa-europe.com\/shop\/produkt\/chemisier-blinde-pour-femmes\/\" \/>\n<meta property=\"og:locale\" content=\"de_DE\" \/>\n<meta property=\"og:type\" content=\"article\" \/>\n<meta property=\"og:title\" content=\"Chemisier blind\u00e9 pour femmes - Elektrosmog-Schutz Onlineshop\" \/>\n<meta property=\"og:description\" content=\"Chemisier \u00e0 manches longues pour femmes, blindage haute fr\u00e9quence, coupe sportive et \u00e9l\u00e9gante, l\u00e9g\u00e8rement cintr\u00e9e. Fonctionnelle et en m\u00eame temps agr\u00e9able \u00e0 porter.\" \/>\n<meta property=\"og:url\" content=\"https:\/\/ecologa-europe.com\/shop\/produkt\/chemisier-blinde-pour-femmes\/?lang=fr\" \/>\n<meta property=\"og:site_name\" content=\"Elektrosmog-Schutz Onlineshop\" \/>\n<meta property=\"article:publisher\" content=\"https:\/\/www.facebook.com\/Ecologa-Europe-GmbH-1604744566252298\/\" \/>\n<meta property=\"article:modified_time\" content=\"2025-12-20T00:56:44+00:00\" \/>\n<meta property=\"og:image\" content=\"https:\/\/ecologa-europe.com\/shop\/wp-content\/uploads\/2025\/04\/Bluse_blau_4.jpg\" \/>\n\t<meta property=\"og:image:width\" content=\"1772\" \/>\n\t<meta property=\"og:image:height\" content=\"1280\" \/>\n\t<meta property=\"og:image:type\" content=\"image\/jpeg\" \/>\n<meta name=\"twitter:card\" content=\"summary_large_image\" \/>\n<meta name=\"twitter:label1\" content=\"Gesch\u00e4tzte Lesezeit\" \/>\n\t<meta name=\"twitter:data1\" content=\"2\u00a0Minuten\" \/>\n<script type=\"application\/ld+json\" class=\"yoast-schema-graph\">{\"@context\":\"https:\\\/\\\/schema.org\",\"@graph\":[{\"@type\":\"WebPage\",\"@id\":\"https:\\\/\\\/ecologa-europe.com\\\/shop\\\/produkt\\\/chemisier-blinde-pour-femmes\\\/?lang=fr\",\"url\":\"https:\\\/\\\/ecologa-europe.com\\\/shop\\\/produkt\\\/chemisier-blinde-pour-femmes\\\/?lang=fr\",\"name\":\"Chemisier blind\u00e9 pour femmes - Elektrosmog-Schutz Onlineshop\",\"isPartOf\":{\"@id\":\"https:\\\/\\\/ecologa-europe.com\\\/shop\\\/#website\"},\"primaryImageOfPage\":{\"@id\":\"https:\\\/\\\/ecologa-europe.com\\\/shop\\\/produkt\\\/chemisier-blinde-pour-femmes\\\/?lang=fr#primaryimage\"},\"image\":{\"@id\":\"https:\\\/\\\/ecologa-europe.com\\\/shop\\\/produkt\\\/chemisier-blinde-pour-femmes\\\/?lang=fr#primaryimage\"},\"thumbnailUrl\":\"https:\\\/\\\/ecologa-europe.com\\\/shop\\\/wp-content\\\/uploads\\\/2025\\\/04\\\/Bluse_blau_4.jpg\",\"datePublished\":\"2025-05-16T10:08:04+00:00\",\"dateModified\":\"2025-12-20T00:56:44+00:00\",\"description\":\"Chemisier \u00e0 manches longues pour femmes, blindage haute fr\u00e9quence, coupe sportive et \u00e9l\u00e9gante, l\u00e9g\u00e8rement cintr\u00e9e. Fonctionnelle et en m\u00eame temps agr\u00e9able \u00e0 porter.\",\"breadcrumb\":{\"@id\":\"https:\\\/\\\/ecologa-europe.com\\\/shop\\\/produkt\\\/chemisier-blinde-pour-femmes\\\/?lang=fr#breadcrumb\"},\"inLanguage\":\"de\",\"potentialAction\":[{\"@type\":\"ReadAction\",\"target\":[\"https:\\\/\\\/ecologa-europe.com\\\/shop\\\/produkt\\\/chemisier-blinde-pour-femmes\\\/?lang=fr\"]}]},{\"@type\":\"ImageObject\",\"inLanguage\":\"de\",\"@id\":\"https:\\\/\\\/ecologa-europe.com\\\/shop\\\/produkt\\\/chemisier-blinde-pour-femmes\\\/?lang=fr#primaryimage\",\"url\":\"https:\\\/\\\/ecologa-europe.com\\\/shop\\\/wp-content\\\/uploads\\\/2025\\\/04\\\/Bluse_blau_4.jpg\",\"contentUrl\":\"https:\\\/\\\/ecologa-europe.com\\\/shop\\\/wp-content\\\/uploads\\\/2025\\\/04\\\/Bluse_blau_4.jpg\",\"width\":1772,\"height\":1280},{\"@type\":\"BreadcrumbList\",\"@id\":\"https:\\\/\\\/ecologa-europe.com\\\/shop\\\/produkt\\\/chemisier-blinde-pour-femmes\\\/?lang=fr#breadcrumb\",\"itemListElement\":[{\"@type\":\"ListItem\",\"position\":1,\"name\":\"Startseite\",\"item\":\"https:\\\/\\\/ecologa-europe.com\\\/shop\\\/\"},{\"@type\":\"ListItem\",\"position\":2,\"name\":\"Shop\",\"item\":\"https:\\\/\\\/ecologa-europe.com\\\/shop\\\/shop\\\/\"},{\"@type\":\"ListItem\",\"position\":3,\"name\":\"Chemisier blind\u00e9 pour femmes\"}]},{\"@type\":\"WebSite\",\"@id\":\"https:\\\/\\\/ecologa-europe.com\\\/shop\\\/#website\",\"url\":\"https:\\\/\\\/ecologa-europe.com\\\/shop\\\/\",\"name\":\"Elektrosmog-Schutz Onlineshop\",\"description\":\"Ecologa Europe\",\"publisher\":{\"@id\":\"https:\\\/\\\/ecologa-europe.com\\\/shop\\\/#organization\"},\"potentialAction\":[{\"@type\":\"SearchAction\",\"target\":{\"@type\":\"EntryPoint\",\"urlTemplate\":\"https:\\\/\\\/ecologa-europe.com\\\/shop\\\/?s={search_term_string}\"},\"query-input\":{\"@type\":\"PropertyValueSpecification\",\"valueRequired\":true,\"valueName\":\"search_term_string\"}}],\"inLanguage\":\"de\"},{\"@type\":\"Organization\",\"@id\":\"https:\\\/\\\/ecologa-europe.com\\\/shop\\\/#organization\",\"name\":\"Elektrosmog-Schutz Onlineshop\",\"url\":\"https:\\\/\\\/ecologa-europe.com\\\/shop\\\/\",\"logo\":{\"@type\":\"ImageObject\",\"inLanguage\":\"de\",\"@id\":\"https:\\\/\\\/ecologa-europe.com\\\/shop\\\/#\\\/schema\\\/logo\\\/image\\\/\",\"url\":\"https:\\\/\\\/ecologa-europe.com\\\/shop\\\/wp-content\\\/uploads\\\/2025\\\/04\\\/vertical-navbar-logo.svg\",\"contentUrl\":\"https:\\\/\\\/ecologa-europe.com\\\/shop\\\/wp-content\\\/uploads\\\/2025\\\/04\\\/vertical-navbar-logo.svg\",\"width\":182,\"height\":70,\"caption\":\"Elektrosmog-Schutz Onlineshop\"},\"image\":{\"@id\":\"https:\\\/\\\/ecologa-europe.com\\\/shop\\\/#\\\/schema\\\/logo\\\/image\\\/\"},\"sameAs\":[\"https:\\\/\\\/www.facebook.com\\\/Ecologa-Europe-GmbH-1604744566252298\\\/\",\"https:\\\/\\\/www.instagram.com\\\/ecologaeurope\\\/\"]}]}<\/script>\n<!-- \/ Yoast SEO plugin. -->","yoast_head_json":{"title":"Chemisier blind\u00e9 pour femmes - Elektrosmog-Schutz Onlineshop","description":"Chemisier \u00e0 manches longues pour femmes, blindage haute fr\u00e9quence, coupe sportive et \u00e9l\u00e9gante, l\u00e9g\u00e8rement cintr\u00e9e. Fonctionnelle et en m\u00eame temps agr\u00e9able \u00e0 porter.","robots":{"index":"index","follow":"follow","max-snippet":"max-snippet:-1","max-image-preview":"max-image-preview:large","max-video-preview":"max-video-preview:-1"},"canonical":"https:\/\/ecologa-europe.com\/shop\/produkt\/chemisier-blinde-pour-femmes\/","og_locale":"de_DE","og_type":"article","og_title":"Chemisier blind\u00e9 pour femmes - Elektrosmog-Schutz Onlineshop","og_description":"Chemisier \u00e0 manches longues pour femmes, blindage haute fr\u00e9quence, coupe sportive et \u00e9l\u00e9gante, l\u00e9g\u00e8rement cintr\u00e9e. Fonctionnelle et en m\u00eame temps agr\u00e9able \u00e0 porter.","og_url":"https:\/\/ecologa-europe.com\/shop\/produkt\/chemisier-blinde-pour-femmes\/?lang=fr","og_site_name":"Elektrosmog-Schutz Onlineshop","article_publisher":"https:\/\/www.facebook.com\/Ecologa-Europe-GmbH-1604744566252298\/","article_modified_time":"2025-12-20T00:56:44+00:00","og_image":[{"width":1772,"height":1280,"url":"https:\/\/ecologa-europe.com\/shop\/wp-content\/uploads\/2025\/04\/Bluse_blau_4.jpg","type":"image\/jpeg"}],"twitter_card":"summary_large_image","twitter_misc":{"Gesch\u00e4tzte Lesezeit":"2\u00a0Minuten"},"schema":{"@context":"https:\/\/schema.org","@graph":[{"@type":"WebPage","@id":"https:\/\/ecologa-europe.com\/shop\/produkt\/chemisier-blinde-pour-femmes\/?lang=fr","url":"https:\/\/ecologa-europe.com\/shop\/produkt\/chemisier-blinde-pour-femmes\/?lang=fr","name":"Chemisier blind\u00e9 pour femmes - Elektrosmog-Schutz Onlineshop","isPartOf":{"@id":"https:\/\/ecologa-europe.com\/shop\/#website"},"primaryImageOfPage":{"@id":"https:\/\/ecologa-europe.com\/shop\/produkt\/chemisier-blinde-pour-femmes\/?lang=fr#primaryimage"},"image":{"@id":"https:\/\/ecologa-europe.com\/shop\/produkt\/chemisier-blinde-pour-femmes\/?lang=fr#primaryimage"},"thumbnailUrl":"https:\/\/ecologa-europe.com\/shop\/wp-content\/uploads\/2025\/04\/Bluse_blau_4.jpg","datePublished":"2025-05-16T10:08:04+00:00","dateModified":"2025-12-20T00:56:44+00:00","description":"Chemisier \u00e0 manches longues pour femmes, blindage haute fr\u00e9quence, coupe sportive et \u00e9l\u00e9gante, l\u00e9g\u00e8rement cintr\u00e9e. Fonctionnelle et en m\u00eame temps agr\u00e9able \u00e0 porter.","breadcrumb":{"@id":"https:\/\/ecologa-europe.com\/shop\/produkt\/chemisier-blinde-pour-femmes\/?lang=fr#breadcrumb"},"inLanguage":"de","potentialAction":[{"@type":"ReadAction","target":["https:\/\/ecologa-europe.com\/shop\/produkt\/chemisier-blinde-pour-femmes\/?lang=fr"]}]},{"@type":"ImageObject","inLanguage":"de","@id":"https:\/\/ecologa-europe.com\/shop\/produkt\/chemisier-blinde-pour-femmes\/?lang=fr#primaryimage","url":"https:\/\/ecologa-europe.com\/shop\/wp-content\/uploads\/2025\/04\/Bluse_blau_4.jpg","contentUrl":"https:\/\/ecologa-europe.com\/shop\/wp-content\/uploads\/2025\/04\/Bluse_blau_4.jpg","width":1772,"height":1280},{"@type":"BreadcrumbList","@id":"https:\/\/ecologa-europe.com\/shop\/produkt\/chemisier-blinde-pour-femmes\/?lang=fr#breadcrumb","itemListElement":[{"@type":"ListItem","position":1,"name":"Startseite","item":"https:\/\/ecologa-europe.com\/shop\/"},{"@type":"ListItem","position":2,"name":"Shop","item":"https:\/\/ecologa-europe.com\/shop\/shop\/"},{"@type":"ListItem","position":3,"name":"Chemisier blind\u00e9 pour femmes"}]},{"@type":"WebSite","@id":"https:\/\/ecologa-europe.com\/shop\/#website","url":"https:\/\/ecologa-europe.com\/shop\/","name":"Elektrosmog-Schutz Onlineshop","description":"Ecologa Europe","publisher":{"@id":"https:\/\/ecologa-europe.com\/shop\/#organization"},"potentialAction":[{"@type":"SearchAction","target":{"@type":"EntryPoint","urlTemplate":"https:\/\/ecologa-europe.com\/shop\/?s={search_term_string}"},"query-input":{"@type":"PropertyValueSpecification","valueRequired":true,"valueName":"search_term_string"}}],"inLanguage":"de"},{"@type":"Organization","@id":"https:\/\/ecologa-europe.com\/shop\/#organization","name":"Elektrosmog-Schutz Onlineshop","url":"https:\/\/ecologa-europe.com\/shop\/","logo":{"@type":"ImageObject","inLanguage":"de","@id":"https:\/\/ecologa-europe.com\/shop\/#\/schema\/logo\/image\/","url":"https:\/\/ecologa-europe.com\/shop\/wp-content\/uploads\/2025\/04\/vertical-navbar-logo.svg","contentUrl":"https:\/\/ecologa-europe.com\/shop\/wp-content\/uploads\/2025\/04\/vertical-navbar-logo.svg","width":182,"height":70,"caption":"Elektrosmog-Schutz Onlineshop"},"image":{"@id":"https:\/\/ecologa-europe.com\/shop\/#\/schema\/logo\/image\/"},"sameAs":["https:\/\/www.facebook.com\/Ecologa-Europe-GmbH-1604744566252298\/","https:\/\/www.instagram.com\/ecologaeurope\/"]}]}},"_links":{"self":[{"href":"https:\/\/ecologa-europe.com\/shop\/wp-json\/wp\/v2\/product\/7560","targetHints":{"allow":["GET"]}}],"collection":[{"href":"https:\/\/ecologa-europe.com\/shop\/wp-json\/wp\/v2\/product"}],"about":[{"href":"https:\/\/ecologa-europe.com\/shop\/wp-json\/wp\/v2\/types\/product"}],"wp:featuredmedia":[{"embeddable":true,"href":"https:\/\/ecologa-europe.com\/shop\/wp-json\/wp\/v2\/media\/826"}],"wp:attachment":[{"href":"https:\/\/ecologa-europe.com\/shop\/wp-json\/wp\/v2\/media?parent=7560"}],"wp:term":[{"taxonomy":"product_brand","embeddable":true,"href":"https:\/\/ecologa-europe.com\/shop\/wp-json\/wp\/v2\/product_brand?post=7560"},{"taxonomy":"product_cat","embeddable":true,"href":"https:\/\/ecologa-europe.com\/shop\/wp-json\/wp\/v2\/product_cat?post=7560"},{"taxonomy":"product_tag","embeddable":true,"href":"https:\/\/ecologa-europe.com\/shop\/wp-json\/wp\/v2\/product_tag?post=7560"}],"curies":[{"name":"wp","href":"https:\/\/api.w.org\/{rel}","templated":true}]}}