{"id":7732,"date":"2025-05-16T10:26:27","date_gmt":"2025-05-16T10:26:27","guid":{"rendered":"https:\/\/639.pm-domains.de\/?post_type=product&#038;p=7732"},"modified":"2026-02-01T12:29:18","modified_gmt":"2026-02-01T12:29:18","slug":"herren-abschirm-beanie-arwen","status":"publish","type":"product","link":"https:\/\/ecologa-europe.com\/shop\/produkt\/herren-abschirm-beanie-arwen\/","title":{"rendered":"Herren Abschirm-Beanie Arwen"},"content":{"rendered":"<p>Eine M\u00fctze ist eine sichere Wahl f\u00fcr alle, da sie sich ganz nat\u00fcrlich an Ihren K\u00f6rper anpasst, ohne schlecht zu sitzen. Das macht sie zu einem unverzichtbaren Accessoire f\u00fcr alle.<br \/>\nWir lieben M\u00fctzen, weil sie schon lange zu absoluten &#8222;Statement Pieces&#8220; geworden sind.<br \/>\nUnsere Arwen M\u00fctze h\u00e4lt nicht nur unseren Kopf im Winter warm, sondern sch\u00fctzt uns auch sehr effektiv vor hochfrequenten Strahlen.<br \/>\nDie Arwen M\u00fctze hat einen eher legeren Schnitt und ist in neutralen Farben erh\u00e4ltlich, die immer im Trend liegen.<\/p>\n<p>Sie ist aus zwei Lagen Baumwolljersey gefertigt. Das abschirmende Futter zwischen dem Jersey ist ein Gestrick, das aus einem feinen, monofilen Polymergarn hergestellt wird, das thermisch und elektrisch leitf\u00e4hig ist. Dieser Stoff hat eine abschirmende Wirkung gegen\u00fcber elektromagnetischer Strahlung.<br \/>\nSeine Abschirmungsf\u00e4higkeit ist wie folgt:<br \/>\ndurchschnittlich &lt; 45 dB von 0,2 GHz &#8211; 2 GHz<br \/>\ndurchschnittlich &lt; 40 dB von 2 GHz &#8211; 5 GHz<br \/>\ndurchschnittlich &lt; 36 dB von 5 GHz &#8211; 14 GHZ<br \/>\nEs handelt sich um eine Unisex-M\u00fctze.<br \/>\nArwen ist in folgenden Farben erh\u00e4ltlich: Schwarz, Marine, Kobalt, Dark Jeans, Anthrazit, Hellgrau, Braun, Beige, Bordeaux.<\/p>\n<p>M\u00fctze in Deutschland hergestellt<\/p>\n<p>Pflegehinweise:<br \/>\nNicht trocknergeeignet, Maschinenw\u00e4sche bei 30\u00b0C Schonwaschgang<br \/>\nkein Weichsp\u00fcler verwenden<\/p>\n","protected":false},"excerpt":{"rendered":"<p>Unsere Arwen M\u00fctze h\u00e4lt nicht nur unseren Kopf im Winter warm, sondern sch\u00fctzt uns auch sehr effektiv vor hochfrequenten Strahlen.<br \/>\nDie Arwen M\u00fctze hat einen eher legeren Schnitt und ist in neutralen Farben erh\u00e4ltlich, die immer im Trend liegen.<\/p>\n<p>Zur Abschirmung hochfrequenter elektromagnetischer Wellen<br \/>\nGr\u00f6\u00dfe: Einheitsgr\u00f6\u00dfe (ca. 57 cm Kopfumfang)<br \/>\nFarben: schwarz, marine, kobalt, dunkel jeans, braun, beige,\u00a0 anthrazit, hellgrau, purpur<br \/>\nJersey, 94% Baumwolle, 6% Lycra<br \/>\nAbschirmstoff (innen): versilbertes 100 % Polyamid \/ Nylon 6.6<br \/>\nOEKO-Tex\u00ae zertifiziert<br \/>\nRoHS und REACH konform<\/p>\n","protected":false},"featured_media":731,"template":"","meta":{"inline_featured_image":false,"site-sidebar-layout":"default","site-content-layout":"","ast-site-content-layout":"default","site-content-style":"default","site-sidebar-style":"default","ast-global-header-display":"","ast-banner-title-visibility":"","ast-main-header-display":"","ast-hfb-above-header-display":"","ast-hfb-below-header-display":"","ast-hfb-mobile-header-display":"","site-post-title":"","ast-breadcrumbs-content":"","ast-featured-img":"","footer-sml-layout":"","ast-disable-related-posts":"","theme-transparent-header-meta":"default","adv-header-id-meta":"","stick-header-meta":"","header-above-stick-meta":"","header-main-stick-meta":"","header-below-stick-meta":"","astra-migrate-meta-layouts":"set","ast-page-background-enabled":"default","ast-page-background-meta":{"desktop":{"background-color":"var(--ast-global-color-5)","background-image":"","background-repeat":"repeat","background-position":"center center","background-size":"auto","background-attachment":"scroll","background-type":"","background-media":"","overlay-type":"","overlay-color":"","overlay-opacity":"","overlay-gradient":""},"tablet":{"background-color":"","background-image":"","background-repeat":"repeat","background-position":"center center","background-size":"auto","background-attachment":"scroll","background-type":"","background-media":"","overlay-type":"","overlay-color":"","overlay-opacity":"","overlay-gradient":""},"mobile":{"background-color":"","background-image":"","background-repeat":"repeat","background-position":"center center","background-size":"auto","background-attachment":"scroll","background-type":"","background-media":"","overlay-type":"","overlay-color":"","overlay-opacity":"","overlay-gradient":""}},"ast-content-background-meta":{"desktop":{"background-color":"var(--ast-global-color-4)","background-image":"","background-repeat":"repeat","background-position":"center center","background-size":"auto","background-attachment":"scroll","background-type":"","background-media":"","overlay-type":"","overlay-color":"","overlay-opacity":"","overlay-gradient":""},"tablet":{"background-color":"var(--ast-global-color-4)","background-image":"","background-repeat":"repeat","background-position":"center center","background-size":"auto","background-attachment":"scroll","background-type":"","background-media":"","overlay-type":"","overlay-color":"","overlay-opacity":"","overlay-gradient":""},"mobile":{"background-color":"var(--ast-global-color-4)","background-image":"","background-repeat":"repeat","background-position":"center center","background-size":"auto","background-attachment":"scroll","background-type":"","background-media":"","overlay-type":"","overlay-color":"","overlay-opacity":"","overlay-gradient":""}}},"product_brand":[],"product_cat":[16,30,23],"product_tag":[19,46,47],"class_list":{"0":"post-7732","1":"product","2":"type-product","3":"status-publish","4":"has-post-thumbnail","6":"product_cat-abschirmkleidung","7":"product_cat-abschirmkleidung-herren","8":"product_cat-accessoires","9":"product_tag-abschirmkleidung","10":"product_tag-abschirmmuetze","11":"product_tag-elektrosmog-abschirmen","12":"product_shipping_class-standardversand","13":"pa_farbe-anthrazit","14":"pa_farbe-beige","15":"pa_farbe-bordeaux","16":"pa_farbe-braun","17":"pa_farbe-dark-jeans","18":"pa_farbe-hellgrau","19":"pa_farbe-kobalt","20":"pa_farbe-marine","21":"pa_farbe-schwarz","22":"desktop-align-left","23":"tablet-align-left","24":"mobile-align-left","26":"first","27":"instock","28":"taxable","29":"shipping-taxable","30":"purchasable","31":"product-type-variable"},"yoast_head":"<!-- This site is optimized with the Yoast SEO plugin v27.3 - https:\/\/yoast.com\/product\/yoast-seo-wordpress\/ -->\n<title>Herren Abschirm-Beanie Arwen - Elektrosmog-Schutz Onlineshop<\/title>\n<meta name=\"description\" content=\"Unsere Arwen M\u00fctze Arwen h\u00e4lt nicht nur unseren Kopf im Winter warm, sondern sch\u00fctzt uns auch sehr effektiv vor elektromagnetischen Strahlungen.\" \/>\n<meta name=\"robots\" content=\"index, follow, max-snippet:-1, max-image-preview:large, max-video-preview:-1\" \/>\n<link rel=\"canonical\" href=\"https:\/\/ecologa-europe.com\/shop\/produkt\/herren-abschirm-beanie-arwen\/\" \/>\n<meta property=\"og:locale\" content=\"de_DE\" \/>\n<meta property=\"og:type\" content=\"article\" \/>\n<meta property=\"og:title\" content=\"Herren Abschirm-Beanie Arwen - Elektrosmog-Schutz Onlineshop\" \/>\n<meta property=\"og:description\" content=\"Unsere Arwen M\u00fctze Arwen h\u00e4lt nicht nur unseren Kopf im Winter warm, sondern sch\u00fctzt uns auch sehr effektiv vor elektromagnetischen Strahlungen.\" \/>\n<meta property=\"og:url\" content=\"https:\/\/ecologa-europe.com\/shop\/produkt\/herren-abschirm-beanie-arwen\/\" \/>\n<meta property=\"og:site_name\" content=\"Elektrosmog-Schutz Onlineshop\" \/>\n<meta property=\"article:publisher\" content=\"https:\/\/www.facebook.com\/Ecologa-Europe-GmbH-1604744566252298\/\" \/>\n<meta property=\"article:modified_time\" content=\"2026-02-01T12:29:18+00:00\" \/>\n<meta property=\"og:image\" content=\"https:\/\/ecologa-europe.com\/shop\/wp-content\/uploads\/2025\/04\/beanie_knit_2.jpg\" \/>\n\t<meta property=\"og:image:width\" content=\"1800\" \/>\n\t<meta property=\"og:image:height\" content=\"1300\" \/>\n\t<meta property=\"og:image:type\" content=\"image\/jpeg\" \/>\n<meta name=\"twitter:card\" content=\"summary_large_image\" \/>\n<meta name=\"twitter:label1\" content=\"Gesch\u00e4tzte Lesezeit\" \/>\n\t<meta name=\"twitter:data1\" content=\"2\u00a0Minuten\" \/>\n<script type=\"application\/ld+json\" class=\"yoast-schema-graph\">{\"@context\":\"https:\\\/\\\/schema.org\",\"@graph\":[{\"@type\":\"WebPage\",\"@id\":\"https:\\\/\\\/ecologa-europe.com\\\/shop\\\/produkt\\\/herren-abschirm-beanie-arwen\\\/\",\"url\":\"https:\\\/\\\/ecologa-europe.com\\\/shop\\\/produkt\\\/herren-abschirm-beanie-arwen\\\/\",\"name\":\"Herren Abschirm-Beanie Arwen - Elektrosmog-Schutz Onlineshop\",\"isPartOf\":{\"@id\":\"https:\\\/\\\/ecologa-europe.com\\\/shop\\\/#website\"},\"primaryImageOfPage\":{\"@id\":\"https:\\\/\\\/ecologa-europe.com\\\/shop\\\/produkt\\\/herren-abschirm-beanie-arwen\\\/#primaryimage\"},\"image\":{\"@id\":\"https:\\\/\\\/ecologa-europe.com\\\/shop\\\/produkt\\\/herren-abschirm-beanie-arwen\\\/#primaryimage\"},\"thumbnailUrl\":\"https:\\\/\\\/ecologa-europe.com\\\/shop\\\/wp-content\\\/uploads\\\/2025\\\/04\\\/beanie_knit_2.jpg\",\"datePublished\":\"2025-05-16T10:26:27+00:00\",\"dateModified\":\"2026-02-01T12:29:18+00:00\",\"description\":\"Unsere Arwen M\u00fctze Arwen h\u00e4lt nicht nur unseren Kopf im Winter warm, sondern sch\u00fctzt uns auch sehr effektiv vor elektromagnetischen Strahlungen.\",\"breadcrumb\":{\"@id\":\"https:\\\/\\\/ecologa-europe.com\\\/shop\\\/produkt\\\/herren-abschirm-beanie-arwen\\\/#breadcrumb\"},\"inLanguage\":\"de\",\"potentialAction\":[{\"@type\":\"ReadAction\",\"target\":[\"https:\\\/\\\/ecologa-europe.com\\\/shop\\\/produkt\\\/herren-abschirm-beanie-arwen\\\/\"]}]},{\"@type\":\"ImageObject\",\"inLanguage\":\"de\",\"@id\":\"https:\\\/\\\/ecologa-europe.com\\\/shop\\\/produkt\\\/herren-abschirm-beanie-arwen\\\/#primaryimage\",\"url\":\"https:\\\/\\\/ecologa-europe.com\\\/shop\\\/wp-content\\\/uploads\\\/2025\\\/04\\\/beanie_knit_2.jpg\",\"contentUrl\":\"https:\\\/\\\/ecologa-europe.com\\\/shop\\\/wp-content\\\/uploads\\\/2025\\\/04\\\/beanie_knit_2.jpg\",\"width\":1800,\"height\":1300},{\"@type\":\"BreadcrumbList\",\"@id\":\"https:\\\/\\\/ecologa-europe.com\\\/shop\\\/produkt\\\/herren-abschirm-beanie-arwen\\\/#breadcrumb\",\"itemListElement\":[{\"@type\":\"ListItem\",\"position\":1,\"name\":\"Startseite\",\"item\":\"https:\\\/\\\/ecologa-europe.com\\\/shop\\\/\"},{\"@type\":\"ListItem\",\"position\":2,\"name\":\"Shop\",\"item\":\"https:\\\/\\\/ecologa-europe.com\\\/shop\\\/shop\\\/\"},{\"@type\":\"ListItem\",\"position\":3,\"name\":\"Herren Abschirm-Beanie Arwen\"}]},{\"@type\":\"WebSite\",\"@id\":\"https:\\\/\\\/ecologa-europe.com\\\/shop\\\/#website\",\"url\":\"https:\\\/\\\/ecologa-europe.com\\\/shop\\\/\",\"name\":\"Elektrosmog-Schutz Onlineshop\",\"description\":\"Ecologa Europe\",\"publisher\":{\"@id\":\"https:\\\/\\\/ecologa-europe.com\\\/shop\\\/#organization\"},\"potentialAction\":[{\"@type\":\"SearchAction\",\"target\":{\"@type\":\"EntryPoint\",\"urlTemplate\":\"https:\\\/\\\/ecologa-europe.com\\\/shop\\\/?s={search_term_string}\"},\"query-input\":{\"@type\":\"PropertyValueSpecification\",\"valueRequired\":true,\"valueName\":\"search_term_string\"}}],\"inLanguage\":\"de\"},{\"@type\":\"Organization\",\"@id\":\"https:\\\/\\\/ecologa-europe.com\\\/shop\\\/#organization\",\"name\":\"Elektrosmog-Schutz Onlineshop\",\"url\":\"https:\\\/\\\/ecologa-europe.com\\\/shop\\\/\",\"logo\":{\"@type\":\"ImageObject\",\"inLanguage\":\"de\",\"@id\":\"https:\\\/\\\/ecologa-europe.com\\\/shop\\\/#\\\/schema\\\/logo\\\/image\\\/\",\"url\":\"https:\\\/\\\/ecologa-europe.com\\\/shop\\\/wp-content\\\/uploads\\\/2025\\\/04\\\/vertical-navbar-logo.svg\",\"contentUrl\":\"https:\\\/\\\/ecologa-europe.com\\\/shop\\\/wp-content\\\/uploads\\\/2025\\\/04\\\/vertical-navbar-logo.svg\",\"width\":182,\"height\":70,\"caption\":\"Elektrosmog-Schutz Onlineshop\"},\"image\":{\"@id\":\"https:\\\/\\\/ecologa-europe.com\\\/shop\\\/#\\\/schema\\\/logo\\\/image\\\/\"},\"sameAs\":[\"https:\\\/\\\/www.facebook.com\\\/Ecologa-Europe-GmbH-1604744566252298\\\/\",\"https:\\\/\\\/www.instagram.com\\\/ecologaeurope\\\/\"]}]}<\/script>\n<!-- \/ Yoast SEO plugin. -->","yoast_head_json":{"title":"Herren Abschirm-Beanie Arwen - Elektrosmog-Schutz Onlineshop","description":"Unsere Arwen M\u00fctze Arwen h\u00e4lt nicht nur unseren Kopf im Winter warm, sondern sch\u00fctzt uns auch sehr effektiv vor elektromagnetischen Strahlungen.","robots":{"index":"index","follow":"follow","max-snippet":"max-snippet:-1","max-image-preview":"max-image-preview:large","max-video-preview":"max-video-preview:-1"},"canonical":"https:\/\/ecologa-europe.com\/shop\/produkt\/herren-abschirm-beanie-arwen\/","og_locale":"de_DE","og_type":"article","og_title":"Herren Abschirm-Beanie Arwen - Elektrosmog-Schutz Onlineshop","og_description":"Unsere Arwen M\u00fctze Arwen h\u00e4lt nicht nur unseren Kopf im Winter warm, sondern sch\u00fctzt uns auch sehr effektiv vor elektromagnetischen Strahlungen.","og_url":"https:\/\/ecologa-europe.com\/shop\/produkt\/herren-abschirm-beanie-arwen\/","og_site_name":"Elektrosmog-Schutz Onlineshop","article_publisher":"https:\/\/www.facebook.com\/Ecologa-Europe-GmbH-1604744566252298\/","article_modified_time":"2026-02-01T12:29:18+00:00","og_image":[{"width":1800,"height":1300,"url":"https:\/\/ecologa-europe.com\/shop\/wp-content\/uploads\/2025\/04\/beanie_knit_2.jpg","type":"image\/jpeg"}],"twitter_card":"summary_large_image","twitter_misc":{"Gesch\u00e4tzte Lesezeit":"2\u00a0Minuten"},"schema":{"@context":"https:\/\/schema.org","@graph":[{"@type":"WebPage","@id":"https:\/\/ecologa-europe.com\/shop\/produkt\/herren-abschirm-beanie-arwen\/","url":"https:\/\/ecologa-europe.com\/shop\/produkt\/herren-abschirm-beanie-arwen\/","name":"Herren Abschirm-Beanie Arwen - Elektrosmog-Schutz Onlineshop","isPartOf":{"@id":"https:\/\/ecologa-europe.com\/shop\/#website"},"primaryImageOfPage":{"@id":"https:\/\/ecologa-europe.com\/shop\/produkt\/herren-abschirm-beanie-arwen\/#primaryimage"},"image":{"@id":"https:\/\/ecologa-europe.com\/shop\/produkt\/herren-abschirm-beanie-arwen\/#primaryimage"},"thumbnailUrl":"https:\/\/ecologa-europe.com\/shop\/wp-content\/uploads\/2025\/04\/beanie_knit_2.jpg","datePublished":"2025-05-16T10:26:27+00:00","dateModified":"2026-02-01T12:29:18+00:00","description":"Unsere Arwen M\u00fctze Arwen h\u00e4lt nicht nur unseren Kopf im Winter warm, sondern sch\u00fctzt uns auch sehr effektiv vor elektromagnetischen Strahlungen.","breadcrumb":{"@id":"https:\/\/ecologa-europe.com\/shop\/produkt\/herren-abschirm-beanie-arwen\/#breadcrumb"},"inLanguage":"de","potentialAction":[{"@type":"ReadAction","target":["https:\/\/ecologa-europe.com\/shop\/produkt\/herren-abschirm-beanie-arwen\/"]}]},{"@type":"ImageObject","inLanguage":"de","@id":"https:\/\/ecologa-europe.com\/shop\/produkt\/herren-abschirm-beanie-arwen\/#primaryimage","url":"https:\/\/ecologa-europe.com\/shop\/wp-content\/uploads\/2025\/04\/beanie_knit_2.jpg","contentUrl":"https:\/\/ecologa-europe.com\/shop\/wp-content\/uploads\/2025\/04\/beanie_knit_2.jpg","width":1800,"height":1300},{"@type":"BreadcrumbList","@id":"https:\/\/ecologa-europe.com\/shop\/produkt\/herren-abschirm-beanie-arwen\/#breadcrumb","itemListElement":[{"@type":"ListItem","position":1,"name":"Startseite","item":"https:\/\/ecologa-europe.com\/shop\/"},{"@type":"ListItem","position":2,"name":"Shop","item":"https:\/\/ecologa-europe.com\/shop\/shop\/"},{"@type":"ListItem","position":3,"name":"Herren Abschirm-Beanie Arwen"}]},{"@type":"WebSite","@id":"https:\/\/ecologa-europe.com\/shop\/#website","url":"https:\/\/ecologa-europe.com\/shop\/","name":"Elektrosmog-Schutz Onlineshop","description":"Ecologa Europe","publisher":{"@id":"https:\/\/ecologa-europe.com\/shop\/#organization"},"potentialAction":[{"@type":"SearchAction","target":{"@type":"EntryPoint","urlTemplate":"https:\/\/ecologa-europe.com\/shop\/?s={search_term_string}"},"query-input":{"@type":"PropertyValueSpecification","valueRequired":true,"valueName":"search_term_string"}}],"inLanguage":"de"},{"@type":"Organization","@id":"https:\/\/ecologa-europe.com\/shop\/#organization","name":"Elektrosmog-Schutz Onlineshop","url":"https:\/\/ecologa-europe.com\/shop\/","logo":{"@type":"ImageObject","inLanguage":"de","@id":"https:\/\/ecologa-europe.com\/shop\/#\/schema\/logo\/image\/","url":"https:\/\/ecologa-europe.com\/shop\/wp-content\/uploads\/2025\/04\/vertical-navbar-logo.svg","contentUrl":"https:\/\/ecologa-europe.com\/shop\/wp-content\/uploads\/2025\/04\/vertical-navbar-logo.svg","width":182,"height":70,"caption":"Elektrosmog-Schutz Onlineshop"},"image":{"@id":"https:\/\/ecologa-europe.com\/shop\/#\/schema\/logo\/image\/"},"sameAs":["https:\/\/www.facebook.com\/Ecologa-Europe-GmbH-1604744566252298\/","https:\/\/www.instagram.com\/ecologaeurope\/"]}]}},"_links":{"self":[{"href":"https:\/\/ecologa-europe.com\/shop\/wp-json\/wp\/v2\/product\/7732","targetHints":{"allow":["GET"]}}],"collection":[{"href":"https:\/\/ecologa-europe.com\/shop\/wp-json\/wp\/v2\/product"}],"about":[{"href":"https:\/\/ecologa-europe.com\/shop\/wp-json\/wp\/v2\/types\/product"}],"wp:featuredmedia":[{"embeddable":true,"href":"https:\/\/ecologa-europe.com\/shop\/wp-json\/wp\/v2\/media\/731"}],"wp:attachment":[{"href":"https:\/\/ecologa-europe.com\/shop\/wp-json\/wp\/v2\/media?parent=7732"}],"wp:term":[{"taxonomy":"product_brand","embeddable":true,"href":"https:\/\/ecologa-europe.com\/shop\/wp-json\/wp\/v2\/product_brand?post=7732"},{"taxonomy":"product_cat","embeddable":true,"href":"https:\/\/ecologa-europe.com\/shop\/wp-json\/wp\/v2\/product_cat?post=7732"},{"taxonomy":"product_tag","embeddable":true,"href":"https:\/\/ecologa-europe.com\/shop\/wp-json\/wp\/v2\/product_tag?post=7732"}],"curies":[{"name":"wp","href":"https:\/\/api.w.org\/{rel}","templated":true}]}}