{"id":7792,"date":"2025-05-16T10:27:17","date_gmt":"2025-05-16T10:27:17","guid":{"rendered":"https:\/\/639.pm-domains.de\/?post_type=product&#038;p=7792"},"modified":"2025-05-16T10:42:09","modified_gmt":"2025-05-16T10:42:09","slug":"cable-de-mise-a-la-terre-usb-notebook","status":"publish","type":"product","link":"https:\/\/ecologa-europe.com\/shop\/produkt\/cable-de-mise-a-la-terre-usb-notebook\/?lang=fr","title":{"rendered":"C\u00e2ble de mise \u00e0 la terre &#8211; USB &#8211; Notebook"},"content":{"rendered":"<p>C\u00e2ble de mise \u00e0 la terre 350 cm, avec anneau mont\u00e9 M4 \/ 2,5 mm\u00b2, fiche USB de type A ; \u00e0 raccorder \u00e0 la fiche de mise \u00e0 la terre de l&#8217;adaptateur Schuko sp\u00e9cial pour la prise murale.<br \/>\nPour un contact s\u00fbr avec les ordinateurs portables, les routeurs et autres appareils \u00e9quip\u00e9s d&#8217;une prise USB de type A.<\/p>\n<p>Possibilit\u00e9 de mettre \u00e0 la terre les parties m\u00e9talliques conductrices d&#8217;\u00e9lectricit\u00e9 des \u00e9quipements de bureau gr\u00e2ce \u00e0 un syst\u00e8me de connexion \u00e0 la terre sp\u00e9cialement con\u00e7u.<\/p>\n<p>Les \u00e9crans d&#8217;ordinateur sont achet\u00e9s conform\u00e9ment \u00e0 la norme TCO internationalement reconnue pour les postes de travail sur \u00e9cran, afin de r\u00e9duire au maximum l&#8217;exposition aux rayonnements.<br \/>\nSi l&#8217;on mesure les charges de champ r\u00e9ellement pr\u00e9sentes sur et autour d&#8217;un bureau ou d&#8217;un poste de travail, la valeur limite pour les champs \u00e9lectriques alternatifs (EWF), qui devrait \u00eatre inf\u00e9rieure \u00e0 10 V\/m selon la norme TCO, est souvent nettement, voire tr\u00e8s nettement d\u00e9pass\u00e9e. Cela est d\u00fb aux c\u00e2bles de raccordement au r\u00e9seau, aux rallonges, aux prises multiples et aux lampes de bureau n\u00e9cessaires pour les appareils du poste de travail de bureau.<\/p>\n<p>En cas d&#8217;utilisation de c\u00e2bles de mise \u00e0 la terre blind\u00e9s, l&#8217;exp\u00e9rience montre que (selon la m\u00e9thode de mesure) la valeur des champs \u00e9lectriques alternatifs sur les ordinateurs portables est r\u00e9duite dans la plupart des cas de 50 &#8211; 300 V\/m \u00e0 1 &#8211; 6 V\/m. <strong>Les fiches de contact de protection ne conduisent que le contact de terre, pas la tension du r\u00e9seau ou les donn\u00e9es !<\/strong><br \/>\nLa condition pr\u00e9alable \u00e0 la d\u00e9rivation des champs alternatifs est le bon fonctionnement de l&#8217;installation \u00e9lectrique existante et de la liaison \u00e9quipotentielle de protection.<\/p>\n<p>IMPORTANT !<br \/>\nATTENTION : L&#8217;installation n\u00e9cessaire doit imp\u00e9rativement \u00eatre pr\u00e9vue par un \u00e9lectricien sp\u00e9cialis\u00e9. Un disjoncteur de protection \u00e0 courant de d\u00e9faut (FI, RCD \u2264 30mA) doit \u00eatre pr\u00e9sent dans le circuit \u00e9lectrique. Cet appareil fait partie de l&#8217;\u00e9quipement standard de toute installation \u00e9lectrique et, s&#8217;il n&#8217;est pas disponible, votre \u00e9lectricien vous l&#8217;installera.<br \/>\nTous les travaux \u00e9lectriques (travaux sur les appareils et installations \u00e9lectriques) doivent \u00eatre effectu\u00e9s et contr\u00f4l\u00e9s par un \u00e9lectricien qualifi\u00e9 ou sous sa direction et sa surveillance !<\/p>\n<p>N&#8217;utilisez votre c\u00e2ble que dans des locaux int\u00e9rieurs secs et \u00e0 temp\u00e9rature normale.<br \/>\nPas d&#8217;utilisation en ext\u00e9rieur !<\/p>\n<p>Couleur : transparent<br \/>\nLongueur : 350 cm<br \/>\nSection : 2,5 mm<\/p>\n","protected":false},"excerpt":{"rendered":"<p>Mise \u00e0 la terre du port USB d&#8217;un ordinateur portable par une fiche de mise \u00e0 la terre au moyen d&#8217;un c\u00e2ble de mise \u00e0 la terre (ESR-USB) avec anneau, fiche USB-A et adaptateur USB-C en combinaison avec une fiche de mise \u00e0 la terre sp\u00e9ciale pour la prise murale.<\/p>\n<ul>\n<li>Pour une mise \u00e0 la terre s\u00fbre des appareils \u00e0 contact \u00e9lectrique avec prise USB type A<\/li>\n<li>Se visse facilement sur le connecteur de mise \u00e0 la terre de l&#8217;adaptateur de prise de terre ESR-SA<\/li>\n<li>C\u00e2ble transparent 2,5 mm\u00b2 &#8211; 350 cm &#8211; 1 x anneau M4 \/ 2,5 mm\u00b2 &#8211; 1 x connecteur USB Type<\/li>\n<\/ul>\n<p>L&#8217;exp\u00e9rience montre que (selon la m\u00e9thode de mesure) la valeur des champs \u00e9lectriques alternatifs sur les ordinateurs portables est r\u00e9duite de 50 &#8211; 300 V\/m \u00e0 1 &#8211; 6 V\/m dans la plupart des cas.<\/p>\n","protected":false},"featured_media":1855,"template":"","meta":{"inline_featured_image":false,"site-sidebar-layout":"default","site-content-layout":"","ast-site-content-layout":"default","site-content-style":"default","site-sidebar-style":"default","ast-global-header-display":"","ast-banner-title-visibility":"","ast-main-header-display":"","ast-hfb-above-header-display":"","ast-hfb-below-header-display":"","ast-hfb-mobile-header-display":"","site-post-title":"","ast-breadcrumbs-content":"","ast-featured-img":"","footer-sml-layout":"","ast-disable-related-posts":"","theme-transparent-header-meta":"default","adv-header-id-meta":"","stick-header-meta":"","header-above-stick-meta":"","header-main-stick-meta":"","header-below-stick-meta":"","astra-migrate-meta-layouts":"default","ast-page-background-enabled":"default","ast-page-background-meta":{"desktop":{"background-color":"var(--ast-global-color-5)","background-image":"","background-repeat":"repeat","background-position":"center center","background-size":"auto","background-attachment":"scroll","background-type":"","background-media":"","overlay-type":"","overlay-color":"","overlay-opacity":"","overlay-gradient":""},"tablet":{"background-color":"","background-image":"","background-repeat":"repeat","background-position":"center center","background-size":"auto","background-attachment":"scroll","background-type":"","background-media":"","overlay-type":"","overlay-color":"","overlay-opacity":"","overlay-gradient":""},"mobile":{"background-color":"","background-image":"","background-repeat":"repeat","background-position":"center center","background-size":"auto","background-attachment":"scroll","background-type":"","background-media":"","overlay-type":"","overlay-color":"","overlay-opacity":"","overlay-gradient":""}},"ast-content-background-meta":{"desktop":{"background-color":"var(--ast-global-color-4)","background-image":"","background-repeat":"repeat","background-position":"center center","background-size":"auto","background-attachment":"scroll","background-type":"","background-media":"","overlay-type":"","overlay-color":"","overlay-opacity":"","overlay-gradient":""},"tablet":{"background-color":"var(--ast-global-color-4)","background-image":"","background-repeat":"repeat","background-position":"center center","background-size":"auto","background-attachment":"scroll","background-type":"","background-media":"","overlay-type":"","overlay-color":"","overlay-opacity":"","overlay-gradient":""},"mobile":{"background-color":"var(--ast-global-color-4)","background-image":"","background-repeat":"repeat","background-position":"center center","background-size":"auto","background-attachment":"scroll","background-type":"","background-media":"","overlay-type":"","overlay-color":"","overlay-opacity":"","overlay-gradient":""}}},"product_brand":[],"product_cat":[280],"product_tag":[283,439,225],"class_list":{"0":"post-7792","1":"product","2":"type-product","3":"status-publish","4":"has-post-thumbnail","6":"product_cat-accessoires-de-mise-a-terre","7":"product_tag-mise-a-la-terre","8":"product_tag-mise-a-la-terre-pour-laptops","9":"product_tag-protection-electrosmog","10":"product_shipping_class-standardversand","11":"desktop-align-left","12":"tablet-align-left","13":"mobile-align-left","15":"first","16":"instock","17":"taxable","18":"shipping-taxable","19":"purchasable","20":"product-type-simple"},"yoast_head":"<!-- This site is optimized with the Yoast SEO plugin v27.3 - https:\/\/yoast.com\/product\/yoast-seo-wordpress\/ -->\n<title>C\u00e2ble de mise \u00e0 la terre - USB - Notebook - Elektrosmog-Schutz Onlineshop<\/title>\n<meta name=\"description\" content=\"Mesures de blindage et de mise \u00e0 la terre pour r\u00e9duire les champs \u00e9lectriques alternatifs (EWF) \u00e0 proximit\u00e9 du bureau et du poste de travail.\" \/>\n<meta name=\"robots\" content=\"index, follow, max-snippet:-1, max-image-preview:large, max-video-preview:-1\" \/>\n<link rel=\"canonical\" href=\"https:\/\/ecologa-europe.com\/shop\/produkt\/cable-de-mise-a-la-terre-usb-notebook\/\" \/>\n<meta property=\"og:locale\" content=\"de_DE\" \/>\n<meta property=\"og:type\" content=\"article\" \/>\n<meta property=\"og:title\" content=\"C\u00e2ble de mise \u00e0 la terre - USB - Notebook - Elektrosmog-Schutz Onlineshop\" \/>\n<meta property=\"og:description\" content=\"Mesures de blindage et de mise \u00e0 la terre pour r\u00e9duire les champs \u00e9lectriques alternatifs (EWF) \u00e0 proximit\u00e9 du bureau et du poste de travail.\" \/>\n<meta property=\"og:url\" content=\"https:\/\/ecologa-europe.com\/shop\/produkt\/cable-de-mise-a-la-terre-usb-notebook\/?lang=fr\" \/>\n<meta property=\"og:site_name\" content=\"Elektrosmog-Schutz Onlineshop\" \/>\n<meta property=\"article:publisher\" content=\"https:\/\/www.facebook.com\/Ecologa-Europe-GmbH-1604744566252298\/\" \/>\n<meta property=\"article:modified_time\" content=\"2025-05-16T10:42:09+00:00\" \/>\n<meta property=\"og:image\" content=\"https:\/\/ecologa-europe.com\/shop\/wp-content\/uploads\/2025\/04\/erdungskabel_USB_2JPG.jpg\" \/>\n\t<meta property=\"og:image:width\" content=\"568\" \/>\n\t<meta property=\"og:image:height\" content=\"525\" \/>\n\t<meta property=\"og:image:type\" content=\"image\/jpeg\" \/>\n<meta name=\"twitter:card\" content=\"summary_large_image\" \/>\n<meta name=\"twitter:label1\" content=\"Gesch\u00e4tzte Lesezeit\" \/>\n\t<meta name=\"twitter:data1\" content=\"2\u00a0Minuten\" \/>\n<script type=\"application\/ld+json\" class=\"yoast-schema-graph\">{\"@context\":\"https:\\\/\\\/schema.org\",\"@graph\":[{\"@type\":\"WebPage\",\"@id\":\"https:\\\/\\\/ecologa-europe.com\\\/shop\\\/produkt\\\/cable-de-mise-a-la-terre-usb-notebook\\\/?lang=fr\",\"url\":\"https:\\\/\\\/ecologa-europe.com\\\/shop\\\/produkt\\\/cable-de-mise-a-la-terre-usb-notebook\\\/?lang=fr\",\"name\":\"C\u00e2ble de mise \u00e0 la terre - USB - Notebook - Elektrosmog-Schutz Onlineshop\",\"isPartOf\":{\"@id\":\"https:\\\/\\\/ecologa-europe.com\\\/shop\\\/#website\"},\"primaryImageOfPage\":{\"@id\":\"https:\\\/\\\/ecologa-europe.com\\\/shop\\\/produkt\\\/cable-de-mise-a-la-terre-usb-notebook\\\/?lang=fr#primaryimage\"},\"image\":{\"@id\":\"https:\\\/\\\/ecologa-europe.com\\\/shop\\\/produkt\\\/cable-de-mise-a-la-terre-usb-notebook\\\/?lang=fr#primaryimage\"},\"thumbnailUrl\":\"https:\\\/\\\/ecologa-europe.com\\\/shop\\\/wp-content\\\/uploads\\\/2025\\\/04\\\/erdungskabel_USB_2JPG.jpg\",\"datePublished\":\"2025-05-16T10:27:17+00:00\",\"dateModified\":\"2025-05-16T10:42:09+00:00\",\"description\":\"Mesures de blindage et de mise \u00e0 la terre pour r\u00e9duire les champs \u00e9lectriques alternatifs (EWF) \u00e0 proximit\u00e9 du bureau et du poste de travail.\",\"breadcrumb\":{\"@id\":\"https:\\\/\\\/ecologa-europe.com\\\/shop\\\/produkt\\\/cable-de-mise-a-la-terre-usb-notebook\\\/?lang=fr#breadcrumb\"},\"inLanguage\":\"de\",\"potentialAction\":[{\"@type\":\"ReadAction\",\"target\":[\"https:\\\/\\\/ecologa-europe.com\\\/shop\\\/produkt\\\/cable-de-mise-a-la-terre-usb-notebook\\\/?lang=fr\"]}]},{\"@type\":\"ImageObject\",\"inLanguage\":\"de\",\"@id\":\"https:\\\/\\\/ecologa-europe.com\\\/shop\\\/produkt\\\/cable-de-mise-a-la-terre-usb-notebook\\\/?lang=fr#primaryimage\",\"url\":\"https:\\\/\\\/ecologa-europe.com\\\/shop\\\/wp-content\\\/uploads\\\/2025\\\/04\\\/erdungskabel_USB_2JPG.jpg\",\"contentUrl\":\"https:\\\/\\\/ecologa-europe.com\\\/shop\\\/wp-content\\\/uploads\\\/2025\\\/04\\\/erdungskabel_USB_2JPG.jpg\",\"width\":568,\"height\":525},{\"@type\":\"BreadcrumbList\",\"@id\":\"https:\\\/\\\/ecologa-europe.com\\\/shop\\\/produkt\\\/cable-de-mise-a-la-terre-usb-notebook\\\/?lang=fr#breadcrumb\",\"itemListElement\":[{\"@type\":\"ListItem\",\"position\":1,\"name\":\"Startseite\",\"item\":\"https:\\\/\\\/ecologa-europe.com\\\/shop\\\/\"},{\"@type\":\"ListItem\",\"position\":2,\"name\":\"Shop\",\"item\":\"https:\\\/\\\/ecologa-europe.com\\\/shop\\\/shop\\\/\"},{\"@type\":\"ListItem\",\"position\":3,\"name\":\"C\u00e2ble de mise \u00e0 la terre &#8211; USB &#8211; Notebook\"}]},{\"@type\":\"WebSite\",\"@id\":\"https:\\\/\\\/ecologa-europe.com\\\/shop\\\/#website\",\"url\":\"https:\\\/\\\/ecologa-europe.com\\\/shop\\\/\",\"name\":\"Elektrosmog-Schutz Onlineshop\",\"description\":\"Ecologa Europe\",\"publisher\":{\"@id\":\"https:\\\/\\\/ecologa-europe.com\\\/shop\\\/#organization\"},\"potentialAction\":[{\"@type\":\"SearchAction\",\"target\":{\"@type\":\"EntryPoint\",\"urlTemplate\":\"https:\\\/\\\/ecologa-europe.com\\\/shop\\\/?s={search_term_string}\"},\"query-input\":{\"@type\":\"PropertyValueSpecification\",\"valueRequired\":true,\"valueName\":\"search_term_string\"}}],\"inLanguage\":\"de\"},{\"@type\":\"Organization\",\"@id\":\"https:\\\/\\\/ecologa-europe.com\\\/shop\\\/#organization\",\"name\":\"Elektrosmog-Schutz Onlineshop\",\"url\":\"https:\\\/\\\/ecologa-europe.com\\\/shop\\\/\",\"logo\":{\"@type\":\"ImageObject\",\"inLanguage\":\"de\",\"@id\":\"https:\\\/\\\/ecologa-europe.com\\\/shop\\\/#\\\/schema\\\/logo\\\/image\\\/\",\"url\":\"https:\\\/\\\/ecologa-europe.com\\\/shop\\\/wp-content\\\/uploads\\\/2025\\\/04\\\/vertical-navbar-logo.svg\",\"contentUrl\":\"https:\\\/\\\/ecologa-europe.com\\\/shop\\\/wp-content\\\/uploads\\\/2025\\\/04\\\/vertical-navbar-logo.svg\",\"width\":182,\"height\":70,\"caption\":\"Elektrosmog-Schutz Onlineshop\"},\"image\":{\"@id\":\"https:\\\/\\\/ecologa-europe.com\\\/shop\\\/#\\\/schema\\\/logo\\\/image\\\/\"},\"sameAs\":[\"https:\\\/\\\/www.facebook.com\\\/Ecologa-Europe-GmbH-1604744566252298\\\/\",\"https:\\\/\\\/www.instagram.com\\\/ecologaeurope\\\/\"]}]}<\/script>\n<!-- \/ Yoast SEO plugin. -->","yoast_head_json":{"title":"C\u00e2ble de mise \u00e0 la terre - USB - Notebook - Elektrosmog-Schutz Onlineshop","description":"Mesures de blindage et de mise \u00e0 la terre pour r\u00e9duire les champs \u00e9lectriques alternatifs (EWF) \u00e0 proximit\u00e9 du bureau et du poste de travail.","robots":{"index":"index","follow":"follow","max-snippet":"max-snippet:-1","max-image-preview":"max-image-preview:large","max-video-preview":"max-video-preview:-1"},"canonical":"https:\/\/ecologa-europe.com\/shop\/produkt\/cable-de-mise-a-la-terre-usb-notebook\/","og_locale":"de_DE","og_type":"article","og_title":"C\u00e2ble de mise \u00e0 la terre - USB - Notebook - Elektrosmog-Schutz Onlineshop","og_description":"Mesures de blindage et de mise \u00e0 la terre pour r\u00e9duire les champs \u00e9lectriques alternatifs (EWF) \u00e0 proximit\u00e9 du bureau et du poste de travail.","og_url":"https:\/\/ecologa-europe.com\/shop\/produkt\/cable-de-mise-a-la-terre-usb-notebook\/?lang=fr","og_site_name":"Elektrosmog-Schutz Onlineshop","article_publisher":"https:\/\/www.facebook.com\/Ecologa-Europe-GmbH-1604744566252298\/","article_modified_time":"2025-05-16T10:42:09+00:00","og_image":[{"width":568,"height":525,"url":"https:\/\/ecologa-europe.com\/shop\/wp-content\/uploads\/2025\/04\/erdungskabel_USB_2JPG.jpg","type":"image\/jpeg"}],"twitter_card":"summary_large_image","twitter_misc":{"Gesch\u00e4tzte Lesezeit":"2\u00a0Minuten"},"schema":{"@context":"https:\/\/schema.org","@graph":[{"@type":"WebPage","@id":"https:\/\/ecologa-europe.com\/shop\/produkt\/cable-de-mise-a-la-terre-usb-notebook\/?lang=fr","url":"https:\/\/ecologa-europe.com\/shop\/produkt\/cable-de-mise-a-la-terre-usb-notebook\/?lang=fr","name":"C\u00e2ble de mise \u00e0 la terre - USB - Notebook - Elektrosmog-Schutz Onlineshop","isPartOf":{"@id":"https:\/\/ecologa-europe.com\/shop\/#website"},"primaryImageOfPage":{"@id":"https:\/\/ecologa-europe.com\/shop\/produkt\/cable-de-mise-a-la-terre-usb-notebook\/?lang=fr#primaryimage"},"image":{"@id":"https:\/\/ecologa-europe.com\/shop\/produkt\/cable-de-mise-a-la-terre-usb-notebook\/?lang=fr#primaryimage"},"thumbnailUrl":"https:\/\/ecologa-europe.com\/shop\/wp-content\/uploads\/2025\/04\/erdungskabel_USB_2JPG.jpg","datePublished":"2025-05-16T10:27:17+00:00","dateModified":"2025-05-16T10:42:09+00:00","description":"Mesures de blindage et de mise \u00e0 la terre pour r\u00e9duire les champs \u00e9lectriques alternatifs (EWF) \u00e0 proximit\u00e9 du bureau et du poste de travail.","breadcrumb":{"@id":"https:\/\/ecologa-europe.com\/shop\/produkt\/cable-de-mise-a-la-terre-usb-notebook\/?lang=fr#breadcrumb"},"inLanguage":"de","potentialAction":[{"@type":"ReadAction","target":["https:\/\/ecologa-europe.com\/shop\/produkt\/cable-de-mise-a-la-terre-usb-notebook\/?lang=fr"]}]},{"@type":"ImageObject","inLanguage":"de","@id":"https:\/\/ecologa-europe.com\/shop\/produkt\/cable-de-mise-a-la-terre-usb-notebook\/?lang=fr#primaryimage","url":"https:\/\/ecologa-europe.com\/shop\/wp-content\/uploads\/2025\/04\/erdungskabel_USB_2JPG.jpg","contentUrl":"https:\/\/ecologa-europe.com\/shop\/wp-content\/uploads\/2025\/04\/erdungskabel_USB_2JPG.jpg","width":568,"height":525},{"@type":"BreadcrumbList","@id":"https:\/\/ecologa-europe.com\/shop\/produkt\/cable-de-mise-a-la-terre-usb-notebook\/?lang=fr#breadcrumb","itemListElement":[{"@type":"ListItem","position":1,"name":"Startseite","item":"https:\/\/ecologa-europe.com\/shop\/"},{"@type":"ListItem","position":2,"name":"Shop","item":"https:\/\/ecologa-europe.com\/shop\/shop\/"},{"@type":"ListItem","position":3,"name":"C\u00e2ble de mise \u00e0 la terre &#8211; USB &#8211; Notebook"}]},{"@type":"WebSite","@id":"https:\/\/ecologa-europe.com\/shop\/#website","url":"https:\/\/ecologa-europe.com\/shop\/","name":"Elektrosmog-Schutz Onlineshop","description":"Ecologa Europe","publisher":{"@id":"https:\/\/ecologa-europe.com\/shop\/#organization"},"potentialAction":[{"@type":"SearchAction","target":{"@type":"EntryPoint","urlTemplate":"https:\/\/ecologa-europe.com\/shop\/?s={search_term_string}"},"query-input":{"@type":"PropertyValueSpecification","valueRequired":true,"valueName":"search_term_string"}}],"inLanguage":"de"},{"@type":"Organization","@id":"https:\/\/ecologa-europe.com\/shop\/#organization","name":"Elektrosmog-Schutz Onlineshop","url":"https:\/\/ecologa-europe.com\/shop\/","logo":{"@type":"ImageObject","inLanguage":"de","@id":"https:\/\/ecologa-europe.com\/shop\/#\/schema\/logo\/image\/","url":"https:\/\/ecologa-europe.com\/shop\/wp-content\/uploads\/2025\/04\/vertical-navbar-logo.svg","contentUrl":"https:\/\/ecologa-europe.com\/shop\/wp-content\/uploads\/2025\/04\/vertical-navbar-logo.svg","width":182,"height":70,"caption":"Elektrosmog-Schutz Onlineshop"},"image":{"@id":"https:\/\/ecologa-europe.com\/shop\/#\/schema\/logo\/image\/"},"sameAs":["https:\/\/www.facebook.com\/Ecologa-Europe-GmbH-1604744566252298\/","https:\/\/www.instagram.com\/ecologaeurope\/"]}]}},"_links":{"self":[{"href":"https:\/\/ecologa-europe.com\/shop\/wp-json\/wp\/v2\/product\/7792","targetHints":{"allow":["GET"]}}],"collection":[{"href":"https:\/\/ecologa-europe.com\/shop\/wp-json\/wp\/v2\/product"}],"about":[{"href":"https:\/\/ecologa-europe.com\/shop\/wp-json\/wp\/v2\/types\/product"}],"wp:featuredmedia":[{"embeddable":true,"href":"https:\/\/ecologa-europe.com\/shop\/wp-json\/wp\/v2\/media\/1855"}],"wp:attachment":[{"href":"https:\/\/ecologa-europe.com\/shop\/wp-json\/wp\/v2\/media?parent=7792"}],"wp:term":[{"taxonomy":"product_brand","embeddable":true,"href":"https:\/\/ecologa-europe.com\/shop\/wp-json\/wp\/v2\/product_brand?post=7792"},{"taxonomy":"product_cat","embeddable":true,"href":"https:\/\/ecologa-europe.com\/shop\/wp-json\/wp\/v2\/product_cat?post=7792"},{"taxonomy":"product_tag","embeddable":true,"href":"https:\/\/ecologa-europe.com\/shop\/wp-json\/wp\/v2\/product_tag?post=7792"}],"curies":[{"name":"wp","href":"https:\/\/api.w.org\/{rel}","templated":true}]}}